{"id":13,"date":"2019-05-15T22:55:56","date_gmt":"2019-05-15T20:55:56","guid":{"rendered":"https:\/\/pb.edu.pl\/znp\/?page_id=13"},"modified":"2025-10-12T18:25:39","modified_gmt":"2025-10-12T16:25:39","slug":"aktualnosci","status":"publish","type":"page","link":"https:\/\/pb.edu.pl\/znp\/aktualnosci\/","title":{"rendered":"Aktualno\u015bci"},"content":{"rendered":"\t\t<div class=\"box news-box \">\n\t\t<div class=\"row\">\n\t\t\t\n\t\t\t\n\t\t\t\t\n\t\t\t\t\t\t\t\t\t\t<div class=\"col-sm-3\">\n\t\t\t\t\t\t\t\n<article class=\"format-standard\">\n    <span class=\"date text-right\"><i class=\"fal fa-calendar-alt\"><\/i> 09-03-2026<\/span>\n    <a href=\"https:\/\/pb.edu.pl\/znp\/2026\/03\/09\/swiadczenia-statutowe-w-2026-roku\/\">\n      <div class=\"article-image\">\n              <\/div>\n      <h3>\u015awiadczenia statutowe w 2026 roku<\/h3>\n      Zgodnie z art. 10.1 pkt.9 Statutu ZNP cz\u0142onkowie zawi\u0105zku, maj\u0105 prawo    <\/a>\n<\/article>\t\t\t\t\t\t<\/div>\n\t\t\t\t\t\t\t\t\t\t\t<div class=\"col-sm-3\">\n\t\t\t\t\t\t\t\n<article class=\"format-standard\">\n    <span class=\"date text-right\"><i class=\"fal fa-calendar-alt\"><\/i> 12-02-2025<\/span>\n    <a href=\"https:\/\/pb.edu.pl\/znp\/2025\/02\/12\/swiadczenia-statutowe-w-2025r\/\">\n      <div class=\"article-image\">\n              <\/div>\n      <h3>\u015awiadczenia statutowe w 2025r.<\/h3>\n      Zgodnie z Uchwa\u0142\u0105 nr 03\/2025&nbsp; z dnia 11.02.2025 r. Rady Zwi\u0105zku    <\/a>\n<\/article>\t\t\t\t\t\t<\/div>\n\t\t\t\t\t\t\t\t\t\t\t<div class=\"col-sm-3\">\n\t\t\t\t\t\t\t\n<article class=\"format-standard\">\n    <span class=\"date text-right\"><i class=\"fal fa-calendar-alt\"><\/i> 04-07-2024<\/span>\n    <a href=\"https:\/\/pb.edu.pl\/znp\/2024\/07\/04\/konferencja-sprawozdawczo-wyborcza-delegatow-znp-w-politechnice-bialostockiej\/\">\n      <div class=\"article-image\">\n              <\/div>\n      <h3>Konferencja Sprawozdawczo &#8211; Wyborcza Delegat\u00f3w ZNP w Politechnice Bia\u0142ostockiej<\/h3>\n      W dniu 12 czerwca 2024r. w budynku Rektoratu odby\u0142a si\u0119 Konferencja    <\/a>\n<\/article>\t\t\t\t\t\t<\/div>\n\t\t\t\t\t\t\t\t\t\t\t<div class=\"col-sm-3\">\n\t\t\t\t\t\t\t\n<article class=\"format-standard\">\n    <span class=\"date text-right\"><i class=\"fal fa-calendar-alt\"><\/i> 29-02-2024<\/span>\n    <a href=\"https:\/\/pb.edu.pl\/znp\/2024\/02\/29\/169\/\">\n      <div class=\"article-image\">\n              <\/div>\n      <h3>\u015aWIADCZENIA STATUTOWE ZNP w 2024\u00a0 r.<\/h3>\n      Zgodnie z Uchwa\u0142\u0105 nr 05\/2024&nbsp; z dnia 21.02.2024 r.&nbsp;oraz Uchwa\u0142\u0105 nr    <\/a>\n<\/article>\t\t\t\t\t\t<\/div>\n\t\t\t\t\t\t\t\t\t\t\t<div class=\"col-sm-3\">\n\t\t\t\t\t\t\t\n<article class=\"format-standard\">\n    <span class=\"date text-right\"><i class=\"fal fa-calendar-alt\"><\/i> 06-04-2023<\/span>\n    <a href=\"https:\/\/pb.edu.pl\/znp\/2023\/04\/06\/152\/\">\n      <div class=\"article-image\">\n              <\/div>\n      <h3>\u015aWIADCZENIA STATUTOWE ZNP W 2023 r.<\/h3>\n      \u015aWIADCZENIA STATUTOWE ZNP W 2023 r. Uchwalone na posiedzeniu Rady ZNP    <\/a>\n<\/article>\t\t\t\t\t\t<\/div>\n\t\t\t\t\t\t\t\t\t\t\t<div class=\"col-sm-3\">\n\t\t\t\t\t\t\t\n<article class=\"format-standard\">\n    <span class=\"date text-right\"><i class=\"fal fa-calendar-alt\"><\/i> 21-02-2022<\/span>\n    <a href=\"https:\/\/pb.edu.pl\/znp\/2022\/02\/21\/145\/\">\n      <div class=\"article-image\">\n              <\/div>\n      <h3>\u015aWIADCZENIA STATUTOWE ZNP W 2022 r.<\/h3>\n      \u015aWIADCZENIA STATUTOWE ZNP W 2022 r. I. ZAPOMOGI STATUTOWE A \/&nbsp;&nbsp;    <\/a>\n<\/article>\t\t\t\t\t\t<\/div>\n\t\t\t\t\t\t\t\t\t\t\t<div class=\"col-sm-3\">\n\t\t\t\t\t\t\t\n<article class=\"format-standard\">\n    <span class=\"date text-right\"><i class=\"fal fa-calendar-alt\"><\/i> 13-04-2021<\/span>\n    <a href=\"https:\/\/pb.edu.pl\/znp\/2021\/04\/13\/swiadczenia-statutowe-w-2021-r\/\">\n      <div class=\"article-image\">\n              <\/div>\n      <h3>\u015awiadczenia statutowe w 2021 r.<\/h3>\n      \u015aWIADCZENIA STATUTOWE ZNP W 2021 r. I. ZAPOMOGI STATUTOWE A \/&nbsp;&nbsp;    <\/a>\n<\/article>\t\t\t\t\t\t<\/div>\n\t\t\t\t\t\t\t\t\t\t\t<div class=\"col-sm-3\">\n\t\t\t\t\t\t\t\n<article class=\"format-standard\">\n    <span class=\"date text-right\"><i class=\"fal fa-calendar-alt\"><\/i> 21-01-2020<\/span>\n    <a href=\"https:\/\/pb.edu.pl\/znp\/2020\/01\/21\/swiadczenia-statutowe-w-2020-r\/\">\n      <div class=\"article-image\">\n              <\/div>\n      <h3>\u015awiadczenia statutowe w 2020 r.<\/h3>\n      \u015aWIADCZENIA STATUTOWE ZNP W 2020 r. I. ZAPOMOGI STATUTOWE A \/&nbsp;&nbsp;    <\/a>\n<\/article>\t\t\t\t\t\t<\/div>\n\t\t\t\t\t\n\t\t\t\t\n\t\t\t\t\t<\/div>\n\t\t\n\t<nav class=\"navigation pagination\" aria-label=\"Stronicowanie wpis\u00f3w\">\n\t\t<h2 class=\"screen-reader-text\">Stronicowanie wpis\u00f3w<\/h2>\n\t\t<div class=\"nav-links\"><span aria-current=\"page\" class=\"page-numbers current\">1<\/span>\n<a class=\"page-numbers\" href=\"https:\/\/pb.edu.pl\/znp\/wp-json\/wp\/v2\/pages\/13\/page\/2\/\">2<\/a>\n<a class=\"next page-numbers\" href=\"https:\/\/pb.edu.pl\/znp\/wp-json\/wp\/v2\/pages\/13\/page\/2\/\">Nast\u0119pne<\/a><\/div>\n\t<\/nav>\t\t\t<\/div>\n\n","protected":false},"excerpt":{"rendered":"","protected":false},"author":2,"featured_media":0,"parent":0,"menu_order":1,"comment_status":"closed","ping_status":"closed","template":"","meta":{"_acf_changed":false,"ngg_post_thumbnail":0,"footnotes":""},"class_list":["post-13","page","type-page","status-publish","hentry"],"acf":[],"_links":{"self":[{"href":"https:\/\/pb.edu.pl\/znp\/wp-json\/wp\/v2\/pages\/13","targetHints":{"allow":["GET"]}}],"collection":[{"href":"https:\/\/pb.edu.pl\/znp\/wp-json\/wp\/v2\/pages"}],"about":[{"href":"https:\/\/pb.edu.pl\/znp\/wp-json\/wp\/v2\/types\/page"}],"author":[{"embeddable":true,"href":"https:\/\/pb.edu.pl\/znp\/wp-json\/wp\/v2\/users\/2"}],"replies":[{"embeddable":true,"href":"https:\/\/pb.edu.pl\/znp\/wp-json\/wp\/v2\/comments?post=13"}],"version-history":[{"count":0,"href":"https:\/\/pb.edu.pl\/znp\/wp-json\/wp\/v2\/pages\/13\/revisions"}],"wp:attachment":[{"href":"https:\/\/pb.edu.pl\/znp\/wp-json\/wp\/v2\/media?parent=13"}],"curies":[{"name":"wp","href":"https:\/\/api.w.org\/{rel}","templated":true}]}}