{"id":78,"date":"2020-03-05T10:04:26","date_gmt":"2020-03-05T09:04:26","guid":{"rendered":"https:\/\/pb.edu.pl\/zireg\/?page_id=78"},"modified":"2020-12-30T20:27:56","modified_gmt":"2020-12-30T19:27:56","slug":"harmonogramy-wsparcia-fmi","status":"publish","type":"page","link":"https:\/\/pb.edu.pl\/zireg\/harmonogramy\/harmonogramy-wsparcia\/harmonogram-wsparcia-studentow\/harmonogramy-wsparcia-fmi\/","title":{"rendered":"Harmonogramy wsparcia Fabryka M\u0142odego In\u017cyniera"},"content":{"rendered":"<p><img loading=\"lazy\" decoding=\"async\" class=\"alignnone wp-image-42 size-full\" src=\"https:\/\/pb.edu.pl\/zireg\/wp-content\/uploads\/sites\/43\/2020\/03\/FE_POWER_poziom_pl-1_rgb-scaled.jpg\" alt=\"Z lewej strony logotyp Programu Operacyjnego Wiedza Edukacja Rozw\u00f3j, z prawej strony logo Unii Europejskiej oraz napis Unia Europejska Europejski Funduszu Spo\u0142eczny. Na \u015brodku bia\u0142o-czerwona flaga Polski z napisem Rzeczypospolita Polska\" width=\"2560\" height=\"329\" srcset=\"https:\/\/pb.edu.pl\/zireg\/wp-content\/uploads\/sites\/43\/2020\/03\/FE_POWER_poziom_pl-1_rgb-scaled.jpg 2560w, https:\/\/pb.edu.pl\/zireg\/wp-content\/uploads\/sites\/43\/2020\/03\/FE_POWER_poziom_pl-1_rgb-300x39.jpg 300w, https:\/\/pb.edu.pl\/zireg\/wp-content\/uploads\/sites\/43\/2020\/03\/FE_POWER_poziom_pl-1_rgb-1024x132.jpg 1024w, https:\/\/pb.edu.pl\/zireg\/wp-content\/uploads\/sites\/43\/2020\/03\/FE_POWER_poziom_pl-1_rgb-768x99.jpg 768w, https:\/\/pb.edu.pl\/zireg\/wp-content\/uploads\/sites\/43\/2020\/03\/FE_POWER_poziom_pl-1_rgb-1536x197.jpg 1536w, https:\/\/pb.edu.pl\/zireg\/wp-content\/uploads\/sites\/43\/2020\/03\/FE_POWER_poziom_pl-1_rgb-2048x263.jpg 2048w\" sizes=\"auto, (max-width: 2560px) 100vw, 2560px\" \/><\/p>\n<p>Harmonogram wsparcia zostanie uzupe\u0142niony po uruchomieniu zaj\u0119\u0107.<\/p>\n","protected":false},"excerpt":{"rendered":"<p>Harmonogram wsparcia zostanie uzupe\u0142niony po uruchomieniu zaj\u0119\u0107.<\/p>\n","protected":false},"author":33,"featured_media":0,"parent":74,"menu_order":0,"comment_status":"closed","ping_status":"closed","template":"","meta":{"_acf_changed":false,"ngg_post_thumbnail":0,"footnotes":""},"class_list":["post-78","page","type-page","status-publish","hentry"],"acf":[],"_links":{"self":[{"href":"https:\/\/pb.edu.pl\/zireg\/wp-json\/wp\/v2\/pages\/78","targetHints":{"allow":["GET"]}}],"collection":[{"href":"https:\/\/pb.edu.pl\/zireg\/wp-json\/wp\/v2\/pages"}],"about":[{"href":"https:\/\/pb.edu.pl\/zireg\/wp-json\/wp\/v2\/types\/page"}],"author":[{"embeddable":true,"href":"https:\/\/pb.edu.pl\/zireg\/wp-json\/wp\/v2\/users\/33"}],"replies":[{"embeddable":true,"href":"https:\/\/pb.edu.pl\/zireg\/wp-json\/wp\/v2\/comments?post=78"}],"version-history":[{"count":0,"href":"https:\/\/pb.edu.pl\/zireg\/wp-json\/wp\/v2\/pages\/78\/revisions"}],"up":[{"embeddable":true,"href":"https:\/\/pb.edu.pl\/zireg\/wp-json\/wp\/v2\/pages\/74"}],"wp:attachment":[{"href":"https:\/\/pb.edu.pl\/zireg\/wp-json\/wp\/v2\/media?parent=78"}],"curies":[{"name":"wp","href":"https:\/\/api.w.org\/{rel}","templated":true}]}}