{"id":546,"date":"2021-04-17T00:50:08","date_gmt":"2021-04-16T22:50:08","guid":{"rendered":"https:\/\/pb.edu.pl\/zireg\/?page_id=546"},"modified":"2025-06-24T12:35:07","modified_gmt":"2025-06-24T10:35:07","slug":"ankieta-ewaluacyjna-modul-vi","status":"publish","type":"page","link":"https:\/\/pb.edu.pl\/zireg\/ankiety-ewaluacyjne\/ankieta-ewaluacyjna-modul-vi\/","title":{"rendered":"Ankieta ewaluacyjna Modu\u0142 VI"},"content":{"rendered":"<p>Pola oznaczone (*) musz\u0105 by\u0107 wype\u0142nione obowi\u0105zkowo.<\/p>\n<div class=\"h3 text-center\">Dzi\u0119kujemy za udzia\u0142 w badaniu ankietowym!<\/div>\n","protected":false},"excerpt":{"rendered":"<p>Pola oznaczone (*) musz\u0105 by\u0107 wype\u0142nione obowi\u0105zkowo. Dzi\u0119kujemy za udzia\u0142 w badaniu ankietowym!<\/p>\n","protected":false},"author":2,"featured_media":0,"parent":529,"menu_order":3,"comment_status":"closed","ping_status":"closed","template":"","meta":{"_acf_changed":false,"ngg_post_thumbnail":0,"footnotes":""},"class_list":["post-546","page","type-page","status-publish","hentry"],"acf":[],"_links":{"self":[{"href":"https:\/\/pb.edu.pl\/zireg\/wp-json\/wp\/v2\/pages\/546","targetHints":{"allow":["GET"]}}],"collection":[{"href":"https:\/\/pb.edu.pl\/zireg\/wp-json\/wp\/v2\/pages"}],"about":[{"href":"https:\/\/pb.edu.pl\/zireg\/wp-json\/wp\/v2\/types\/page"}],"author":[{"embeddable":true,"href":"https:\/\/pb.edu.pl\/zireg\/wp-json\/wp\/v2\/users\/2"}],"replies":[{"embeddable":true,"href":"https:\/\/pb.edu.pl\/zireg\/wp-json\/wp\/v2\/comments?post=546"}],"version-history":[{"count":0,"href":"https:\/\/pb.edu.pl\/zireg\/wp-json\/wp\/v2\/pages\/546\/revisions"}],"up":[{"embeddable":true,"href":"https:\/\/pb.edu.pl\/zireg\/wp-json\/wp\/v2\/pages\/529"}],"wp:attachment":[{"href":"https:\/\/pb.edu.pl\/zireg\/wp-json\/wp\/v2\/media?parent=546"}],"curies":[{"name":"wp","href":"https:\/\/api.w.org\/{rel}","templated":true}]}}