{"id":491,"date":"2021-03-24T14:09:14","date_gmt":"2021-03-24T13:09:14","guid":{"rendered":"https:\/\/pb.edu.pl\/zireg\/?page_id=491"},"modified":"2025-06-24T12:42:18","modified_gmt":"2025-06-24T10:42:18","slug":"savoir-vivre-w-biznesie","status":"publish","type":"page","link":"https:\/\/pb.edu.pl\/zireg\/zireg\/szkolenia\/szkolenia-studentow-fdi\/savoir-vivre-w-biznesie\/","title":{"rendered":"Savoir-vivre w biznesie"},"content":{"rendered":"<p><img loading=\"lazy\" decoding=\"async\" class=\"aligncenter size-full wp-image-42\" src=\"https:\/\/pb.edu.pl\/zireg\/wp-content\/uploads\/sites\/43\/2020\/03\/FE_POWER_poziom_pl-1_rgb-scaled.jpg\" alt=\"Z lewej strony logotyp Programu Operacyjnego Wiedza Edukacja Rozw\u00f3j zawieraj\u0105cy jedn\u0105 gwiazdk\u0119 bia\u0142\u0105, jedn\u0105 \u017c\u00f3\u0142t\u0105 oraz jedn\u0105 czerwon\u0105 na niebieskim tle, z prawej strony logo Unii Europejskiej, \u017c\u00f3\u0142te gwiazdki u\u0142o\u017cone w k\u00f3\u0142ko na niebieskim tle oraz napis Unia Europejska Europejski Funduszu Spo\u0142eczny. Na \u015brodku bia\u0142o-czerwona flaga Polski z napisem Rzeczypospolita Polska\" width=\"2560\" height=\"329\" srcset=\"https:\/\/pb.edu.pl\/zireg\/wp-content\/uploads\/sites\/43\/2020\/03\/FE_POWER_poziom_pl-1_rgb-scaled.jpg 2560w, https:\/\/pb.edu.pl\/zireg\/wp-content\/uploads\/sites\/43\/2020\/03\/FE_POWER_poziom_pl-1_rgb-300x39.jpg 300w, https:\/\/pb.edu.pl\/zireg\/wp-content\/uploads\/sites\/43\/2020\/03\/FE_POWER_poziom_pl-1_rgb-1024x132.jpg 1024w, https:\/\/pb.edu.pl\/zireg\/wp-content\/uploads\/sites\/43\/2020\/03\/FE_POWER_poziom_pl-1_rgb-768x99.jpg 768w, https:\/\/pb.edu.pl\/zireg\/wp-content\/uploads\/sites\/43\/2020\/03\/FE_POWER_poziom_pl-1_rgb-1536x197.jpg 1536w, https:\/\/pb.edu.pl\/zireg\/wp-content\/uploads\/sites\/43\/2020\/03\/FE_POWER_poziom_pl-1_rgb-2048x263.jpg 2048w\" sizes=\"auto, (max-width: 2560px) 100vw, 2560px\" \/><\/p>\n<p><strong>Termin kursu:<\/strong> 27 i 28.11.2021 r. w godzinach 16.00-19.15.<br \/>\n<strong>Liczba godzin kursu:<\/strong>&nbsp;8 godz. (1 godz. = 45 min)<br \/>\n<strong>Liczba os\u00f3b:<\/strong>&nbsp;min. 10 max. 15<br \/>\n<strong>Miejsce szkolenia:<\/strong> zdalna realizacja &#8211; platforma Teams<\/p>\n<p><strong>Cel szkolenia:<\/strong> Zdobycie wiedzy i umiej\u0119tno\u015bci z zakresu etykiety w biznesie, w szczeg\u00f3lno\u015bci form i zasad komunikacji, precedencji s\u0142u\u017cbowej, zachowania si\u0119 podczas spotka\u0144 s\u0142u\u017cbowych oraz business dress code.<\/p>\n<p><strong>Tre\u015bci programowe:<\/strong><\/p>\n<ul>\n<li>Komunikacja w biznesie (powitania, tytu\u0142owanie os\u00f3b, formy przedstawiania os\u00f3b, zasady przygotowania wizyt\u00f3wek oraz etykieta wr\u0119czania, rozmowy telefoniczne, spos\u00f3b wr\u0119czania kwiat\u00f3w i prezent\u00f3w)<\/li>\n<li>Precedencja w biznesie (precedencja w pracy, na konferencjach i spotkaniach biznesowych oraz towarzyskich)<\/li>\n<li>Przyj\u0119cia i spotkania biznesowe (miejsca honorowe przy stole, usadzenie przy stole, zasady nakrycia sto\u0142u, zasady zachowania przy stole, dob\u00f3r win do typu da\u0144, sposoby i kolejno\u015b\u0107 jedzenia poszczeg\u00f3lnych potraw)<\/li>\n<li>Etykieta ubioru s\u0142u\u017cbowego (dob\u00f3r odpowiedniego stroju do okazji, b\u0142\u0119dy w stroju kobiecym i m\u0119skim, dob\u00f3r kolorystyki w ubiorze s\u0142u\u017cbowym, kszta\u0142towanie poczucia estetyki i dobrego smaku)<\/li>\n<\/ul>\n<p class=\"h2\">Rejestracja na szkolenie:<\/p>\n<p>Warunkiem uruchomienia szkolenia jest zapisanie si\u0119 minimum 10 os\u00f3b.<br \/>\nLiczba miejsc jest ograniczona do 15 os\u00f3b. Decyduje kolejno\u015b\u0107 zg\u0142osze\u0144.<\/p>\n<p>Rejestracja zako\u0144czona.<\/p>\n","protected":false},"excerpt":{"rendered":"<p>Termin kursu: 27 i 28.11.2021 r. w godzinach 16.00-19.15. Liczba godzin kursu:&nbsp;8 godz. (1 godz.<\/p>\n","protected":false},"author":147,"featured_media":0,"parent":481,"menu_order":0,"comment_status":"closed","ping_status":"closed","template":"","meta":{"_acf_changed":false,"ngg_post_thumbnail":0,"footnotes":""},"class_list":["post-491","page","type-page","status-publish","hentry"],"acf":[],"_links":{"self":[{"href":"https:\/\/pb.edu.pl\/zireg\/wp-json\/wp\/v2\/pages\/491","targetHints":{"allow":["GET"]}}],"collection":[{"href":"https:\/\/pb.edu.pl\/zireg\/wp-json\/wp\/v2\/pages"}],"about":[{"href":"https:\/\/pb.edu.pl\/zireg\/wp-json\/wp\/v2\/types\/page"}],"author":[{"embeddable":true,"href":"https:\/\/pb.edu.pl\/zireg\/wp-json\/wp\/v2\/users\/147"}],"replies":[{"embeddable":true,"href":"https:\/\/pb.edu.pl\/zireg\/wp-json\/wp\/v2\/comments?post=491"}],"version-history":[{"count":0,"href":"https:\/\/pb.edu.pl\/zireg\/wp-json\/wp\/v2\/pages\/491\/revisions"}],"up":[{"embeddable":true,"href":"https:\/\/pb.edu.pl\/zireg\/wp-json\/wp\/v2\/pages\/481"}],"wp:attachment":[{"href":"https:\/\/pb.edu.pl\/zireg\/wp-json\/wp\/v2\/media?parent=491"}],"curies":[{"name":"wp","href":"https:\/\/api.w.org\/{rel}","templated":true}]}}

<p><img loading="lazy" decoding="async" class="aligncenter size-full wp-image-42" src="https://pb.edu.pl/zireg/wp-content/uploads/sites/43/2020/03/FE_POWER_poziom_pl-1_rgb-scaled.jpg" alt="Z lewej strony logotyp Programu Operacyjnego Wiedza Edukacja Rozwój zawierający jedną gwiazdkę białą, jedną żółtą oraz jedną czerwoną na niebieskim tle, z prawej strony logo Unii Europejskiej, żółte gwiazdki ułożone w kółko na niebieskim tle oraz napis Unia Europejska Europejski Funduszu Społeczny. Na środku biało-czerwona flaga Polski z napisem Rzeczypospolita Polska" width="2560" height="329" srcset="https://pb.edu.pl/zireg/wp-content/uploads/sites/43/2020/03/FE_POWER_poziom_pl-1_rgb-scaled.jpg 2560w, https://pb.edu.pl/zireg/wp-content/uploads/sites/43/2020/03/FE_POWER_poziom_pl-1_rgb-300x39.jpg 300w, https://pb.edu.pl/zireg/wp-content/uploads/sites/43/2020/03/FE_POWER_poziom_pl-1_rgb-1024x132.jpg 1024w, https://pb.edu.pl/zireg/wp-content/uploads/sites/43/2020/03/FE_POWER_poziom_pl-1_rgb-768x99.jpg 768w, https://pb.edu.pl/zireg/wp-content/uploads/sites/43/2020/03/FE_POWER_poziom_pl-1_rgb-1536x197.jpg 1536w, https://pb.edu.pl/zireg/wp-content/uploads/sites/43/2020/03/FE_POWER_poziom_pl-1_rgb-2048x263.jpg 2048w" sizes="auto, (max-width: 2560px) 100vw, 2560px" /></p>
<p><strong>Termin kursu:</strong> 27 i 28.11.2021 r. w godzinach 16.00-19.15.<br />
<strong>Liczba godzin kursu:</strong>&nbsp;8 godz. (1 godz. = 45 min)<br />
<strong>Liczba osób:</strong>&nbsp;min. 10 max. 15<br />
<strong>Miejsce szkolenia:</strong> zdalna realizacja &#8211; platforma Teams</p>
<p><strong>Cel szkolenia:</strong> Zdobycie wiedzy i umiejętności z zakresu etykiety w biznesie, w szczególności form i zasad komunikacji, precedencji służbowej, zachowania się podczas spotkań służbowych oraz business dress code.</p>
<p><strong>Treści programowe:</strong></p>
<ul>
<li>Komunikacja w biznesie (powitania, tytułowanie osób, formy przedstawiania osób, zasady przygotowania wizytówek oraz etykieta wręczania, rozmowy telefoniczne, sposób wręczania kwiatów i prezentów)</li>
<li>Precedencja w biznesie (precedencja w pracy, na konferencjach i spotkaniach biznesowych oraz towarzyskich)</li>
<li>Przyjęcia i spotkania biznesowe (miejsca honorowe przy stole, usadzenie przy stole, zasady nakrycia stołu, zasady zachowania przy stole, dobór win do typu dań, sposoby i kolejność jedzenia poszczególnych potraw)</li>
<li>Etykieta ubioru służbowego (dobór odpowiedniego stroju do okazji, błędy w stroju kobiecym i męskim, dobór kolorystyki w ubiorze służbowym, kształtowanie poczucia estetyki i dobrego smaku)</li>
</ul>
<p class="h2">Rejestracja na szkolenie:</p>
<p>Warunkiem uruchomienia szkolenia jest zapisanie się minimum 10 osób.<br />
Liczba miejsc jest ograniczona do 15 osób. Decyduje kolejność zgłoszeń.</p>
<p>Rejestracja zakończona.</p>
