{"id":23,"date":"2020-02-23T21:25:14","date_gmt":"2020-02-23T20:25:14","guid":{"rendered":"https:\/\/pb.edu.pl\/zireg\/?page_id=23"},"modified":"2022-10-05T15:59:14","modified_gmt":"2022-10-05T13:59:14","slug":"kontakt","status":"publish","type":"page","link":"https:\/\/pb.edu.pl\/zireg\/kontakt\/","title":{"rendered":"Kontakt"},"content":{"rendered":"<p><img loading=\"lazy\" decoding=\"async\" class=\"alignnone size-full wp-image-814\" src=\"https:\/\/pb.edu.pl\/zireg\/wp-content\/uploads\/sites\/43\/2022\/10\/belka-POWER_pl.jpg\" alt=\"\" width=\"1871\" height=\"183\" srcset=\"https:\/\/pb.edu.pl\/zireg\/wp-content\/uploads\/sites\/43\/2022\/10\/belka-POWER_pl.jpg 1871w, https:\/\/pb.edu.pl\/zireg\/wp-content\/uploads\/sites\/43\/2022\/10\/belka-POWER_pl-300x29.jpg 300w, https:\/\/pb.edu.pl\/zireg\/wp-content\/uploads\/sites\/43\/2022\/10\/belka-POWER_pl-1024x100.jpg 1024w, https:\/\/pb.edu.pl\/zireg\/wp-content\/uploads\/sites\/43\/2022\/10\/belka-POWER_pl-768x75.jpg 768w, https:\/\/pb.edu.pl\/zireg\/wp-content\/uploads\/sites\/43\/2022\/10\/belka-POWER_pl-1536x150.jpg 1536w\" sizes=\"auto, (max-width: 1871px) 100vw, 1871px\" \/><\/p>\n<div class=\"h3\">Projekt ZIREG &#8211; Zintegrowany Program Politechniki Bia\u0142ostockiej na rzecz Rozwoju Regionalnego<br \/>\n(nr umowy POWR.03.05.00-00-ZR22\/18)<\/div>\n<div class=\"h3\">Biuro Projektu:<\/div>\n<p>Biuro ds. Rozwoju i Program\u00f3w Mi\u0119dzynarodowych<br \/>\nPolitechnika Bia\u0142ostocka<br \/>\n15-351 Bia\u0142ystok<br \/>\nul. Wiejska 45 A pok\u00f3j 17 B<br \/>\n&nbsp;<br \/>\n<i class=\"fa fa-phone\" aria-hidden=\"true\"><\/i> 85 746 91 68<\/p>\n<p><i class=\"fa fa-envelope-o\" aria-hidden=\"true\"><\/i><a href=\"zireg@pb.edu.pl\">&nbsp;zireg [at] pb.edu.pl<\/a><br \/>\n&nbsp;<\/p>\n<p><strong>STA\u017bE STUDENT\u00d3W WM<\/strong><\/p>\n<p>Koordynator: dr hab. in\u017c. \u0141ukasz Derpe\u0144ski,<\/p>\n<p>administracja: Joanna Korsak, j.korsak@pb.edu.pl<\/p>\n","protected":false},"excerpt":{"rendered":"<p>Projekt ZIREG &#8211; Zintegrowany Program Politechniki Bia\u0142ostockiej na rzecz Rozwoju Regionalnego (nr umowy POWR.03.05.00-00-ZR22\/18) Biuro<\/p>\n","protected":false},"author":2,"featured_media":0,"parent":0,"menu_order":6,"comment_status":"closed","ping_status":"closed","template":"","meta":{"_acf_changed":false,"ngg_post_thumbnail":0,"footnotes":""},"class_list":["post-23","page","type-page","status-publish","hentry"],"acf":[],"_links":{"self":[{"href":"https:\/\/pb.edu.pl\/zireg\/wp-json\/wp\/v2\/pages\/23","targetHints":{"allow":["GET"]}}],"collection":[{"href":"https:\/\/pb.edu.pl\/zireg\/wp-json\/wp\/v2\/pages"}],"about":[{"href":"https:\/\/pb.edu.pl\/zireg\/wp-json\/wp\/v2\/types\/page"}],"author":[{"embeddable":true,"href":"https:\/\/pb.edu.pl\/zireg\/wp-json\/wp\/v2\/users\/2"}],"replies":[{"embeddable":true,"href":"https:\/\/pb.edu.pl\/zireg\/wp-json\/wp\/v2\/comments?post=23"}],"version-history":[{"count":0,"href":"https:\/\/pb.edu.pl\/zireg\/wp-json\/wp\/v2\/pages\/23\/revisions"}],"wp:attachment":[{"href":"https:\/\/pb.edu.pl\/zireg\/wp-json\/wp\/v2\/media?parent=23"}],"curies":[{"name":"wp","href":"https:\/\/api.w.org\/{rel}","templated":true}]}}