{"id":25,"date":"2021-12-23T12:39:36","date_gmt":"2021-12-23T11:39:36","guid":{"rendered":"https:\/\/pb.edu.pl\/zaprojektowani\/?page_id=25"},"modified":"2025-06-24T13:15:48","modified_gmt":"2025-06-24T11:15:48","slug":"rekrutacja-do-projektu","status":"publish","type":"page","link":"https:\/\/pb.edu.pl\/zaprojektowani\/rekrutacja-do-projektu\/","title":{"rendered":"Rekrutacja do projektu"},"content":{"rendered":"<p><img loading=\"lazy\" decoding=\"async\" class=\"alignnone size-full wp-image-173\" src=\"https:\/\/pb.edu.pl\/zaprojektowani\/wp-content\/uploads\/sites\/74\/2022\/09\/belka-POWER_pl-1.jpg\" alt=\"\" width=\"1871\" height=\"183\" srcset=\"https:\/\/pb.edu.pl\/zaprojektowani\/wp-content\/uploads\/sites\/74\/2022\/09\/belka-POWER_pl-1.jpg 1871w, https:\/\/pb.edu.pl\/zaprojektowani\/wp-content\/uploads\/sites\/74\/2022\/09\/belka-POWER_pl-1-300x29.jpg 300w, https:\/\/pb.edu.pl\/zaprojektowani\/wp-content\/uploads\/sites\/74\/2022\/09\/belka-POWER_pl-1-1024x100.jpg 1024w, https:\/\/pb.edu.pl\/zaprojektowani\/wp-content\/uploads\/sites\/74\/2022\/09\/belka-POWER_pl-1-768x75.jpg 768w, https:\/\/pb.edu.pl\/zaprojektowani\/wp-content\/uploads\/sites\/74\/2022\/09\/belka-POWER_pl-1-1536x150.jpg 1536w\" sizes=\"auto, (max-width: 1871px) 100vw, 1871px\" \/><\/p>\n<p>Pola oznaczone (*) musz\u0105 by\u0107 wype\u0142nione obowi\u0105zkowo.<br \/>\n&nbsp;<\/p>\n<p>Rejestracja zako\u0144czona.<\/p>\n","protected":false},"excerpt":{"rendered":"<p>Pola oznaczone (*) musz\u0105 by\u0107 wype\u0142nione obowi\u0105zkowo. &nbsp; Rejestracja zako\u0144czona.<\/p>\n","protected":false},"author":2,"featured_media":0,"parent":0,"menu_order":0,"comment_status":"closed","ping_status":"closed","template":"","meta":{"_acf_changed":false,"ngg_post_thumbnail":0,"footnotes":""},"class_list":["post-25","page","type-page","status-publish","hentry"],"acf":[],"_links":{"self":[{"href":"https:\/\/pb.edu.pl\/zaprojektowani\/wp-json\/wp\/v2\/pages\/25","targetHints":{"allow":["GET"]}}],"collection":[{"href":"https:\/\/pb.edu.pl\/zaprojektowani\/wp-json\/wp\/v2\/pages"}],"about":[{"href":"https:\/\/pb.edu.pl\/zaprojektowani\/wp-json\/wp\/v2\/types\/page"}],"author":[{"embeddable":true,"href":"https:\/\/pb.edu.pl\/zaprojektowani\/wp-json\/wp\/v2\/users\/2"}],"replies":[{"embeddable":true,"href":"https:\/\/pb.edu.pl\/zaprojektowani\/wp-json\/wp\/v2\/comments?post=25"}],"version-history":[{"count":0,"href":"https:\/\/pb.edu.pl\/zaprojektowani\/wp-json\/wp\/v2\/pages\/25\/revisions"}],"wp:attachment":[{"href":"https:\/\/pb.edu.pl\/zaprojektowani\/wp-json\/wp\/v2\/media?parent=25"}],"curies":[{"name":"wp","href":"https:\/\/api.w.org\/{rel}","templated":true}]}}