{"id":23,"date":"2021-12-23T12:39:04","date_gmt":"2021-12-23T11:39:04","guid":{"rendered":"https:\/\/pb.edu.pl\/zaprojektowani\/?page_id=23"},"modified":"2022-09-21T08:49:57","modified_gmt":"2022-09-21T06:49:57","slug":"zadania","status":"publish","type":"page","link":"https:\/\/pb.edu.pl\/zaprojektowani\/zadania\/","title":{"rendered":"Zadania"},"content":{"rendered":"<p><img loading=\"lazy\" decoding=\"async\" class=\"alignnone size-full wp-image-173\" src=\"https:\/\/pb.edu.pl\/zaprojektowani\/wp-content\/uploads\/sites\/74\/2022\/09\/belka-POWER_pl-1.jpg\" alt=\"\" width=\"1871\" height=\"183\" srcset=\"https:\/\/pb.edu.pl\/zaprojektowani\/wp-content\/uploads\/sites\/74\/2022\/09\/belka-POWER_pl-1.jpg 1871w, https:\/\/pb.edu.pl\/zaprojektowani\/wp-content\/uploads\/sites\/74\/2022\/09\/belka-POWER_pl-1-300x29.jpg 300w, https:\/\/pb.edu.pl\/zaprojektowani\/wp-content\/uploads\/sites\/74\/2022\/09\/belka-POWER_pl-1-1024x100.jpg 1024w, https:\/\/pb.edu.pl\/zaprojektowani\/wp-content\/uploads\/sites\/74\/2022\/09\/belka-POWER_pl-1-768x75.jpg 768w, https:\/\/pb.edu.pl\/zaprojektowani\/wp-content\/uploads\/sites\/74\/2022\/09\/belka-POWER_pl-1-1536x150.jpg 1536w\" sizes=\"auto, (max-width: 1871px) 100vw, 1871px\" \/><\/p>\n<p><strong>Zadanie 1<\/strong><br \/>\nOrganizacja szkole\u0144\/warsztat\u00f3w wprowadzaj\u0105cych do tematyki projektowania uniwersalnego, umo\u017cliwiaj\u0105cych realizacj\u0119 zaj\u0119\u0107 ze studentami, kt\u00f3rych celem b\u0119dzie u\u015bwiadamianie r\u00f3\u017cnorodno\u015bci grup\/os\u00f3b funkcjonuj\u0105cych w spo\u0142ecze\u0144stwie.<\/p>\n<p><strong>Zadanie 2<\/strong><br \/>\nWsparcie kompetencji kadry dydaktycznej Wydzia\u0142u Architektury w zakresie umiej\u0119tno\u015bci stosowania zasad projektowania uniwersalnego w procesie kszta\u0142cenia.<\/p>\n<p><strong>Zadanie 3<\/strong><br \/>\nWsparcie kompetencji kadry dydaktycznej Wydzia\u0142u Budownictwa i Nauk o \u015arodowisku w zakresie umiej\u0119tno\u015bci stosowania zasad projektowania uniwersalnego w procesie kszta\u0142cenia.<\/p>\n<p><strong>Zadanie 4<\/strong><br \/>\nWsparcie kompetencji kadry dydaktycznej Wydzia\u0142u Elektrycznego w zakresie umiej\u0119tno\u015bci stosowania zasad projektowania uniwersalnego w procesie kszta\u0142cenia.<\/p>\n<p><strong>Zadanie 5<\/strong><br \/>\nWsparcie kompetencji kadry dydaktycznej Wydzia\u0142u Informatyki w zakresie umiej\u0119tno\u015bci stosowania zasad projektowania uniwersalnego w procesie kszta\u0142cenia.<\/p>\n<p><strong>Zadanie 6.<\/strong><br \/>\nWsparcie kompetencji kadry dydaktycznej Wydzia\u0142u In\u017cynierii Zarz\u0105dzania w zakresie umiej\u0119tno\u015bci stosowania zasad projektowania uniwersalnego w procesie kszta\u0142cenia.<\/p>\n<p><strong>Zadanie 7<\/strong><br \/>\nWsparcie kompetencji kadry dydaktycznej Wydzia\u0142u Mechanicznego w zakresie umiej\u0119tno\u015bci stosowania zasad projektowania uniwersalnego w procesie kszta\u0142cenia.<\/p>\n","protected":false},"excerpt":{"rendered":"<p>Zadanie 1 Organizacja szkole\u0144\/warsztat\u00f3w wprowadzaj\u0105cych do tematyki projektowania uniwersalnego, umo\u017cliwiaj\u0105cych realizacj\u0119 zaj\u0119\u0107 ze studentami, kt\u00f3rych<\/p>\n","protected":false},"author":2,"featured_media":0,"parent":0,"menu_order":3,"comment_status":"closed","ping_status":"closed","template":"","meta":{"_acf_changed":false,"ngg_post_thumbnail":0,"footnotes":""},"class_list":["post-23","page","type-page","status-publish","hentry"],"acf":[],"_links":{"self":[{"href":"https:\/\/pb.edu.pl\/zaprojektowani\/wp-json\/wp\/v2\/pages\/23","targetHints":{"allow":["GET"]}}],"collection":[{"href":"https:\/\/pb.edu.pl\/zaprojektowani\/wp-json\/wp\/v2\/pages"}],"about":[{"href":"https:\/\/pb.edu.pl\/zaprojektowani\/wp-json\/wp\/v2\/types\/page"}],"author":[{"embeddable":true,"href":"https:\/\/pb.edu.pl\/zaprojektowani\/wp-json\/wp\/v2\/users\/2"}],"replies":[{"embeddable":true,"href":"https:\/\/pb.edu.pl\/zaprojektowani\/wp-json\/wp\/v2\/comments?post=23"}],"version-history":[{"count":0,"href":"https:\/\/pb.edu.pl\/zaprojektowani\/wp-json\/wp\/v2\/pages\/23\/revisions"}],"wp:attachment":[{"href":"https:\/\/pb.edu.pl\/zaprojektowani\/wp-json\/wp\/v2\/media?parent=23"}],"curies":[{"name":"wp","href":"https:\/\/api.w.org\/{rel}","templated":true}]}}