{"id":1075,"date":"2025-11-06T17:50:28","date_gmt":"2025-11-06T16:50:28","guid":{"rendered":"https:\/\/pb.edu.pl\/wings\/?page_id=1075"},"modified":"2025-11-21T17:15:01","modified_gmt":"2025-11-21T16:15:01","slug":"akademickie-dni-dydaktyki-2025","status":"publish","type":"page","link":"https:\/\/pb.edu.pl\/wings\/rekrutacja-do-projektu\/akademickie-dni-dydaktyki-2025\/","title":{"rendered":"Akademickie Dni Dydaktyki w Politechnice Bia\u0142ostockiej"},"content":{"rendered":"<p><strong>Od 24 do 28 listopada 2025 r. potrwaj\u0105 Akademickie Dni Dydaktyki w Politechnice Bia\u0142ostockiej. To kolejna edycja wydarzenia adresowanego do wszystkich nauczycieli akademickich PB.<\/strong><\/p>\n<p>Tegoroczny program \u0142\u0105czy praktyczne warsztaty z zakresu mentoringu w dydaktyce, nowoczesnych metod kszta\u0142cenia, komunikacji i emisji g\u0142osu, mikropo\u015bwiadcze\u0144 oraz odpowiedzialnego wykorzystania narz\u0119dzi AI w dydaktyce. Poka\u017cemy, jak anga\u017cowa\u0107 student\u00f3w poprzez grywalizacj\u0119 i storytelling oraz jak \u015bwiadomie projektowa\u0107 materia\u0142y edukacyjne we wsp\u00f3\u0142pracy z generatywn\u0105 sztuczn\u0105 inteligencj\u0105. W tej edycji szczeg\u00f3lny nacisk k\u0142adziemy na rozw\u00f3j kompetencji dydaktycznych i komunikacyjnych nauczycieli akademickich, wspieraj\u0105c ich w roli inspiruj\u0105cych mentor\u00f3w i nowoczesnych tw\u00f3rc\u00f3w wiedzy.<\/p>\n<p><strong>Moc g\u0142osu i s\u0142owa: zainspiruj s\u0142owem, prowad\u017a g\u0142osem<\/strong><br \/>\nPrzedstawione zostan\u0105 techniki umo\u017cliwiaj\u0105ce wykorzystanie si\u0142y g\u0142osu i s\u0142owa w budowaniu zaanga\u017cowania student\u00f3w. Zaprezentowane b\u0119d\u0105 sposoby \u015bwiadomego kszta\u0142towania brzmienia, intonacji i rytmu mowy w celu wzmacniania przekazu, podtrzymywania uwagi s\u0142uchaczy oraz inspirowania ich do aktywnego udzia\u0142u w zaj\u0119ciach.<\/p>\n<p><strong>EduAI: Tw\u00f3rz materia\u0142y dydaktyczne z pomoc\u0105 sztucznej inteligencji<\/strong><br \/>\nPrzybli\u017cone zostanie zastosowanie generatywnej sztucznej inteligencji w procesie opracowywania anga\u017cuj\u0105cych i dostosowanych do potrzeb student\u00f3w materia\u0142\u00f3w dydaktycznych. Przedstawione zostan\u0105 narz\u0119dzia usprawniaj\u0105ce proces planowania zaj\u0119\u0107, przygotowywania tre\u015bci oraz prowadzenia ewaluacji.<\/p>\n<p><strong>Microcredentials w edukacji akademickiej: jak tworzy\u0107 warto\u015bciowe kursy<\/strong><br \/>\nWyja\u015bnione zostanie, czym s\u0105 mikropo\u015bwiadczenia oraz jak projektowa\u0107 kr\u00f3tkie, warto\u015bciowe formy kszta\u0142cenia odpowiadaj\u0105ce na aktualne potrzeby rynku pracy. Warsztat poka\u017ce, jak \u0142\u0105czy\u0107 elastyczno\u015b\u0107 microcredentials z jako\u015bci\u0105 i rozpoznawalno\u015bci\u0105 akademickiego nauczania.<\/p>\n<p><strong>Strategie budowy marki osobistej wyk\u0142adowcy<\/strong><br \/>\nPrzedstawione zostan\u0105 strategie budowania profesjonalnego wizerunku eksperta i mentora, zar\u00f3wno w \u015brodowisku akademickim, jak i poza nim. Om\u00f3wione b\u0119d\u0105 metody kszta\u0142towania marki osobistej sprzyjaj\u0105ce wyr\u00f3\u017cnieniu si\u0119, budowaniu zaufania oraz przyci\u0105ganiu uwagi student\u00f3w i interesariuszy uczelni.<\/p>\n<p><strong>Si\u0142a relacji: mentoring w nowoczesnym uczeniu i nauczaniu<\/strong><br \/>\nMentoring to nie tylko przekazywanie wiedzy, lecz tak\u017ce budowanie relacji opartej na zaufaniu i wsp\u00f3\u0142pracy. Warsztat poka\u017ce, jak skutecznie wspiera\u0107 rozw\u00f3j student\u00f3w i m\u0142odszych wyk\u0142adowc\u00f3w, tworz\u0105c \u015brodowisko sprzyjaj\u0105ce wzajemnemu uczeniu si\u0119.<\/p>\n<p><strong>Game On! Ucz, anga\u017cuj poprzez grywalizacj\u0119 w nowoczesnej dydaktyce<\/strong><br \/>\nGrywalizacja to wykorzystanie mechanizm\u00f3w znanych z gier w celu zwi\u0119kszenia motywacji i zaanga\u017cowania uczestnik\u00f3w procesu nauczania. W trakcie warsztatu om\u00f3wione b\u0119dzie, w jaki spos\u00f3b zastosowanie punkt\u00f3w, wyzwa\u0144 oraz warstwy fabularnej mo\u017ce zwi\u0119ksza\u0107 motywacj\u0119 student\u00f3w i sprawia\u0107, \u017ce nauka staje si\u0119 anga\u017cuj\u0105cym i inspiruj\u0105cym do\u015bwiadczeniem.<\/p>\n<p><strong>Inteligentny asystent czy bezduszny automat? Jak \u015bwiadomie korzysta\u0107 z generatywnej AI w pracy wyk\u0142adowcy?<\/strong><br \/>\nZaprezentowane zostan\u0105 mo\u017cliwo\u015bci oraz ograniczenia generatywnej sztucznej inteligencji w procesie dydaktycznym. Om\u00f3wione b\u0119dzie etyczne, odpowiedzialne i kreatywne wykorzystanie tych narz\u0119dzi w taki spos\u00f3b, aby wspiera\u0142y one proces nauczania, nie zast\u0119puj\u0105c roli nauczyciela.<br \/>\n<strong><br \/>\nThe Power of Story, czyli zamie\u0144 wyk\u0142ad w histori\u0119, kt\u00f3r\u0105 studenci zapami\u0119taj\u0105<\/strong><br \/>\nStorytelling to klucz do tworzenia wyk\u0142ad\u00f3w, kt\u00f3re zostaj\u0105 w pami\u0119ci. Podczas warsztatu om\u00f3wione b\u0119d\u0105 sposoby budowania narracji, wprowadzania element\u00f3w emocjonalnych oraz konstruowania opowie\u015bci wspieraj\u0105cych lepsze zrozumienie i trwa\u0142e zapami\u0119tywanie materia\u0142u przez student\u00f3w.<\/p>\n<p><strong>Udzia\u0142 w warsztatach jest bezp\u0142atny.<\/strong> Dla wszystkich modu\u0142\u00f3w przewidziane s\u0105 <strong>certyfikaty<\/strong> potwierdzaj\u0105ce udzia\u0142.<\/p>\n<div class=\"h3\">Program Akademickich Dni Dydaktyki \u2013 2025<\/div>\n<p><a  class=\"pdf\" href=\"https:\/\/pb.edu.pl\/wings\/wp-content\/uploads\/sites\/159\/2025\/11\/harmonogrm-21-11-2025.pdf\" target=\"_blank\" data-id=\"1157\" >Harmonogram Akademickich Dni Dydaktyki 2025 <span>(PDF, 170 KB, otworzy si\u0119 w nowej karcie)<\/span><\/a><\/p>\n<p><strong>Link do rejestracji zostanie aktywowany w dniu 13 listopada 2025 r. o godz. 10:00. Rekrutacja potrwa do 20 listopada 2025 r. do godz. 10:00<\/strong>.<\/p>\n<div class=\"h3\">Zapisy i informacje organizacyjne<\/div>\n<ul>\n<li><strong>Rejestracja na konkretne modu\u0142y<\/strong> &#8211; liczba miejsc jest ograniczona.<\/li>\n<li><strong>Limit zapis\u00f3w<\/strong> &#8211; jedna osoba mo\u017ce wybra\u0107 maksymalnie <strong>4 warsztaty<\/strong>.<\/li>\n<li>Miejsca wydarze\u0144: <strong>Centrum Nowoczesnego Kszta\u0142cenia (CNK)<\/strong>, <strong>Wydzia\u0142 Mechaniczny \u2014 sala kreatywna 132<\/strong>, <strong>Wydzia\u0142 In\u017cynierii Zarz\u0105dzania \u2014 sala 9KM<\/strong>, oraz <strong>formu\u0142a zdalna<\/strong> (wybrane warsztaty).<\/li>\n<li><a href=\"https:\/\/pb.edu.pl\/wings\/rekrutacja-do-projektu\/akademickie-dni-dydaktyki-2025\/formularz-zgloszeniowy\/\">Formularz zg\u0142oszeniowy \u2013 Akademickie Dni Dydaktyki 2025<\/a><\/li>\n<\/ul>\n<p>Organizatorem jest <strong>Sekcja ds. Organizacji Kszta\u0142cenia<\/strong> we wsp\u00f3\u0142pracy z jednostkami PB i partnerami zewn\u0119trznymi.<\/p>\n<p>Zapraszamy do udzia\u0142u!<\/p>\n","protected":false},"excerpt":{"rendered":"<p>Od 24 do 28 listopada 2025 r. potrwaj\u0105 Akademickie Dni Dydaktyki w Politechnice Bia\u0142ostockiej. To<\/p>\n","protected":false},"author":2,"featured_media":0,"parent":262,"menu_order":1,"comment_status":"closed","ping_status":"closed","template":"","meta":{"_acf_changed":false,"ngg_post_thumbnail":0,"footnotes":""},"class_list":["post-1075","page","type-page","status-publish","hentry"],"acf":[],"_links":{"self":[{"href":"https:\/\/pb.edu.pl\/wings\/wp-json\/wp\/v2\/pages\/1075","targetHints":{"allow":["GET"]}}],"collection":[{"href":"https:\/\/pb.edu.pl\/wings\/wp-json\/wp\/v2\/pages"}],"about":[{"href":"https:\/\/pb.edu.pl\/wings\/wp-json\/wp\/v2\/types\/page"}],"author":[{"embeddable":true,"href":"https:\/\/pb.edu.pl\/wings\/wp-json\/wp\/v2\/users\/2"}],"replies":[{"embeddable":true,"href":"https:\/\/pb.edu.pl\/wings\/wp-json\/wp\/v2\/comments?post=1075"}],"version-history":[{"count":0,"href":"https:\/\/pb.edu.pl\/wings\/wp-json\/wp\/v2\/pages\/1075\/revisions"}],"up":[{"embeddable":true,"href":"https:\/\/pb.edu.pl\/wings\/wp-json\/wp\/v2\/pages\/262"}],"wp:attachment":[{"href":"https:\/\/pb.edu.pl\/wings\/wp-json\/wp\/v2\/media?parent=1075"}],"curies":[{"name":"wp","href":"https:\/\/api.w.org\/{rel}","templated":true}]}}