{"id":5087,"date":"2025-09-10T12:14:02","date_gmt":"2025-09-10T10:14:02","guid":{"rendered":"https:\/\/pb.edu.pl\/via-carpatia\/?page_id=5087"},"modified":"2025-09-11T12:29:53","modified_gmt":"2025-09-11T10:29:53","slug":"elementy-towarzyszace-konferencji","status":"publish","type":"page","link":"https:\/\/pb.edu.pl\/via-carpatia\/innowacje-w-praktyce\/elementy-towarzyszace-konferencji\/","title":{"rendered":"Elementy towarzysz\u0105ce konferencji"},"content":{"rendered":"<p><strong>Stoiska sieci VIA CARPATIA:<\/strong><\/p>\n<ul>\n<li>ekspozycja projekt\u00f3w technologicznych pracownik\u00f3w uczelni, doktorant\u00f3w, studenckich k\u00f3\u0142 naukowych PB,<\/li>\n<li>stoisko materia\u0142\u00f3w promocyjnych,<\/li>\n<li>pokaz wideo najwa\u017cniejszych wydarze\u0144 oraz osi\u0105gni\u0119\u0107 projektu.<\/li>\n<\/ul>\n<p>&nbsp;<br \/>\n&nbsp;<\/p>\n<p><img loading=\"lazy\" decoding=\"async\" src=\"https:\/\/pb.edu.pl\/via-carpatia\/wp-content\/uploads\/sites\/92\/2025\/09\/konferencja-stopka.png\" alt=\"loga pod konferencj\u0119\" width=\"740\" height=\"162\" class=\"aligncenter size-full wp-image-5145\" \/><\/p>\n","protected":false},"excerpt":{"rendered":"<p>Stoiska sieci VIA CARPATIA: ekspozycja projekt\u00f3w technologicznych pracownik\u00f3w uczelni, doktorant\u00f3w, studenckich k\u00f3\u0142 naukowych PB, stoisko materia\u0142\u00f3w promocyjnych, pokaz wideo najwa\u017cniejszych wydarze\u0144 oraz osi\u0105gni\u0119\u0107 projektu. &nbsp; &nbsp;<\/p>\n","protected":false},"author":2,"featured_media":0,"parent":5071,"menu_order":3,"comment_status":"closed","ping_status":"closed","template":"","meta":{"_acf_changed":false,"ngg_post_thumbnail":0,"footnotes":""},"class_list":["post-5087","page","type-page","status-publish","hentry"],"acf":[],"_links":{"self":[{"href":"https:\/\/pb.edu.pl\/via-carpatia\/wp-json\/wp\/v2\/pages\/5087","targetHints":{"allow":["GET"]}}],"collection":[{"href":"https:\/\/pb.edu.pl\/via-carpatia\/wp-json\/wp\/v2\/pages"}],"about":[{"href":"https:\/\/pb.edu.pl\/via-carpatia\/wp-json\/wp\/v2\/types\/page"}],"author":[{"embeddable":true,"href":"https:\/\/pb.edu.pl\/via-carpatia\/wp-json\/wp\/v2\/users\/2"}],"replies":[{"embeddable":true,"href":"https:\/\/pb.edu.pl\/via-carpatia\/wp-json\/wp\/v2\/comments?post=5087"}],"version-history":[{"count":0,"href":"https:\/\/pb.edu.pl\/via-carpatia\/wp-json\/wp\/v2\/pages\/5087\/revisions"}],"up":[{"embeddable":true,"href":"https:\/\/pb.edu.pl\/via-carpatia\/wp-json\/wp\/v2\/pages\/5071"}],"wp:attachment":[{"href":"https:\/\/pb.edu.pl\/via-carpatia\/wp-json\/wp\/v2\/media?parent=5087"}],"curies":[{"name":"wp","href":"https:\/\/api.w.org\/{rel}","templated":true}]}}