{"id":15,"date":"2021-09-02T20:42:40","date_gmt":"2021-09-02T18:42:40","guid":{"rendered":"https:\/\/pb.edu.pl\/via-carpatia\/?page_id=15"},"modified":"2025-09-11T13:25:03","modified_gmt":"2025-09-11T11:25:03","slug":"home","status":"publish","type":"page","link":"https:\/\/pb.edu.pl\/via-carpatia\/","title":{"rendered":"Home"},"content":{"rendered":"      <div class=\"boxes\">\n              <a href=\"https:\/\/pb.edu.pl\/via-carpatia\/o-projekcie\/\" target=\"\" title=\"Via Carpatia\" class=\"boxes-item\" style=\"--color:#222b56\"><span class=\"icon\"><i class=\"fa-light fa-graduation-cap\"><\/i><\/span> Via Carpatia<\/a>\n              <a href=\"https:\/\/pb.edu.pl\/via-carpatia\/dzialania\/\" target=\"\" title=\"Dzia\u0142ania \" class=\"boxes-item\" style=\"--color:#222b56\"><span class=\"icon\"><i class=\"fa-light fa-list-check\"><\/i><\/span> Dzia\u0142ania <\/a>\n              <a href=\"https:\/\/pb.edu.pl\/via-carpatia\/dla-mediow\/\" target=\"\" title=\"Dla medi\u00f3w\" class=\"boxes-item\" style=\"--color:#222b56\"><span class=\"icon\"><i class=\"fa-light fa-typewriter\"><\/i><\/span> Dla medi\u00f3w<\/a>\n              <a href=\"https:\/\/pb.edu.pl\/via-carpatia\/wspolpraca\/\" target=\"\" title=\"Wsp\u00f3\u0142praca  \" class=\"boxes-item\" style=\"--color:#222b56\"><span class=\"icon\"><i class=\"fa-light fa-handshake\"><\/i><\/span> Wsp\u00f3\u0142praca  <\/a>\n              <a href=\"https:\/\/pb.edu.pl\/via-carpatia\/kontakt\/\" target=\"\" title=\"Kontakt  \" class=\"boxes-item\" style=\"--color:#222b56\"><span class=\"icon\"><i class=\"fa-light fa-envelope\"><\/i><\/span> Kontakt  <\/a>\n          <\/div>\n  \n\n<div class=\"row justify-content-center\">\n<div class=\"row\">\n<div class=\"col-sm-12 text-center konferencja\">\n<a class=\"btn btn-primary text-center animated zoomIn lead font-500\" href=\"\/via-carpatia\/innowacje-w-praktyce\/\">Konferencja Innowacje w Praktyce &#8211; 23 wrze\u015bnia 2025 r.<\/a>\n<\/div>\n<\/div>\n<div class=\"h1\"><a style=\"text-decoration: none;\" href=\"\/via-carpatia\/aktualnosci\/\">Aktualno\u015bci <i class=\"fa-solid fa-caret-right\"><\/i><\/a><\/div>\n\n  <div class=\"box news-box\">\n    <div class=\"row\">\n      \n                        <div class=\"col-sm-3\">\n            <article class=\"article format-standard\">\n    <span class=\"date text-right\"><i class=\"fal fa-calendar-alt\"><\/i> 09-10-2025<\/span>\n    <a href=\"https:\/\/pb.edu.pl\/via-carpatia\/2025\/10\/09\/politechnika-bialostocka-opracowala-demonstrator-do-diagnostyki-wstepnej-wtryskiwaczy-gazowych-w-tym-wodorowych\/\" title=\"Politechnika Bia\u0142ostocka opracowa\u0142a demonstrator do diagnostyki wst\u0119pnej wtryskiwaczy gazowych, w tym wodorowych\">\n      <div class=\"article-image\">\n        <img loading=\"lazy\" decoding=\"async\" width=\"480\" height=\"300\" src=\"https:\/\/pb.edu.pl\/via-carpatia\/wp-content\/uploads\/sites\/92\/2025\/10\/Demonstrator-do-badania-wtryskiwaczy-gazowych-fot-Pawel-Jankowski-5-480x300.jpg\" class=\"img-fluid wp-post-image\" alt=\"\" srcset=\"https:\/\/pb.edu.pl\/via-carpatia\/wp-content\/uploads\/sites\/92\/2025\/10\/Demonstrator-do-badania-wtryskiwaczy-gazowych-fot-Pawel-Jankowski-5-480x300.jpg 480w, https:\/\/pb.edu.pl\/via-carpatia\/wp-content\/uploads\/sites\/92\/2025\/10\/Demonstrator-do-badania-wtryskiwaczy-gazowych-fot-Pawel-Jankowski-5-300x188.jpg 300w, https:\/\/pb.edu.pl\/via-carpatia\/wp-content\/uploads\/sites\/92\/2025\/10\/Demonstrator-do-badania-wtryskiwaczy-gazowych-fot-Pawel-Jankowski-5-1024x640.jpg 1024w, https:\/\/pb.edu.pl\/via-carpatia\/wp-content\/uploads\/sites\/92\/2025\/10\/Demonstrator-do-badania-wtryskiwaczy-gazowych-fot-Pawel-Jankowski-5-768x480.jpg 768w, https:\/\/pb.edu.pl\/via-carpatia\/wp-content\/uploads\/sites\/92\/2025\/10\/Demonstrator-do-badania-wtryskiwaczy-gazowych-fot-Pawel-Jankowski-5-1536x960.jpg 1536w, https:\/\/pb.edu.pl\/via-carpatia\/wp-content\/uploads\/sites\/92\/2025\/10\/Demonstrator-do-badania-wtryskiwaczy-gazowych-fot-Pawel-Jankowski-5-2048x1280.jpg 2048w\" sizes=\"auto, (max-width: 480px) 100vw, 480px\" \/>      <\/div>\n      <h3>Politechnika Bia\u0142ostocka opracowa\u0142a demonstrator do diagnostyki wst\u0119pnej wtryskiwaczy gazowych, w tym wodorowych<\/h3>\n      Demonstrator do diagnostyki wtryskiwaczy gazowych    <\/a>\n<\/article>          <\/div>\n                  <div class=\"col-sm-3\">\n            <article class=\"article format-standard\">\n    <span class=\"date text-right\"><i class=\"fal fa-calendar-alt\"><\/i> 06-10-2025<\/span>\n    <a href=\"https:\/\/pb.edu.pl\/via-carpatia\/2025\/10\/06\/politechnika-bialostocka-rozwija-nowoczesne-szerokopasmowe-zrodlo-swiatlowodowe-ase-pracujace-w-pasmie-2-%ce%bcm\/\" title=\"Politechnika Bia\u0142ostocka rozwija nowoczesne szerokopasmowe \u017ar\u00f3d\u0142o \u015bwiat\u0142owodowe ASE pracuj\u0105ce w pa\u015bmie 2 \u03bcm\">\n      <div class=\"article-image\">\n        <img loading=\"lazy\" decoding=\"async\" width=\"480\" height=\"300\" src=\"https:\/\/pb.edu.pl\/via-carpatia\/wp-content\/uploads\/sites\/92\/2025\/10\/2024-11-27-Politechniczna-Siec-Via-Carpatia-fot-Dariusz-Piekut-19-480x300.jpg\" class=\"img-fluid wp-post-image\" alt=\"profesor stoi, za sob\u0105 ma ekran z prezentacj\u0105, przed nim na stole stoi urz\u0105dzenie\" srcset=\"https:\/\/pb.edu.pl\/via-carpatia\/wp-content\/uploads\/sites\/92\/2025\/10\/2024-11-27-Politechniczna-Siec-Via-Carpatia-fot-Dariusz-Piekut-19-480x300.jpg 480w, https:\/\/pb.edu.pl\/via-carpatia\/wp-content\/uploads\/sites\/92\/2025\/10\/2024-11-27-Politechniczna-Siec-Via-Carpatia-fot-Dariusz-Piekut-19-300x188.jpg 300w, https:\/\/pb.edu.pl\/via-carpatia\/wp-content\/uploads\/sites\/92\/2025\/10\/2024-11-27-Politechniczna-Siec-Via-Carpatia-fot-Dariusz-Piekut-19-1024x640.jpg 1024w, https:\/\/pb.edu.pl\/via-carpatia\/wp-content\/uploads\/sites\/92\/2025\/10\/2024-11-27-Politechniczna-Siec-Via-Carpatia-fot-Dariusz-Piekut-19-768x480.jpg 768w, https:\/\/pb.edu.pl\/via-carpatia\/wp-content\/uploads\/sites\/92\/2025\/10\/2024-11-27-Politechniczna-Siec-Via-Carpatia-fot-Dariusz-Piekut-19-1536x960.jpg 1536w, https:\/\/pb.edu.pl\/via-carpatia\/wp-content\/uploads\/sites\/92\/2025\/10\/2024-11-27-Politechniczna-Siec-Via-Carpatia-fot-Dariusz-Piekut-19-2048x1280.jpg 2048w\" sizes=\"auto, (max-width: 480px) 100vw, 480px\" \/>      <\/div>\n      <h3>Politechnika Bia\u0142ostocka rozwija nowoczesne szerokopasmowe \u017ar\u00f3d\u0142o \u015bwiat\u0142owodowe ASE pracuj\u0105ce w pa\u015bmie 2 \u03bcm<\/h3>\n      Demonstrator \u015bwiat\u0142owodowy \u2013 nowa jako\u015b\u0107 w badaniach optycznych    <\/a>\n<\/article>          <\/div>\n                  <div class=\"col-sm-3\">\n            <article class=\"article format-standard\">\n    <span class=\"date text-right\"><i class=\"fal fa-calendar-alt\"><\/i> 03-10-2025<\/span>\n    <a href=\"https:\/\/pb.edu.pl\/via-carpatia\/2025\/10\/03\/znamy-potrzeby-przedsiebiorcow-w-zakresie-uslug-br-raport-politechnicznej-sieci-via-carpatia\/\" title=\"Znamy potrzeby przedsi\u0119biorc\u00f3w w zakresie us\u0142ug B+R. Raport Politechnicznej Sieci VIA CARPATIA\">\n      <div class=\"article-image\">\n        <img loading=\"lazy\" decoding=\"async\" width=\"480\" height=\"300\" src=\"https:\/\/pb.edu.pl\/via-carpatia\/wp-content\/uploads\/sites\/92\/2025\/10\/2025-10_via-carpatia_raport-potrzeb-przedsiebiorcow_www-480x300.jpg\" class=\"img-fluid wp-post-image\" alt=\"\" srcset=\"https:\/\/pb.edu.pl\/via-carpatia\/wp-content\/uploads\/sites\/92\/2025\/10\/2025-10_via-carpatia_raport-potrzeb-przedsiebiorcow_www-480x300.jpg 480w, https:\/\/pb.edu.pl\/via-carpatia\/wp-content\/uploads\/sites\/92\/2025\/10\/2025-10_via-carpatia_raport-potrzeb-przedsiebiorcow_www-300x188.jpg 300w, https:\/\/pb.edu.pl\/via-carpatia\/wp-content\/uploads\/sites\/92\/2025\/10\/2025-10_via-carpatia_raport-potrzeb-przedsiebiorcow_www-1024x640.jpg 1024w, https:\/\/pb.edu.pl\/via-carpatia\/wp-content\/uploads\/sites\/92\/2025\/10\/2025-10_via-carpatia_raport-potrzeb-przedsiebiorcow_www-768x480.jpg 768w, https:\/\/pb.edu.pl\/via-carpatia\/wp-content\/uploads\/sites\/92\/2025\/10\/2025-10_via-carpatia_raport-potrzeb-przedsiebiorcow_www.jpg 1080w\" sizes=\"auto, (max-width: 480px) 100vw, 480px\" \/>      <\/div>\n      <h3>Znamy potrzeby przedsi\u0119biorc\u00f3w w zakresie us\u0142ug B+R. Raport Politechnicznej Sieci VIA CARPATIA<\/h3>\n      Badania w\u015br\u00f3d firm w ramach dzia\u0142ania \"Komercjalizuj z s\u0105siadem\"    <\/a>\n<\/article>          <\/div>\n                  <div class=\"col-sm-3\">\n            <article class=\"article format-standard\">\n    <span class=\"date text-right\"><i class=\"fal fa-calendar-alt\"><\/i> 24-09-2025<\/span>\n    <a href=\"https:\/\/pb.edu.pl\/via-carpatia\/2025\/09\/24\/politechnika-bialostocka-podsumowala-dzialania-w-ramach-politechnicznej-sieci-via-carpatia\/\" title=\"Politechnika Bia\u0142ostocka podsumowa\u0142a dzia\u0142ania w ramach Politechnicznej Sieci Via Carpatia\">\n      <div class=\"article-image\">\n        <img loading=\"lazy\" decoding=\"async\" width=\"480\" height=\"300\" src=\"https:\/\/pb.edu.pl\/via-carpatia\/wp-content\/uploads\/sites\/92\/2025\/09\/2025-09-23-Innowacje-w-Praktyce-Politechniczna-siec-Via-Carpatia-fot-Dariusz-Piekut-PB-30-480x300.jpg\" class=\"img-fluid wp-post-image\" alt=\"\" srcset=\"https:\/\/pb.edu.pl\/via-carpatia\/wp-content\/uploads\/sites\/92\/2025\/09\/2025-09-23-Innowacje-w-Praktyce-Politechniczna-siec-Via-Carpatia-fot-Dariusz-Piekut-PB-30-480x300.jpg 480w, https:\/\/pb.edu.pl\/via-carpatia\/wp-content\/uploads\/sites\/92\/2025\/09\/2025-09-23-Innowacje-w-Praktyce-Politechniczna-siec-Via-Carpatia-fot-Dariusz-Piekut-PB-30-300x188.jpg 300w, https:\/\/pb.edu.pl\/via-carpatia\/wp-content\/uploads\/sites\/92\/2025\/09\/2025-09-23-Innowacje-w-Praktyce-Politechniczna-siec-Via-Carpatia-fot-Dariusz-Piekut-PB-30-1024x640.jpg 1024w, https:\/\/pb.edu.pl\/via-carpatia\/wp-content\/uploads\/sites\/92\/2025\/09\/2025-09-23-Innowacje-w-Praktyce-Politechniczna-siec-Via-Carpatia-fot-Dariusz-Piekut-PB-30-768x480.jpg 768w, https:\/\/pb.edu.pl\/via-carpatia\/wp-content\/uploads\/sites\/92\/2025\/09\/2025-09-23-Innowacje-w-Praktyce-Politechniczna-siec-Via-Carpatia-fot-Dariusz-Piekut-PB-30-1536x960.jpg 1536w, https:\/\/pb.edu.pl\/via-carpatia\/wp-content\/uploads\/sites\/92\/2025\/09\/2025-09-23-Innowacje-w-Praktyce-Politechniczna-siec-Via-Carpatia-fot-Dariusz-Piekut-PB-30-2048x1280.jpg 2048w\" sizes=\"auto, (max-width: 480px) 100vw, 480px\" \/>      <\/div>\n      <h3>Politechnika Bia\u0142ostocka podsumowa\u0142a dzia\u0142ania w ramach Politechnicznej Sieci Via Carpatia<\/h3>\n      5730 godzin zaj\u0119\u0107 wyr\u00f3wnuj\u0105cych wiedz\u0119 dla student\u00f3w 1. roku, 1877&nbsp; godzin    <\/a>\n<\/article>          <\/div>\n                  <div class=\"col-sm-3\">\n            <article class=\"article format-standard\">\n    <span class=\"date text-right\"><i class=\"fal fa-calendar-alt\"><\/i> 23-09-2025<\/span>\n    <a href=\"https:\/\/pb.edu.pl\/via-carpatia\/2025\/09\/23\/politechnika-bialostocka-komercjalizuje-pomysly-uczniow-szkol-ponadpodstawowych\/\" title=\"Politechnika Bia\u0142ostocka komercjalizuje pomys\u0142y uczni\u00f3w szk\u00f3\u0142 ponadpodstawowych\">\n      <div class=\"article-image\">\n        <img loading=\"lazy\" decoding=\"async\" width=\"480\" height=\"300\" src=\"https:\/\/pb.edu.pl\/via-carpatia\/wp-content\/uploads\/sites\/92\/2025\/09\/2025-09-23-Innowacje-w-Praktyce-Politechniczna-siec-Via-Carpatia-fot-Dariusz-Piekut-PB-21-480x300.jpg\" class=\"img-fluid wp-post-image\" alt=\"2025-09-23-Innowacje-w-Praktyce-Politechniczna-sie\u0107-Via-Carpatia-fot-Dariusz-Piekut-PB\" \/>      <\/div>\n      <h3>Politechnika Bia\u0142ostocka komercjalizuje pomys\u0142y uczni\u00f3w szk\u00f3\u0142 ponadpodstawowych<\/h3>\n      Laureaci konkursu Wschodz\u0105cy Innowatorzy Politechnicznej Sieci VIA CARPATIA     <\/a>\n<\/article>          <\/div>\n                  <div class=\"col-sm-3\">\n            <article class=\"article format-standard\">\n    <span class=\"date text-right\"><i class=\"fal fa-calendar-alt\"><\/i> 18-09-2025<\/span>\n    <a href=\"https:\/\/pb.edu.pl\/via-carpatia\/2025\/09\/18\/nowa-oferta-uslugi-badawczo-rozwojowe-politechniki-bialostockiej-w-ramach-politechnicznej-sieci-via-carpatia\/\" title=\"Nowa oferta. Us\u0142ugi badawczo-rozwojowe Politechniki Bia\u0142ostockiej w ramach Politechnicznej Sieci VIA CARPATIA!\">\n      <div class=\"article-image\">\n        <img loading=\"lazy\" decoding=\"async\" width=\"480\" height=\"300\" src=\"https:\/\/pb.edu.pl\/via-carpatia\/wp-content\/uploads\/sites\/92\/2025\/09\/2025-09-oferta-wspolna-2160x1350px-480x300.jpg\" class=\"img-fluid wp-post-image\" alt=\"2025-09-oferta-wspolna-2160x1350px\" srcset=\"https:\/\/pb.edu.pl\/via-carpatia\/wp-content\/uploads\/sites\/92\/2025\/09\/2025-09-oferta-wspolna-2160x1350px-480x300.jpg 480w, https:\/\/pb.edu.pl\/via-carpatia\/wp-content\/uploads\/sites\/92\/2025\/09\/2025-09-oferta-wspolna-2160x1350px-300x188.jpg 300w, https:\/\/pb.edu.pl\/via-carpatia\/wp-content\/uploads\/sites\/92\/2025\/09\/2025-09-oferta-wspolna-2160x1350px-1024x640.jpg 1024w, https:\/\/pb.edu.pl\/via-carpatia\/wp-content\/uploads\/sites\/92\/2025\/09\/2025-09-oferta-wspolna-2160x1350px-768x480.jpg 768w, https:\/\/pb.edu.pl\/via-carpatia\/wp-content\/uploads\/sites\/92\/2025\/09\/2025-09-oferta-wspolna-2160x1350px-1536x960.jpg 1536w, https:\/\/pb.edu.pl\/via-carpatia\/wp-content\/uploads\/sites\/92\/2025\/09\/2025-09-oferta-wspolna-2160x1350px.jpg 1728w\" sizes=\"auto, (max-width: 480px) 100vw, 480px\" \/>      <\/div>\n      <h3>Nowa oferta. Us\u0142ugi badawczo-rozwojowe Politechniki Bia\u0142ostockiej w ramach Politechnicznej Sieci VIA CARPATIA!<\/h3>\n      Rozwijamy wsp\u00f3\u0142prac\u0119 z biznesem    <\/a>\n<\/article>          <\/div>\n                  <div class=\"col-sm-3\">\n            <article class=\"article format-standard\">\n    <span class=\"date text-right\"><i class=\"fal fa-calendar-alt\"><\/i> 17-09-2025<\/span>\n    <a href=\"https:\/\/pb.edu.pl\/via-carpatia\/2025\/09\/17\/aktywnosc-wirtualnego-akceleratora-komercjalizacji-politechniki-bialostockiej-w-2025-roku\/\" title=\"Aktywno\u015b\u0107 Wirtualnego Akceleratora Komercjalizacji Politechniki Bia\u0142ostockiej w 2025 roku\">\n      <div class=\"article-image\">\n        <img loading=\"lazy\" decoding=\"async\" width=\"480\" height=\"300\" src=\"https:\/\/pb.edu.pl\/via-carpatia\/wp-content\/uploads\/sites\/92\/2025\/09\/2025-09_via-carpatia_akcelerator_www-1-480x300.jpg\" class=\"img-fluid wp-post-image\" alt=\"2025-09_via-carpatia_akcelerator_www (1)\" srcset=\"https:\/\/pb.edu.pl\/via-carpatia\/wp-content\/uploads\/sites\/92\/2025\/09\/2025-09_via-carpatia_akcelerator_www-1-480x300.jpg 480w, https:\/\/pb.edu.pl\/via-carpatia\/wp-content\/uploads\/sites\/92\/2025\/09\/2025-09_via-carpatia_akcelerator_www-1-300x188.jpg 300w, https:\/\/pb.edu.pl\/via-carpatia\/wp-content\/uploads\/sites\/92\/2025\/09\/2025-09_via-carpatia_akcelerator_www-1-1024x640.jpg 1024w, https:\/\/pb.edu.pl\/via-carpatia\/wp-content\/uploads\/sites\/92\/2025\/09\/2025-09_via-carpatia_akcelerator_www-1-768x480.jpg 768w, https:\/\/pb.edu.pl\/via-carpatia\/wp-content\/uploads\/sites\/92\/2025\/09\/2025-09_via-carpatia_akcelerator_www-1.jpg 1080w\" sizes=\"auto, (max-width: 480px) 100vw, 480px\" \/>      <\/div>\n      <h3>Aktywno\u015b\u0107 Wirtualnego Akceleratora Komercjalizacji Politechniki Bia\u0142ostockiej w 2025 roku<\/h3>\n      \u201eKomercjalizuj z s\u0105siadem\u201d w ramach Politechnicznej Sieci VIA CARPATIA    <\/a>\n<\/article>          <\/div>\n                  <div class=\"col-sm-3\">\n            <article class=\"article format-standard\">\n    <span class=\"date text-right\"><i class=\"fal fa-calendar-alt\"><\/i> 05-09-2025<\/span>\n    <a href=\"https:\/\/pb.edu.pl\/via-carpatia\/2025\/09\/05\/uczelniane-forum-dziekanatow-politechniki-bialostockiej-przygotowalo-sympozjum-pracownikom-uczelni-z-politechnicznej-sieci-via-carpatia\/\" title=\"Uczelniane Forum Dziekanat\u00f3w Politechniki Bia\u0142ostockiej przygotowa\u0142o sympozjum pracownikom uczelni z Politechnicznej Sieci Via Carpatia\">\n      <div class=\"article-image\">\n        <img loading=\"lazy\" decoding=\"async\" width=\"480\" height=\"300\" src=\"https:\/\/pb.edu.pl\/via-carpatia\/wp-content\/uploads\/sites\/92\/2025\/09\/2025-09-04-Sympozjum-pracownikow-dziekanatow-fot-Pawel-Nowik-PB-480x300.jpg\" class=\"img-fluid wp-post-image\" alt=\"40 os\u00f3b stoi na tle tablicy. 10 os\u00f3b siedzi na krzes\u0142ach. Grupa jest w sali wyk\u0142adowej.\" srcset=\"https:\/\/pb.edu.pl\/via-carpatia\/wp-content\/uploads\/sites\/92\/2025\/09\/2025-09-04-Sympozjum-pracownikow-dziekanatow-fot-Pawel-Nowik-PB-480x300.jpg 480w, https:\/\/pb.edu.pl\/via-carpatia\/wp-content\/uploads\/sites\/92\/2025\/09\/2025-09-04-Sympozjum-pracownikow-dziekanatow-fot-Pawel-Nowik-PB-300x188.jpg 300w, https:\/\/pb.edu.pl\/via-carpatia\/wp-content\/uploads\/sites\/92\/2025\/09\/2025-09-04-Sympozjum-pracownikow-dziekanatow-fot-Pawel-Nowik-PB-1024x640.jpg 1024w, https:\/\/pb.edu.pl\/via-carpatia\/wp-content\/uploads\/sites\/92\/2025\/09\/2025-09-04-Sympozjum-pracownikow-dziekanatow-fot-Pawel-Nowik-PB-768x480.jpg 768w, https:\/\/pb.edu.pl\/via-carpatia\/wp-content\/uploads\/sites\/92\/2025\/09\/2025-09-04-Sympozjum-pracownikow-dziekanatow-fot-Pawel-Nowik-PB-1536x960.jpg 1536w, https:\/\/pb.edu.pl\/via-carpatia\/wp-content\/uploads\/sites\/92\/2025\/09\/2025-09-04-Sympozjum-pracownikow-dziekanatow-fot-Pawel-Nowik-PB-2048x1280.jpg 2048w\" sizes=\"auto, (max-width: 480px) 100vw, 480px\" \/>      <\/div>\n      <h3>Uczelniane Forum Dziekanat\u00f3w Politechniki Bia\u0142ostockiej przygotowa\u0142o sympozjum pracownikom uczelni z Politechnicznej Sieci Via Carpatia<\/h3>\n      Dziekanat sercem ka\u017cdego wydzia\u0142u    <\/a>\n<\/article>          <\/div>\n                  <\/div>\n          <\/div>\n\n<div class=\"text-center\">\n<div class=\"h1\">Partnerzy<\/div>\n<div class=\"row justify-content-center partners\">\n<div class=\"col-sm-3 text-center\"><a href=\"https:\/\/pb.edu.pl\/\"><img loading=\"lazy\" decoding=\"async\" src=\"https:\/\/pb.edu.pl\/via-carpatia\/wp-content\/uploads\/sites\/92\/2023\/12\/logo-czarne_otok.png\" alt=\"logo Politechnika Bia\u0142ostocka\" width=\"1490\" height=\"1183\" class=\"aligncenter size-full wp-image-2811\" srcset=\"https:\/\/pb.edu.pl\/via-carpatia\/wp-content\/uploads\/sites\/92\/2023\/12\/logo-czarne_otok.png 1490w, https:\/\/pb.edu.pl\/via-carpatia\/wp-content\/uploads\/sites\/92\/2023\/12\/logo-czarne_otok-300x238.png 300w, https:\/\/pb.edu.pl\/via-carpatia\/wp-content\/uploads\/sites\/92\/2023\/12\/logo-czarne_otok-1024x813.png 1024w, https:\/\/pb.edu.pl\/via-carpatia\/wp-content\/uploads\/sites\/92\/2023\/12\/logo-czarne_otok-768x610.png 768w, https:\/\/pb.edu.pl\/via-carpatia\/wp-content\/uploads\/sites\/92\/2023\/12\/logo-czarne_otok-403x320.png 403w\" sizes=\"auto, (max-width: 1490px) 100vw, 1490px\" \/><\/a><\/div>\n<div class=\"col-sm-3 text-center\"><a href=\"https:\/\/pollub.pl\/\"><img loading=\"lazy\" decoding=\"async\" src=\"https:\/\/pb.edu.pl\/via-carpatia\/wp-content\/uploads\/sites\/92\/2022\/12\/logo-politechnika-lubelska.png\" alt=\"logo Politechnika Lubelska\" width=\"440\" height=\"115\" class=\"aligncenter size-full wp-image-408\" srcset=\"https:\/\/pb.edu.pl\/via-carpatia\/wp-content\/uploads\/sites\/92\/2022\/12\/logo-politechnika-lubelska.png 440w, https:\/\/pb.edu.pl\/via-carpatia\/wp-content\/uploads\/sites\/92\/2022\/12\/logo-politechnika-lubelska-300x78.png 300w\" sizes=\"auto, (max-width: 440px) 100vw, 440px\" \/><\/a><\/div>\n<div class=\"col-sm-3 text-center\"><a href=\"https:\/\/w.prz.edu.pl\/\"><img loading=\"lazy\" decoding=\"async\" src=\"https:\/\/pb.edu.pl\/via-carpatia\/wp-content\/uploads\/sites\/92\/2022\/12\/logo-politechnika-rzeszowska.png\" alt=\"logo Politechnika Rzeszowska\" width=\"877\" height=\"349\" class=\"aligncenter size-full wp-image-409\" srcset=\"https:\/\/pb.edu.pl\/via-carpatia\/wp-content\/uploads\/sites\/92\/2022\/12\/logo-politechnika-rzeszowska.png 877w, https:\/\/pb.edu.pl\/via-carpatia\/wp-content\/uploads\/sites\/92\/2022\/12\/logo-politechnika-rzeszowska-300x119.png 300w, https:\/\/pb.edu.pl\/via-carpatia\/wp-content\/uploads\/sites\/92\/2022\/12\/logo-politechnika-rzeszowska-768x306.png 768w\" sizes=\"auto, (max-width: 877px) 100vw, 877px\" \/><\/a><\/div>\n<\/div>\n<div style=\"clear:both\"><\/div>\n<hr style=\"width:20%; margin:30px auto 40px auto\">\n<\/div>\n<div class=\"row ministerstwo\">\n<div class=\"col-sm-3 text-center\"><a href=\"https:\/\/www.gov.pl\/web\/nauka\"><img loading=\"lazy\" decoding=\"async\" src=\"https:\/\/pb.edu.pl\/via-carpatia\/wp-content\/uploads\/sites\/92\/2024\/11\/05_znak_uproszczony_kolor_biale_tlo.png\" alt=\"Ministerstwo Nauki i Szkolnictwa Wy\u017cszego\" width=\"1389\" height=\"432\" class=\"aligncenter size-full wp-image-4075\" srcset=\"https:\/\/pb.edu.pl\/via-carpatia\/wp-content\/uploads\/sites\/92\/2024\/11\/05_znak_uproszczony_kolor_biale_tlo.png 1389w, https:\/\/pb.edu.pl\/via-carpatia\/wp-content\/uploads\/sites\/92\/2024\/11\/05_znak_uproszczony_kolor_biale_tlo-300x93.png 300w, https:\/\/pb.edu.pl\/via-carpatia\/wp-content\/uploads\/sites\/92\/2024\/11\/05_znak_uproszczony_kolor_biale_tlo-1024x318.png 1024w, https:\/\/pb.edu.pl\/via-carpatia\/wp-content\/uploads\/sites\/92\/2024\/11\/05_znak_uproszczony_kolor_biale_tlo-768x239.png 768w, https:\/\/pb.edu.pl\/via-carpatia\/wp-content\/uploads\/sites\/92\/2024\/11\/05_znak_uproszczony_kolor_biale_tlo-480x149.png 480w\" sizes=\"auto, (max-width: 1389px) 100vw, 1389px\" \/><\/a><\/div>\n<div class=\"col-sm-7 text-center dofinansowanie\">Dofinansowano ze \u015brodk\u00f3w dotacji celowej Ministra Edukacji i Nauki,<br \/>\nw ramach zadania pn.<br \/>\n\u201ePolitechniczna Sie\u0107 VIA CARPATIA im. Prezydenta RP Lecha Kaczy\u0144skiego\u201d<\/div>\n<div class=\"col-sm-2 text-center\" style=\"padding:0 20px\"><a href=\"https:\/\/www.gov.pl\/web\/premier\/dariusz-wieczorek\"><img loading=\"lazy\" decoding=\"async\" src=\"https:\/\/pb.edu.pl\/via-carpatia\/wp-content\/uploads\/sites\/92\/2024\/11\/01_znak_siatka_podstawowy_kolor_biale_tlo.png\" alt=\"Logo Minister Nauki\" width=\"769\" height=\"432\" class=\"aligncenter size-full wp-image-4078\" srcset=\"https:\/\/pb.edu.pl\/via-carpatia\/wp-content\/uploads\/sites\/92\/2024\/11\/01_znak_siatka_podstawowy_kolor_biale_tlo.png 769w, https:\/\/pb.edu.pl\/via-carpatia\/wp-content\/uploads\/sites\/92\/2024\/11\/01_znak_siatka_podstawowy_kolor_biale_tlo-300x169.png 300w, https:\/\/pb.edu.pl\/via-carpatia\/wp-content\/uploads\/sites\/92\/2024\/11\/01_znak_siatka_podstawowy_kolor_biale_tlo-640x360.png 640w, https:\/\/pb.edu.pl\/via-carpatia\/wp-content\/uploads\/sites\/92\/2024\/11\/01_znak_siatka_podstawowy_kolor_biale_tlo-480x270.png 480w\" sizes=\"auto, (max-width: 769px) 100vw, 769px\" \/><\/a><\/div>\n<\/div>\n<\/div>\n<p>&nbsp;<\/p>\n","protected":false},"excerpt":{"rendered":"<p>Konferencja Innowacje w Praktyce &#8211; 23 wrze\u015bnia 2025 r. Aktualno\u015bci Partnerzy Dofinansowano ze \u015brodk\u00f3w dotacji celowej Ministra Edukacji i Nauki, w ramach zadania pn. \u201ePolitechniczna Sie\u0107 VIA CARPATIA im. Prezydenta RP Lecha Kaczy\u0144skiego\u201d &nbsp;<\/p>\n","protected":false},"author":2,"featured_media":0,"parent":0,"menu_order":0,"comment_status":"closed","ping_status":"closed","template":"","meta":{"_acf_changed":false,"ngg_post_thumbnail":0,"footnotes":""},"class_list":["post-15","page","type-page","status-publish","hentry"],"acf":[],"_links":{"self":[{"href":"https:\/\/pb.edu.pl\/via-carpatia\/wp-json\/wp\/v2\/pages\/15","targetHints":{"allow":["GET"]}}],"collection":[{"href":"https:\/\/pb.edu.pl\/via-carpatia\/wp-json\/wp\/v2\/pages"}],"about":[{"href":"https:\/\/pb.edu.pl\/via-carpatia\/wp-json\/wp\/v2\/types\/page"}],"author":[{"embeddable":true,"href":"https:\/\/pb.edu.pl\/via-carpatia\/wp-json\/wp\/v2\/users\/2"}],"replies":[{"embeddable":true,"href":"https:\/\/pb.edu.pl\/via-carpatia\/wp-json\/wp\/v2\/comments?post=15"}],"version-history":[{"count":0,"href":"https:\/\/pb.edu.pl\/via-carpatia\/wp-json\/wp\/v2\/pages\/15\/revisions"}],"wp:attachment":[{"href":"https:\/\/pb.edu.pl\/via-carpatia\/wp-json\/wp\/v2\/media?parent=15"}],"curies":[{"name":"wp","href":"https:\/\/api.w.org\/{rel}","templated":true}]}}