{"id":73,"date":"2018-05-22T21:14:12","date_gmt":"2018-05-22T19:14:12","guid":{"rendered":"https:\/\/pb.edu.pl\/uci\/?page_id=73"},"modified":"2020-12-28T23:50:50","modified_gmt":"2020-12-28T22:50:50","slug":"solidworks","status":"publish","type":"page","link":"https:\/\/pb.edu.pl\/uci\/oprogramowanie\/solidworks\/","title":{"rendered":"SolidWorks"},"content":{"rendered":"<p>Oprogramowanie SolidWorks jest dost\u0119pne dla student\u00f3w Wydzia\u0142u Mechanicznego.<\/p>\n<p>Informacje zwi\u0105zane z udost\u0119pnianiem mo\u017cna znale\u017a\u0107 na stronie wydzia\u0142u:<br \/>\n<a href=\"https:\/\/wm.pb.edu.pl\/studenci\/ict-i-oprogramowanie\/\">http:\/\/wm.pb.edu.pl\/licencje-oprogramowania\/<\/a><\/p>\n","protected":false},"excerpt":{"rendered":"<p>Oprogramowanie SolidWorks jest dost\u0119pne dla student\u00f3w Wydzia\u0142u Mechanicznego. Informacje zwi\u0105zane z udost\u0119pnianiem mo\u017cna znale\u017a\u0107 na<\/p>\n","protected":false},"author":2,"featured_media":0,"parent":63,"menu_order":3,"comment_status":"closed","ping_status":"closed","template":"","meta":{"_acf_changed":false,"ngg_post_thumbnail":0,"footnotes":""},"class_list":["post-73","page","type-page","status-publish","hentry"],"acf":[],"_links":{"self":[{"href":"https:\/\/pb.edu.pl\/uci\/wp-json\/wp\/v2\/pages\/73","targetHints":{"allow":["GET"]}}],"collection":[{"href":"https:\/\/pb.edu.pl\/uci\/wp-json\/wp\/v2\/pages"}],"about":[{"href":"https:\/\/pb.edu.pl\/uci\/wp-json\/wp\/v2\/types\/page"}],"author":[{"embeddable":true,"href":"https:\/\/pb.edu.pl\/uci\/wp-json\/wp\/v2\/users\/2"}],"replies":[{"embeddable":true,"href":"https:\/\/pb.edu.pl\/uci\/wp-json\/wp\/v2\/comments?post=73"}],"version-history":[{"count":0,"href":"https:\/\/pb.edu.pl\/uci\/wp-json\/wp\/v2\/pages\/73\/revisions"}],"up":[{"embeddable":true,"href":"https:\/\/pb.edu.pl\/uci\/wp-json\/wp\/v2\/pages\/63"}],"wp:attachment":[{"href":"https:\/\/pb.edu.pl\/uci\/wp-json\/wp\/v2\/media?parent=73"}],"curies":[{"name":"wp","href":"https:\/\/api.w.org\/{rel}","templated":true}]}}