{"id":4504,"date":"2025-05-07T09:30:21","date_gmt":"2025-05-07T07:30:21","guid":{"rendered":"https:\/\/pb.edu.pl\/uci\/?page_id=4504"},"modified":"2025-05-07T11:50:10","modified_gmt":"2025-05-07T09:50:10","slug":"podpisy-elektroniczne","status":"publish","type":"page","link":"https:\/\/pb.edu.pl\/uci\/uslugi\/podpisy-elektroniczne\/","title":{"rendered":"Podpisy elektroniczne"},"content":{"rendered":"<p>Uczelniane Centrum Informatyczne udziela wsparcia technicznego w zakresie u\u017cywania i zamawiania certyfikat\u00f3w kwalifikowanych.<\/p>\n<p>Wszelkie pytania zwi\u0105zane z podpisem elektronicznym prosz\u0119 kierowa\u0107 poprzez <a title=\"Przejd\u017a do: Formularz zg\u0142oszeniowy\" href=\"https:\/\/pb.edu.pl\/uci\/helpdesk-zglaszanie-problemow-z-obsluga-systemow\/\">formularz zg\u0142oszeniowy<\/a>.<\/p>\n<p>&nbsp;<\/p>\n<p><a title=\"Przejd\u017a do: Instrukcja znakowania czasem w aplikacji Szafir\" href=\"https:\/\/docs.uci.pb.edu.pl\/aplikacje\/znakowanie.html\">Instrukcja znakowania czasem w aplikacji Szafir<\/a><\/p>\n","protected":false},"excerpt":{"rendered":"<p>Uczelniane Centrum Informatyczne udziela wsparcia technicznego w zakresie u\u017cywania i zamawiania certyfikat\u00f3w kwalifikowanych. Wszelkie pytania<\/p>\n","protected":false},"author":125,"featured_media":0,"parent":97,"menu_order":0,"comment_status":"closed","ping_status":"closed","template":"","meta":{"_acf_changed":false,"ngg_post_thumbnail":0,"footnotes":""},"class_list":["post-4504","page","type-page","status-publish","hentry"],"acf":[],"_links":{"self":[{"href":"https:\/\/pb.edu.pl\/uci\/wp-json\/wp\/v2\/pages\/4504","targetHints":{"allow":["GET"]}}],"collection":[{"href":"https:\/\/pb.edu.pl\/uci\/wp-json\/wp\/v2\/pages"}],"about":[{"href":"https:\/\/pb.edu.pl\/uci\/wp-json\/wp\/v2\/types\/page"}],"author":[{"embeddable":true,"href":"https:\/\/pb.edu.pl\/uci\/wp-json\/wp\/v2\/users\/125"}],"replies":[{"embeddable":true,"href":"https:\/\/pb.edu.pl\/uci\/wp-json\/wp\/v2\/comments?post=4504"}],"version-history":[{"count":0,"href":"https:\/\/pb.edu.pl\/uci\/wp-json\/wp\/v2\/pages\/4504\/revisions"}],"up":[{"embeddable":true,"href":"https:\/\/pb.edu.pl\/uci\/wp-json\/wp\/v2\/pages\/97"}],"wp:attachment":[{"href":"https:\/\/pb.edu.pl\/uci\/wp-json\/wp\/v2\/media?parent=4504"}],"curies":[{"name":"wp","href":"https:\/\/api.w.org\/{rel}","templated":true}]}}