{"id":4171,"date":"2024-11-20T02:04:46","date_gmt":"2024-11-20T01:04:46","guid":{"rendered":"https:\/\/pb.edu.pl\/uci\/?page_id=4171"},"modified":"2025-01-20T13:05:32","modified_gmt":"2025-01-20T12:05:32","slug":"instalacja-pakietu-office365-desktop","status":"publish","type":"page","link":"https:\/\/pb.edu.pl\/uci\/uslugi\/office-365\/instalacja-pakietu-office365-desktop\/","title":{"rendered":"Instalacja pakietu Office365 (desktop)"},"content":{"rendered":"<p>Politechnika Bia\u0142ostocka zapewnia pracownikom i studentom, zar\u00f3wno studi\u00f3w I i II stopnia oraz s\u0142uchaczy szko\u0142y doktoranckiej, najnowsz\u0105 wersj\u0119 pakietu biurowego Office.<\/p>\n<p><strong>UWAGA 1!<br \/>\n<\/strong>Przed instalacj\u0105 sprawd\u017a, kt\u00f3r\u0105 wersj\u0119 pakietu Office posiadasz. Je\u017celi jest starsza od udost\u0119pnionej &#8211; odinstaluj j\u0105.<br \/>\nNowa wersja instaluje si\u0119 r\u00f3wnolegle do starej wersji. Istnieje mo\u017cliwo\u015b\u0107 korzystania z obu, jednak nie jest to zalecane.<br \/>\nOdinstalowanie starej wersji po zako\u0144czonym procesie instalacji nowej wersji spowoduje odpi\u0119cie skojarze\u0144 mi\u0119dzy plikami a oprogramowaniem Office i w efekcie ko\u0144cowym problem z korzystaniem z wcze\u015bniej utworzonych plik\u00f3w.<\/p>\n<p><strong>UWAGA 2!<br \/>\n<\/strong>Aktualizacj\u0119 pakietu Office na komputerach s\u0142u\u017cbowych prosz\u0119 przeprowadza\u0107 w porozumieniu z informatykami wydzia\u0142owymi. Pracownicy administracji centralnej wspierani s\u0105 przez zesp\u00f3\u0142 CKSR.<\/p>\n<p>&nbsp;<\/p>\n<div class=\"h3\">Instrukcja instalacji<\/div>\n<ol>\n<li style=\"list-style-type: none\">\n<ol>\n<li>Wejd\u017a na stron\u0119 do logowania: <a title=\"Przejd x do: Office.com\" href=\"https:\/\/www.office.com\">https:\/\/office.com.<\/a><\/li>\n<li>Wprowad\u017a login i has\u0142o.<\/li>\n<li><span style=\"font-size: 1.5rem\"><span style=\"font-size: 1.5rem\">Kliknij przycisk \u201eZainstaluj aplikacje\u201d (1).&nbsp;<br \/>\n<\/span><\/span>&nbsp;<img loading=\"lazy\" decoding=\"async\" class=\"alignnone wp-image-4174\" src=\"https:\/\/pb.edu.pl\/uci\/wp-content\/uploads\/sites\/17\/2024\/11\/pobierz-aplikacje-1024x517.png\" alt=\"\" width=\"873\" height=\"441\" srcset=\"https:\/\/pb.edu.pl\/uci\/wp-content\/uploads\/sites\/17\/2024\/11\/pobierz-aplikacje-1024x517.png 1024w, https:\/\/pb.edu.pl\/uci\/wp-content\/uploads\/sites\/17\/2024\/11\/pobierz-aplikacje-300x152.png 300w, https:\/\/pb.edu.pl\/uci\/wp-content\/uploads\/sites\/17\/2024\/11\/pobierz-aplikacje-768x388.png 768w, https:\/\/pb.edu.pl\/uci\/wp-content\/uploads\/sites\/17\/2024\/11\/pobierz-aplikacje-1536x776.png 1536w, https:\/\/pb.edu.pl\/uci\/wp-content\/uploads\/sites\/17\/2024\/11\/pobierz-aplikacje.png 1690w\" sizes=\"auto, (max-width: 873px) 100vw, 873px\" \/><\/li>\n<li>Podczas pobierania pakietu pozosta\u0144 zalogowany w oknie przegl\u0105darki.<\/li>\n<li>Po zako\u0144czonym procesie uruchom instalator, a nast\u0119pnie w zainstalowanej aplikacji ponownie zaloguj si\u0119 danymi, kt\u00f3rych u\u017cywasz w Office365.<br \/>\n&nbsp;<\/li>\n<\/ol>\n<\/li>\n<\/ol>\n<div class=\"h3\">W ramach Office365 dost\u0119pne s\u0105:<\/div>\n<ol>\n<li>Najnowsze wersje aplikacji: Word, Excel, PowerPoint, OneNote, Outlook, Skype dla firm, Publisher oraz Access.<\/li>\n<li>Mo\u017cliwo\u015b\u0107 instalacji pakietu Office na 5 komputerach PC lub Mac, 5 tabletach (w tym na iPad), a tak\u017ce na 5 smartfonach.<\/li>\n<li>1 TB osobistego miejsca na wirtualnym dysku OneDrive.<\/li>\n<\/ol>\n","protected":false},"excerpt":{"rendered":"<p>Politechnika Bia\u0142ostocka zapewnia pracownikom i studentom, zar\u00f3wno studi\u00f3w I i II stopnia oraz s\u0142uchaczy szko\u0142y<\/p>\n","protected":false},"author":3,"featured_media":0,"parent":100,"menu_order":0,"comment_status":"closed","ping_status":"closed","template":"","meta":{"_acf_changed":false,"ngg_post_thumbnail":0,"footnotes":""},"class_list":["post-4171","page","type-page","status-publish","hentry"],"acf":[],"_links":{"self":[{"href":"https:\/\/pb.edu.pl\/uci\/wp-json\/wp\/v2\/pages\/4171","targetHints":{"allow":["GET"]}}],"collection":[{"href":"https:\/\/pb.edu.pl\/uci\/wp-json\/wp\/v2\/pages"}],"about":[{"href":"https:\/\/pb.edu.pl\/uci\/wp-json\/wp\/v2\/types\/page"}],"author":[{"embeddable":true,"href":"https:\/\/pb.edu.pl\/uci\/wp-json\/wp\/v2\/users\/3"}],"replies":[{"embeddable":true,"href":"https:\/\/pb.edu.pl\/uci\/wp-json\/wp\/v2\/comments?post=4171"}],"version-history":[{"count":0,"href":"https:\/\/pb.edu.pl\/uci\/wp-json\/wp\/v2\/pages\/4171\/revisions"}],"up":[{"embeddable":true,"href":"https:\/\/pb.edu.pl\/uci\/wp-json\/wp\/v2\/pages\/100"}],"wp:attachment":[{"href":"https:\/\/pb.edu.pl\/uci\/wp-json\/wp\/v2\/media?parent=4171"}],"curies":[{"name":"wp","href":"https:\/\/api.w.org\/{rel}","templated":true}]}}