{"id":4130,"date":"2024-11-12T13:30:53","date_gmt":"2024-11-12T12:30:53","guid":{"rendered":"https:\/\/pb.edu.pl\/uci\/?page_id=4130"},"modified":"2026-03-17T13:20:24","modified_gmt":"2026-03-17T12:20:24","slug":"webinary","status":"publish","type":"page","link":"https:\/\/pb.edu.pl\/uci\/webinary\/","title":{"rendered":"Webinary"},"content":{"rendered":"<p>Zapraszamy do zapoznania si\u0119 ze szkoleniami przeprowadzonymi dla spo\u0142eczno\u015bci akademickiej Politechniki Bia\u0142ostockiej.<br \/>\nW celu uzyskania dost\u0119pu do nagra\u0144 <a title=\"Przejd\u017a do: System Helpdesk\" href=\"https:\/\/pb.edu.pl\/uci\/helpdesk-zglaszanie-problemow-z-obsluga-systemow\/\">nale\u017cy przes\u0142a\u0107 pro\u015bb\u0119<\/a> o udostepnienie nagrania. U\u017cytkownik zostanie dodany do grupy uprawnionej i b\u0119dzie m\u00f3g\u0142 korzysta\u0107 z przygotowanych playlist:<\/p>\n<ul>\n<li><a title=\"\" href=\"https:\/\/pbial-my.sharepoint.com\/:l:\/g\/personal\/uci_pbial_onmicrosoft_com\/FFCz5nJQ4BJKn-WYgcb_1-8Bf9VnrFY8vvXp4xMn_p0ygQ?e=GBFRMP\">Office365<\/a><\/li>\n<li><a title=\"\" href=\"https:\/\/pbial-my.sharepoint.com\/:l:\/g\/personal\/uci_pbial_onmicrosoft_com\/FHAl8XMp7E9Kh1z6u3WZnYEB3_rEikdPHw83I7fm6PBAxg?e=ZvNxmP\">Moodle dla wyk\u0142adowc\u00f3w<\/a><\/li>\n<li><a title=\"\" href=\"https:\/\/pbial-my.sharepoint.com\/:l:\/g\/personal\/uci_pbial_onmicrosoft_com\/FLNDqJoHpM1Jtxj26ZUBVtMB3a94f_bvCEKRBszgV3nrNw?e=GBObGR\">Moodle dla student\u00f3w<\/a><\/li>\n<li><a href=\"https:\/\/pbial-my.sharepoint.com\/:l:\/g\/personal\/uci_pbial_onmicrosoft_com\/FGd7UPomFbZLjOht6fj4KQsBnV7EaIz0GYHtX2YPQZRBwg?e=DYQei2\">USOS i aplikacje satelitarne<\/a> (tylko pracownicy PB)<\/li>\n<li><a title=\"\" href=\"https:\/\/pbial-my.sharepoint.com\/:l:\/g\/personal\/uci_pbial_onmicrosoft_com\/FKldEvYaPsxNiExvAknKFWUBEX1sG4DuOty6v6IX6L0JMQ?e=1xsEUX\">Szkolenie PZP<\/a> (tylko pracownicy PB)<\/li>\n<\/ul>\n","protected":false},"excerpt":{"rendered":"<p>Zapraszamy do zapoznania si\u0119 ze szkoleniami przeprowadzonymi dla spo\u0142eczno\u015bci akademickiej Politechniki Bia\u0142ostockiej. W celu uzyskania<\/p>\n","protected":false},"author":3,"featured_media":0,"parent":0,"menu_order":0,"comment_status":"closed","ping_status":"closed","template":"","meta":{"_acf_changed":false,"ngg_post_thumbnail":0,"footnotes":""},"class_list":["post-4130","page","type-page","status-publish","hentry"],"acf":[],"_links":{"self":[{"href":"https:\/\/pb.edu.pl\/uci\/wp-json\/wp\/v2\/pages\/4130","targetHints":{"allow":["GET"]}}],"collection":[{"href":"https:\/\/pb.edu.pl\/uci\/wp-json\/wp\/v2\/pages"}],"about":[{"href":"https:\/\/pb.edu.pl\/uci\/wp-json\/wp\/v2\/types\/page"}],"author":[{"embeddable":true,"href":"https:\/\/pb.edu.pl\/uci\/wp-json\/wp\/v2\/users\/3"}],"replies":[{"embeddable":true,"href":"https:\/\/pb.edu.pl\/uci\/wp-json\/wp\/v2\/comments?post=4130"}],"version-history":[{"count":1,"href":"https:\/\/pb.edu.pl\/uci\/wp-json\/wp\/v2\/pages\/4130\/revisions"}],"predecessor-version":[{"id":5493,"href":"https:\/\/pb.edu.pl\/uci\/wp-json\/wp\/v2\/pages\/4130\/revisions\/5493"}],"wp:attachment":[{"href":"https:\/\/pb.edu.pl\/uci\/wp-json\/wp\/v2\/media?parent=4130"}],"curies":[{"name":"wp","href":"https:\/\/api.w.org\/{rel}","templated":true}]}}