{"id":474,"date":"2021-07-08T18:06:38","date_gmt":"2021-07-08T16:06:38","guid":{"rendered":"https:\/\/pb.edu.pl\/tnopc\/?page_id=474"},"modified":"2022-11-14T11:41:41","modified_gmt":"2022-11-14T10:41:41","slug":"nagroda-kronenberga-omne-trinum-perfectum","status":"publish","type":"page","link":"https:\/\/pb.edu.pl\/tnopc\/o-konferencji\/nagroda-kronenberga-omne-trinum-perfectum\/","title":{"rendered":"Nagroda Kronenberga \u201eOmne Trinum Perfectum\u201d"},"content":{"rendered":"<p>Nagroda Kronenberga to jeden z d\u0142ugofalowych projekt\u00f3w Fundacji Przysz\u0142o\u015bci Obszar\u00f3w Chronionych \u2013 Instytut Kronenberga. organizacji wspieraj\u0105cej dzia\u0142ania na rzecz zr\u00f3wnowa\u017conego rozwoju i planowania zintegrowanego oraz ochrony dziedzictwa przyrodniczego i kulturowego. Nagroda Kronenberga jest unikatow\u0105 w skali kraju inicjatyw\u0105 promuj\u0105c\u0105 dzia\u0142ania podmiot\u00f3w gospodarczych, kt\u00f3re realizuj\u0105 idee zbie\u017cne z przes\u0142aniem Instytutu Kronenberga. Idea nagrody zawarta jest jej nazwie \u201eOmne Trinum Perfectum\u201d Biznes &#8211; \u015arodowisko &#8211; Dziedzictwo.<\/p>\n<p>Nagroda Kronenberga ma w za\u0142o\u017ceniu promowa\u0107 dobre wzorce, kt\u00f3re opieraj\u0105 si\u0119 na endogenicznym potencja\u0142ach p\u00f3\u0142nocno-wschodniej Polski. Laureatem, przyznawanej raz w roku, Nagrody Kronenberga mo\u017ce zosta\u0107 przedsi\u0119biorca, kt\u00f3ry prowadzi swoj\u0105 dzia\u0142alno\u015b\u0107 z poszanowaniem dziedzictwa przyrodniczego i dziedzictwa kulturowego oraz swoj\u0105 postaw\u0105 pozytywnie wp\u0142ywa na wizerunek wojew\u00f3dztwa podlaskiego i regionu.<\/p>\n<p>Nagroda przyznawana jest przez Kapitu\u0142\u0119, kt\u00f3r\u0105 tworz\u0105 naukowcy, architekci, urbani\u015bci i eksperci w zakresie ochrony dziedzictwo przyrodniczego i kulturowego oraz dotychczasowi laureaci Nagrody Kronenberga:<\/p>\n<ul>\n<li>dr in\u017c. Miros\u0142aw Angielczyk, w\u0142a\u015bciciel, Podlaski Ogr\u00f3d Botaniczny \u201eZio\u0142owy zak\u0105tek\u201d, firma \u201eDary natury\u201d- Koryciny, laureat I edycji Nagrody Kronenberga 2016;<\/li>\n<li>Micha\u0142 Drynkowski, w\u0142a\u015bciciel, Restauracja Carska i Apartamenty w Bia\u0142owie\u017cy, laureat II edycji Nagrody Kronenberga 2017;<\/li>\n<li>\u0141ukasz Toczy\u0142owski, w\u0142a\u015bciciel, Dw\u00f3r Pentowo, Europejska Wioska Bociania, Tykocin, laureat III edycji Nagrody Kronenberga 2018;<\/li>\n<li>Maciej Kotowicz, w\u0142a\u015bciciel, Folwark Hutta, Suwa\u0142ki, laureat IV edycji Nagrody Kronenberga 2019;<\/li>\n<li>Mariusz Cio\u0142ko, w\u0142a\u015bciciel, Villa Regent, Tykocin, laureat V edycji Nagrody Kronenberga 2021.<\/li>\n<\/ul>\n<p>Nagroda Kronenberga jest nagrod\u0105 niefinansow\u0105. Laureat (jeden w roku) otrzymuje j\u0105 w postaci specjalnie zaprojektowanej formy przestrzennej z napisem \u201eOMNE TRINUM PERFECTUM\u201d autorstwa prof. dr. hab. Jaros\u0142awa Perszko oraz okazjonalnego grawertonu.<\/p>\n","protected":false},"excerpt":{"rendered":"<p>Nagroda Kronenberga to jeden z d\u0142ugofalowych projekt\u00f3w Fundacji Przysz\u0142o\u015bci Obszar\u00f3w Chronionych \u2013 Instytut Kronenberga. organizacji wspieraj\u0105cej dzia\u0142ania na rzecz zr\u00f3wnowa\u017conego rozwoju i planowania zintegrowanego oraz ochrony dziedzictwa przyrodniczego i kulturowego. Nagroda Kronenberga jest unikatow\u0105 w skali kraju inicjatyw\u0105 promuj\u0105c\u0105 dzia\u0142ania podmiot\u00f3w gospodarczych, kt\u00f3re realizuj\u0105 idee zbie\u017cne z przes\u0142aniem Instytutu Kronenberga. Idea nagrody zawarta jest jej [&hellip;]<\/p>\n","protected":false},"author":2,"featured_media":0,"parent":41,"menu_order":9,"comment_status":"closed","ping_status":"closed","template":"","meta":{"_acf_changed":false,"ngg_post_thumbnail":0,"footnotes":""},"class_list":["post-474","page","type-page","status-publish","hentry"],"acf":[],"yoast_head":"<!-- This site is optimized with the Yoast SEO plugin v27.0 - https:\/\/yoast.com\/product\/yoast-seo-wordpress\/ -->\n<title>Nagroda Kronenberga \u201eOmne Trinum Perfectum\u201d - TnOPC<\/title>\n<meta name=\"description\" content=\"Nagroda Kronenberga - d\u0142ugofalowy projekt Fundacji Przysz\u0142o\u015bci Obszar\u00f3w Chronionych \u2013 Instytut Kronenberga\" \/>\n<meta name=\"robots\" content=\"index, follow, max-snippet:-1, max-image-preview:large, max-video-preview:-1\" \/>\n<link rel=\"canonical\" href=\"https:\/\/pb.edu.pl\/tnopc\/o-konferencji\/nagroda-kronenberga-omne-trinum-perfectum\/\" \/>\n<meta property=\"og:locale\" content=\"pl_PL\" \/>\n<meta property=\"og:type\" content=\"article\" \/>\n<meta property=\"og:title\" content=\"Nagroda Kronenberga \u201eOmne Trinum Perfectum\u201d - TnOPC\" \/>\n<meta property=\"og:description\" content=\"Nagroda Kronenberga - d\u0142ugofalowy projekt Fundacji Przysz\u0142o\u015bci Obszar\u00f3w Chronionych \u2013 Instytut Kronenberga\" \/>\n<meta property=\"og:url\" content=\"https:\/\/pb.edu.pl\/tnopc\/o-konferencji\/nagroda-kronenberga-omne-trinum-perfectum\/\" \/>\n<meta property=\"og:site_name\" content=\"VII Mi\u0119dzynarodowa Konferencja Naukowa Turystyka na Obszarach Przyrodniczo Cennych - TnOPC\" \/>\n<meta property=\"article:modified_time\" content=\"2022-11-14T10:41:41+00:00\" \/>\n<meta name=\"twitter:card\" content=\"summary_large_image\" \/>\n<meta name=\"twitter:label1\" content=\"Szacowany czas czytania\" \/>\n\t<meta name=\"twitter:data1\" content=\"1 minuta\" \/>\n<script type=\"application\/ld+json\" class=\"yoast-schema-graph\">{\"@context\":\"https:\/\/schema.org\",\"@graph\":[{\"@type\":\"WebPage\",\"@id\":\"https:\/\/pb.edu.pl\/tnopc\/o-konferencji\/nagroda-kronenberga-omne-trinum-perfectum\/\",\"url\":\"https:\/\/pb.edu.pl\/tnopc\/o-konferencji\/nagroda-kronenberga-omne-trinum-perfectum\/\",\"name\":\"Nagroda Kronenberga \u201eOmne Trinum Perfectum\u201d - TnOPC\",\"isPartOf\":{\"@id\":\"https:\/\/pb.edu.pl\/tnopc\/#website\"},\"datePublished\":\"2021-07-08T16:06:38+00:00\",\"dateModified\":\"2022-11-14T10:41:41+00:00\",\"description\":\"Nagroda Kronenberga - d\u0142ugofalowy projekt Fundacji Przysz\u0142o\u015bci Obszar\u00f3w Chronionych \u2013 Instytut Kronenberga\",\"breadcrumb\":{\"@id\":\"https:\/\/pb.edu.pl\/tnopc\/o-konferencji\/nagroda-kronenberga-omne-trinum-perfectum\/#breadcrumb\"},\"inLanguage\":\"pl-PL\",\"potentialAction\":[{\"@type\":\"ReadAction\",\"target\":[\"https:\/\/pb.edu.pl\/tnopc\/o-konferencji\/nagroda-kronenberga-omne-trinum-perfectum\/\"]}]},{\"@type\":\"BreadcrumbList\",\"@id\":\"https:\/\/pb.edu.pl\/tnopc\/o-konferencji\/nagroda-kronenberga-omne-trinum-perfectum\/#breadcrumb\",\"itemListElement\":[{\"@type\":\"ListItem\",\"position\":1,\"name\":\"Strona g\u0142\u00f3wna\",\"item\":\"https:\/\/pb.edu.pl\/tnopc\/\"},{\"@type\":\"ListItem\",\"position\":2,\"name\":\"O konferencji\",\"item\":\"https:\/\/pb.edu.pl\/tnopc\/o-konferencji\/\"},{\"@type\":\"ListItem\",\"position\":3,\"name\":\"Nagroda Kronenberga \u201eOmne Trinum Perfectum\u201d\"}]},{\"@type\":\"WebSite\",\"@id\":\"https:\/\/pb.edu.pl\/tnopc\/#website\",\"url\":\"https:\/\/pb.edu.pl\/tnopc\/\",\"name\":\"VII Mi\u0119dzynarodowa Konferencja Naukowa Turystyka na Obszarach Przyrodniczo Cennych - TnOPC\",\"description\":\"\",\"potentialAction\":[{\"@type\":\"SearchAction\",\"target\":{\"@type\":\"EntryPoint\",\"urlTemplate\":\"https:\/\/pb.edu.pl\/tnopc\/?s={search_term_string}\"},\"query-input\":{\"@type\":\"PropertyValueSpecification\",\"valueRequired\":true,\"valueName\":\"search_term_string\"}}],\"inLanguage\":\"pl-PL\"}]}<\/script>\n<!-- \/ Yoast SEO plugin. -->","yoast_head_json":{"title":"Nagroda Kronenberga \u201eOmne Trinum Perfectum\u201d - TnOPC","description":"Nagroda Kronenberga - d\u0142ugofalowy projekt Fundacji Przysz\u0142o\u015bci Obszar\u00f3w Chronionych \u2013 Instytut Kronenberga","robots":{"index":"index","follow":"follow","max-snippet":"max-snippet:-1","max-image-preview":"max-image-preview:large","max-video-preview":"max-video-preview:-1"},"canonical":"https:\/\/pb.edu.pl\/tnopc\/o-konferencji\/nagroda-kronenberga-omne-trinum-perfectum\/","og_locale":"pl_PL","og_type":"article","og_title":"Nagroda Kronenberga \u201eOmne Trinum Perfectum\u201d - TnOPC","og_description":"Nagroda Kronenberga - d\u0142ugofalowy projekt Fundacji Przysz\u0142o\u015bci Obszar\u00f3w Chronionych \u2013 Instytut Kronenberga","og_url":"https:\/\/pb.edu.pl\/tnopc\/o-konferencji\/nagroda-kronenberga-omne-trinum-perfectum\/","og_site_name":"VII Mi\u0119dzynarodowa Konferencja Naukowa Turystyka na Obszarach Przyrodniczo Cennych - TnOPC","article_modified_time":"2022-11-14T10:41:41+00:00","twitter_card":"summary_large_image","twitter_misc":{"Szacowany czas czytania":"1 minuta"},"schema":{"@context":"https:\/\/schema.org","@graph":[{"@type":"WebPage","@id":"https:\/\/pb.edu.pl\/tnopc\/o-konferencji\/nagroda-kronenberga-omne-trinum-perfectum\/","url":"https:\/\/pb.edu.pl\/tnopc\/o-konferencji\/nagroda-kronenberga-omne-trinum-perfectum\/","name":"Nagroda Kronenberga \u201eOmne Trinum Perfectum\u201d - TnOPC","isPartOf":{"@id":"https:\/\/pb.edu.pl\/tnopc\/#website"},"datePublished":"2021-07-08T16:06:38+00:00","dateModified":"2022-11-14T10:41:41+00:00","description":"Nagroda Kronenberga - d\u0142ugofalowy projekt Fundacji Przysz\u0142o\u015bci Obszar\u00f3w Chronionych \u2013 Instytut Kronenberga","breadcrumb":{"@id":"https:\/\/pb.edu.pl\/tnopc\/o-konferencji\/nagroda-kronenberga-omne-trinum-perfectum\/#breadcrumb"},"inLanguage":"pl-PL","potentialAction":[{"@type":"ReadAction","target":["https:\/\/pb.edu.pl\/tnopc\/o-konferencji\/nagroda-kronenberga-omne-trinum-perfectum\/"]}]},{"@type":"BreadcrumbList","@id":"https:\/\/pb.edu.pl\/tnopc\/o-konferencji\/nagroda-kronenberga-omne-trinum-perfectum\/#breadcrumb","itemListElement":[{"@type":"ListItem","position":1,"name":"Strona g\u0142\u00f3wna","item":"https:\/\/pb.edu.pl\/tnopc\/"},{"@type":"ListItem","position":2,"name":"O konferencji","item":"https:\/\/pb.edu.pl\/tnopc\/o-konferencji\/"},{"@type":"ListItem","position":3,"name":"Nagroda Kronenberga \u201eOmne Trinum Perfectum\u201d"}]},{"@type":"WebSite","@id":"https:\/\/pb.edu.pl\/tnopc\/#website","url":"https:\/\/pb.edu.pl\/tnopc\/","name":"VII Mi\u0119dzynarodowa Konferencja Naukowa Turystyka na Obszarach Przyrodniczo Cennych - TnOPC","description":"","potentialAction":[{"@type":"SearchAction","target":{"@type":"EntryPoint","urlTemplate":"https:\/\/pb.edu.pl\/tnopc\/?s={search_term_string}"},"query-input":{"@type":"PropertyValueSpecification","valueRequired":true,"valueName":"search_term_string"}}],"inLanguage":"pl-PL"}]}},"_links":{"self":[{"href":"https:\/\/pb.edu.pl\/tnopc\/wp-json\/wp\/v2\/pages\/474","targetHints":{"allow":["GET"]}}],"collection":[{"href":"https:\/\/pb.edu.pl\/tnopc\/wp-json\/wp\/v2\/pages"}],"about":[{"href":"https:\/\/pb.edu.pl\/tnopc\/wp-json\/wp\/v2\/types\/page"}],"author":[{"embeddable":true,"href":"https:\/\/pb.edu.pl\/tnopc\/wp-json\/wp\/v2\/users\/2"}],"replies":[{"embeddable":true,"href":"https:\/\/pb.edu.pl\/tnopc\/wp-json\/wp\/v2\/comments?post=474"}],"version-history":[{"count":0,"href":"https:\/\/pb.edu.pl\/tnopc\/wp-json\/wp\/v2\/pages\/474\/revisions"}],"up":[{"embeddable":true,"href":"https:\/\/pb.edu.pl\/tnopc\/wp-json\/wp\/v2\/pages\/41"}],"wp:attachment":[{"href":"https:\/\/pb.edu.pl\/tnopc\/wp-json\/wp\/v2\/media?parent=474"}],"curies":[{"name":"wp","href":"https:\/\/api.w.org\/{rel}","templated":true}]}}