{"id":41,"date":"2021-04-22T19:08:52","date_gmt":"2021-04-22T17:08:52","guid":{"rendered":"https:\/\/pb.edu.pl\/tnopc\/?page_id=41"},"modified":"2022-09-07T15:09:02","modified_gmt":"2022-09-07T13:09:02","slug":"o-konferencji","status":"publish","type":"page","link":"https:\/\/pb.edu.pl\/tnopc\/o-konferencji\/","title":{"rendered":"O konferencji"},"content":{"rendered":"<p><strong style=\"color: #247212\">Konferencja Naukowa \u201eTurystyka na obszarach przyrodniczo cennych\u201d<\/strong> jest wsp\u00f3lnym, corocznym, partnerskim przedsi\u0119wzi\u0119ciem Instytutu Nauk Le\u015bnych Politechniki Bia\u0142ostockiej i Instytutu Kronenberga \u2013 Fundacji Przysz\u0142o\u015bci Obszar\u00f3w Chronionych. Konferencja jest najwa\u017cniejszym w Polsce p\u00f3\u0142nocno-wschodniej i jednym z nielicznych w kraju, cyklicznym wydarzeniem naukowym, po\u015bwi\u0119conym ochronie obszar\u00f3w przyrodniczo i kulturowo cennych oraz szeroko rozumianej gospodarce turystycznej.<\/p>\n<p>Konferencja \u201eTurystyka na obszarach przyrodniczo cennych\u201d jest tak\u017ce istotnym miejscem promowania warto\u015bci jakimi s\u0105 parki narodowe i krajobrazowe oraz dziedzictwo kultury. Promocyjny wymiar wydarzenia s\u0142u\u017cy wzmacnianiu proces\u00f3w sieciowania wsp\u00f3\u0142pracy mi\u0119dzy instytucjami ochrony przyrody, ochrony dziedzictwa kultury, o\u015brodkami naukowymi i samorz\u0105dami lokalnymi. Osi\u0105gane podczas konferencji efekty naukowe i praktyczne s\u0105 \u017ar\u00f3d\u0142em temat\u00f3w bada\u0144 naukowych oraz projekt\u00f3w dotycz\u0105cych kapita\u0142u natury, dziedzictwa kultury i proces\u00f3w gospodarowania na obszarach przyrodniczo cennych.<\/p>\n<p>Konferencja jest unikatowym przedsi\u0119wzi\u0119ciem, kt\u00f3re od wielu lat z powodzeniem \u0142\u0105czy dialog o dziedzictwie przyrodniczym i kulturowym, debat\u0119 na temat dokument\u00f3w doktrynalnych z poszukiwaniem rekomendacji wdro\u017ceniowych.<br \/>\nRealizacji tej wyj\u0105tkowej w skali kraju interdyscyplinarnej konferencji naukowej przy\u015bwieca troska o zr\u00f3wnowa\u017cony rozw\u00f3j w kontek\u015bcie planowania zintegrowanego, \u0142\u0105cz\u0105cego priorytety spo\u0142eczne i gospodarcze z obszarem zagadnie\u0144 \u015brodowiskowych i kulturowych.<\/p>\n<p>Tegoroczna, \u00f3sma ju\u017c edycja konferencji, realizowana jest pod has\u0142em: <strong style=\"color: #247212\">\u201e\u015arodowisko naturalne i dziedzictwo kulturowe jako obszar decyzji i dzia\u0142a\u0144\u201d<\/strong>.<\/p>\n","protected":false},"excerpt":{"rendered":"<p>Konferencja Naukowa \u201eTurystyka na obszarach przyrodniczo cennych\u201d jest wsp\u00f3lnym, corocznym, partnerskim przedsi\u0119wzi\u0119ciem Instytutu Nauk Le\u015bnych Politechniki Bia\u0142ostockiej i Instytutu Kronenberga \u2013 Fundacji Przysz\u0142o\u015bci Obszar\u00f3w Chronionych. Konferencja jest najwa\u017cniejszym w Polsce p\u00f3\u0142nocno-wschodniej i jednym z nielicznych w kraju, cyklicznym wydarzeniem naukowym, po\u015bwi\u0119conym ochronie obszar\u00f3w przyrodniczo i kulturowo cennych oraz szeroko rozumianej gospodarce turystycznej. Konferencja \u201eTurystyka na [&hellip;]<\/p>\n","protected":false},"author":2,"featured_media":0,"parent":0,"menu_order":2,"comment_status":"closed","ping_status":"closed","template":"","meta":{"_acf_changed":false,"ngg_post_thumbnail":0,"footnotes":""},"class_list":["post-41","page","type-page","status-publish","hentry"],"acf":[],"yoast_head":"<!-- This site is optimized with the Yoast SEO plugin v27.0 - https:\/\/yoast.com\/product\/yoast-seo-wordpress\/ -->\n<title>O konferencji - TnOPC 2021<\/title>\n<meta name=\"description\" content=\"Wsp\u00f3lne, coroczne, partnerskie przedsi\u0119wzi\u0119cie Instytutu Nauk Le\u015bnych Politechniki Bia\u0142ostockiej i Instytutu Kronenberga - Fundacji Przysz\u0142o\u015bci Obszar\u00f3w Chronionych\" \/>\n<meta name=\"robots\" content=\"index, follow, max-snippet:-1, max-image-preview:large, max-video-preview:-1\" \/>\n<link rel=\"canonical\" href=\"https:\/\/pb.edu.pl\/tnopc\/o-konferencji\/\" \/>\n<meta property=\"og:locale\" content=\"pl_PL\" \/>\n<meta property=\"og:type\" content=\"article\" \/>\n<meta property=\"og:title\" content=\"O konferencji - TnOPC 2021\" \/>\n<meta property=\"og:description\" content=\"Wsp\u00f3lne, coroczne, partnerskie przedsi\u0119wzi\u0119cie Instytutu Nauk Le\u015bnych Politechniki Bia\u0142ostockiej i Instytutu Kronenberga - Fundacji Przysz\u0142o\u015bci Obszar\u00f3w Chronionych\" \/>\n<meta property=\"og:url\" content=\"https:\/\/pb.edu.pl\/tnopc\/o-konferencji\/\" \/>\n<meta property=\"og:site_name\" content=\"VII Mi\u0119dzynarodowa Konferencja Naukowa Turystyka na Obszarach Przyrodniczo Cennych - TnOPC\" \/>\n<meta property=\"article:modified_time\" content=\"2022-09-07T13:09:02+00:00\" \/>\n<meta name=\"twitter:card\" content=\"summary_large_image\" \/>\n<meta name=\"twitter:label1\" content=\"Szacowany czas czytania\" \/>\n\t<meta name=\"twitter:data1\" content=\"1 minuta\" \/>\n<script type=\"application\/ld+json\" class=\"yoast-schema-graph\">{\"@context\":\"https:\/\/schema.org\",\"@graph\":[{\"@type\":\"WebPage\",\"@id\":\"https:\/\/pb.edu.pl\/tnopc\/o-konferencji\/\",\"url\":\"https:\/\/pb.edu.pl\/tnopc\/o-konferencji\/\",\"name\":\"O konferencji - TnOPC 2021\",\"isPartOf\":{\"@id\":\"https:\/\/pb.edu.pl\/tnopc\/#website\"},\"datePublished\":\"2021-04-22T17:08:52+00:00\",\"dateModified\":\"2022-09-07T13:09:02+00:00\",\"description\":\"Wsp\u00f3lne, coroczne, partnerskie przedsi\u0119wzi\u0119cie Instytutu Nauk Le\u015bnych Politechniki Bia\u0142ostockiej i Instytutu Kronenberga - Fundacji Przysz\u0142o\u015bci Obszar\u00f3w Chronionych\",\"breadcrumb\":{\"@id\":\"https:\/\/pb.edu.pl\/tnopc\/o-konferencji\/#breadcrumb\"},\"inLanguage\":\"pl-PL\",\"potentialAction\":[{\"@type\":\"ReadAction\",\"target\":[\"https:\/\/pb.edu.pl\/tnopc\/o-konferencji\/\"]}]},{\"@type\":\"BreadcrumbList\",\"@id\":\"https:\/\/pb.edu.pl\/tnopc\/o-konferencji\/#breadcrumb\",\"itemListElement\":[{\"@type\":\"ListItem\",\"position\":1,\"name\":\"Strona g\u0142\u00f3wna\",\"item\":\"https:\/\/pb.edu.pl\/tnopc\/\"},{\"@type\":\"ListItem\",\"position\":2,\"name\":\"O konferencji\"}]},{\"@type\":\"WebSite\",\"@id\":\"https:\/\/pb.edu.pl\/tnopc\/#website\",\"url\":\"https:\/\/pb.edu.pl\/tnopc\/\",\"name\":\"VII Mi\u0119dzynarodowa Konferencja Naukowa Turystyka na Obszarach Przyrodniczo Cennych - TnOPC\",\"description\":\"\",\"potentialAction\":[{\"@type\":\"SearchAction\",\"target\":{\"@type\":\"EntryPoint\",\"urlTemplate\":\"https:\/\/pb.edu.pl\/tnopc\/?s={search_term_string}\"},\"query-input\":{\"@type\":\"PropertyValueSpecification\",\"valueRequired\":true,\"valueName\":\"search_term_string\"}}],\"inLanguage\":\"pl-PL\"}]}<\/script>\n<!-- \/ Yoast SEO plugin. -->","yoast_head_json":{"title":"O konferencji - TnOPC 2021","description":"Wsp\u00f3lne, coroczne, partnerskie przedsi\u0119wzi\u0119cie Instytutu Nauk Le\u015bnych Politechniki Bia\u0142ostockiej i Instytutu Kronenberga - Fundacji Przysz\u0142o\u015bci Obszar\u00f3w Chronionych","robots":{"index":"index","follow":"follow","max-snippet":"max-snippet:-1","max-image-preview":"max-image-preview:large","max-video-preview":"max-video-preview:-1"},"canonical":"https:\/\/pb.edu.pl\/tnopc\/o-konferencji\/","og_locale":"pl_PL","og_type":"article","og_title":"O konferencji - TnOPC 2021","og_description":"Wsp\u00f3lne, coroczne, partnerskie przedsi\u0119wzi\u0119cie Instytutu Nauk Le\u015bnych Politechniki Bia\u0142ostockiej i Instytutu Kronenberga - Fundacji Przysz\u0142o\u015bci Obszar\u00f3w Chronionych","og_url":"https:\/\/pb.edu.pl\/tnopc\/o-konferencji\/","og_site_name":"VII Mi\u0119dzynarodowa Konferencja Naukowa Turystyka na Obszarach Przyrodniczo Cennych - TnOPC","article_modified_time":"2022-09-07T13:09:02+00:00","twitter_card":"summary_large_image","twitter_misc":{"Szacowany czas czytania":"1 minuta"},"schema":{"@context":"https:\/\/schema.org","@graph":[{"@type":"WebPage","@id":"https:\/\/pb.edu.pl\/tnopc\/o-konferencji\/","url":"https:\/\/pb.edu.pl\/tnopc\/o-konferencji\/","name":"O konferencji - TnOPC 2021","isPartOf":{"@id":"https:\/\/pb.edu.pl\/tnopc\/#website"},"datePublished":"2021-04-22T17:08:52+00:00","dateModified":"2022-09-07T13:09:02+00:00","description":"Wsp\u00f3lne, coroczne, partnerskie przedsi\u0119wzi\u0119cie Instytutu Nauk Le\u015bnych Politechniki Bia\u0142ostockiej i Instytutu Kronenberga - Fundacji Przysz\u0142o\u015bci Obszar\u00f3w Chronionych","breadcrumb":{"@id":"https:\/\/pb.edu.pl\/tnopc\/o-konferencji\/#breadcrumb"},"inLanguage":"pl-PL","potentialAction":[{"@type":"ReadAction","target":["https:\/\/pb.edu.pl\/tnopc\/o-konferencji\/"]}]},{"@type":"BreadcrumbList","@id":"https:\/\/pb.edu.pl\/tnopc\/o-konferencji\/#breadcrumb","itemListElement":[{"@type":"ListItem","position":1,"name":"Strona g\u0142\u00f3wna","item":"https:\/\/pb.edu.pl\/tnopc\/"},{"@type":"ListItem","position":2,"name":"O konferencji"}]},{"@type":"WebSite","@id":"https:\/\/pb.edu.pl\/tnopc\/#website","url":"https:\/\/pb.edu.pl\/tnopc\/","name":"VII Mi\u0119dzynarodowa Konferencja Naukowa Turystyka na Obszarach Przyrodniczo Cennych - TnOPC","description":"","potentialAction":[{"@type":"SearchAction","target":{"@type":"EntryPoint","urlTemplate":"https:\/\/pb.edu.pl\/tnopc\/?s={search_term_string}"},"query-input":{"@type":"PropertyValueSpecification","valueRequired":true,"valueName":"search_term_string"}}],"inLanguage":"pl-PL"}]}},"_links":{"self":[{"href":"https:\/\/pb.edu.pl\/tnopc\/wp-json\/wp\/v2\/pages\/41","targetHints":{"allow":["GET"]}}],"collection":[{"href":"https:\/\/pb.edu.pl\/tnopc\/wp-json\/wp\/v2\/pages"}],"about":[{"href":"https:\/\/pb.edu.pl\/tnopc\/wp-json\/wp\/v2\/types\/page"}],"author":[{"embeddable":true,"href":"https:\/\/pb.edu.pl\/tnopc\/wp-json\/wp\/v2\/users\/2"}],"replies":[{"embeddable":true,"href":"https:\/\/pb.edu.pl\/tnopc\/wp-json\/wp\/v2\/comments?post=41"}],"version-history":[{"count":0,"href":"https:\/\/pb.edu.pl\/tnopc\/wp-json\/wp\/v2\/pages\/41\/revisions"}],"wp:attachment":[{"href":"https:\/\/pb.edu.pl\/tnopc\/wp-json\/wp\/v2\/media?parent=41"}],"curies":[{"name":"wp","href":"https:\/\/api.w.org\/{rel}","templated":true}]}}