{"id":108,"date":"2021-04-22T21:04:08","date_gmt":"2021-04-22T19:04:08","guid":{"rendered":"https:\/\/pb.edu.pl\/tnopc\/?page_id=108"},"modified":"2022-11-21T08:47:50","modified_gmt":"2022-11-21T07:47:50","slug":"komitet-naukowy","status":"publish","type":"page","link":"https:\/\/pb.edu.pl\/tnopc\/o-konferencji\/komitet-naukowy\/","title":{"rendered":"Komitet naukowy"},"content":{"rendered":"<p>\u2022 Prof. dr hab. in\u017c. S\u0142awomir Bakier \u2013 Przewodnicz\u0105cy Komitetu Naukowego<br \/>\n\u2022 Prof. dr hab. Piotr Banaszuk<br \/>\n\u2022 Prof. dr hab. Tomasz Komornicki<br \/>\n\u2022 Prof. dr hab. Maciej Perkowski<br \/>\n\u2022 Prof. dr hab. Wanda Olech \u2013 Piasecka<br \/>\n\u2022 Dr hab. in\u017c. Marta Kosior \u2013 Kazberuk, prof. PB<br \/>\n\u2022 Dr hab. Piotr Zieli\u0144ski, prof UwB, Dziekan Wydzia\u0142u Biologii, Uniwersytet w Bia\u0142ymstoku<br \/>\n\u2022 Dr hab. Maciej Cie\u015blukowski, prof. UEP<br \/>\n\u2022 Dr hab. in\u017c. arch. Bartosz Czarnecki, prof. PB<br \/>\n\u2022 Dr hab. Ma\u0142gorzata Dolistowska, prof. PB<br \/>\n\u2022 Dr hab. in\u017c. Maciej Zajkowski, prof. PB<br \/>\n\u2022 Dr hab. in\u017c. Miko\u0142aj Jalinik, prof. PB<br \/>\n\u2022 Dr hab. El\u017cbieta Szyma\u0144ska, prof. PB<br \/>\n\u2022 Dr hab. in\u017c. Przemys\u0142aw \u015aleszy\u0144ski, prof. IGiPZ PAN<br \/>\n\u2022 Dr hab. Piotr Go\u0142os<br \/>\n\u2022 Dr hab. Micha\u0142 Krzysiak<br \/>\n\u2022 Dr hab. Katarzyna Podhorodecka<br \/>\n\u2022 Dr hab. Katarzyna Zalasi\u0144ska<br \/>\n\u2022 Dr Alicja Jagielska-Burduk, Sekretarz Generalna, Polski Komitet ds. UNESCO&nbsp;<br \/>\n\u2022 Dr n. med. Katarzyna Simonienko<br \/>\n\u2022 Dr in\u017c. Adam Kwiatkowski<br \/>\n\u2022 Dr in\u017c. Romuald Zi\u00f3\u0142kowski<br \/>\n\u2022 Anna Krysztopik<\/p>\n","protected":false},"excerpt":{"rendered":"<p>\u2022 Prof. dr hab. in\u017c. S\u0142awomir Bakier \u2013 Przewodnicz\u0105cy Komitetu Naukowego \u2022 Prof. dr hab. Piotr Banaszuk \u2022 Prof. dr hab. Tomasz Komornicki \u2022 Prof. dr hab. Maciej Perkowski \u2022 Prof. dr hab. Wanda Olech \u2013 Piasecka \u2022 Dr hab. in\u017c. Marta Kosior \u2013 Kazberuk, prof. PB \u2022 Dr hab. Piotr Zieli\u0144ski, prof UwB, Dziekan [&hellip;]<\/p>\n","protected":false},"author":2,"featured_media":0,"parent":41,"menu_order":3,"comment_status":"closed","ping_status":"closed","template":"","meta":{"_acf_changed":false,"ngg_post_thumbnail":0,"footnotes":""},"class_list":["post-108","page","type-page","status-publish","hentry"],"acf":[],"yoast_head":"<!-- This site is optimized with the Yoast SEO plugin v27.0 - https:\/\/yoast.com\/product\/yoast-seo-wordpress\/ -->\n<title>Komitet naukowy - TnOPC<\/title>\n<meta name=\"description\" content=\"Komitet Naukowy VII Mi\u0119dzynarodowej Konferencji Naukowej Turystyka na Obszarach Przyrodniczo Cennych\" \/>\n<meta name=\"robots\" content=\"index, follow, max-snippet:-1, max-image-preview:large, max-video-preview:-1\" \/>\n<link rel=\"canonical\" href=\"https:\/\/pb.edu.pl\/tnopc\/o-konferencji\/komitet-naukowy\/\" \/>\n<meta property=\"og:locale\" content=\"pl_PL\" \/>\n<meta property=\"og:type\" content=\"article\" \/>\n<meta property=\"og:title\" content=\"Komitet naukowy - TnOPC\" \/>\n<meta property=\"og:description\" content=\"Komitet Naukowy VII Mi\u0119dzynarodowej Konferencji Naukowej Turystyka na Obszarach Przyrodniczo Cennych\" \/>\n<meta property=\"og:url\" content=\"https:\/\/pb.edu.pl\/tnopc\/o-konferencji\/komitet-naukowy\/\" \/>\n<meta property=\"og:site_name\" content=\"VII Mi\u0119dzynarodowa Konferencja Naukowa Turystyka na Obszarach Przyrodniczo Cennych - TnOPC\" \/>\n<meta property=\"article:modified_time\" content=\"2022-11-21T07:47:50+00:00\" \/>\n<meta name=\"twitter:card\" content=\"summary_large_image\" \/>\n<meta name=\"twitter:label1\" content=\"Szacowany czas czytania\" \/>\n\t<meta name=\"twitter:data1\" content=\"1 minuta\" \/>\n<script type=\"application\/ld+json\" class=\"yoast-schema-graph\">{\"@context\":\"https:\/\/schema.org\",\"@graph\":[{\"@type\":\"WebPage\",\"@id\":\"https:\/\/pb.edu.pl\/tnopc\/o-konferencji\/komitet-naukowy\/\",\"url\":\"https:\/\/pb.edu.pl\/tnopc\/o-konferencji\/komitet-naukowy\/\",\"name\":\"Komitet naukowy - TnOPC\",\"isPartOf\":{\"@id\":\"https:\/\/pb.edu.pl\/tnopc\/#website\"},\"datePublished\":\"2021-04-22T19:04:08+00:00\",\"dateModified\":\"2022-11-21T07:47:50+00:00\",\"description\":\"Komitet Naukowy VII Mi\u0119dzynarodowej Konferencji Naukowej Turystyka na Obszarach Przyrodniczo Cennych\",\"breadcrumb\":{\"@id\":\"https:\/\/pb.edu.pl\/tnopc\/o-konferencji\/komitet-naukowy\/#breadcrumb\"},\"inLanguage\":\"pl-PL\",\"potentialAction\":[{\"@type\":\"ReadAction\",\"target\":[\"https:\/\/pb.edu.pl\/tnopc\/o-konferencji\/komitet-naukowy\/\"]}]},{\"@type\":\"BreadcrumbList\",\"@id\":\"https:\/\/pb.edu.pl\/tnopc\/o-konferencji\/komitet-naukowy\/#breadcrumb\",\"itemListElement\":[{\"@type\":\"ListItem\",\"position\":1,\"name\":\"Strona g\u0142\u00f3wna\",\"item\":\"https:\/\/pb.edu.pl\/tnopc\/\"},{\"@type\":\"ListItem\",\"position\":2,\"name\":\"O konferencji\",\"item\":\"https:\/\/pb.edu.pl\/tnopc\/o-konferencji\/\"},{\"@type\":\"ListItem\",\"position\":3,\"name\":\"Komitet naukowy\"}]},{\"@type\":\"WebSite\",\"@id\":\"https:\/\/pb.edu.pl\/tnopc\/#website\",\"url\":\"https:\/\/pb.edu.pl\/tnopc\/\",\"name\":\"VII Mi\u0119dzynarodowa Konferencja Naukowa Turystyka na Obszarach Przyrodniczo Cennych - TnOPC\",\"description\":\"\",\"potentialAction\":[{\"@type\":\"SearchAction\",\"target\":{\"@type\":\"EntryPoint\",\"urlTemplate\":\"https:\/\/pb.edu.pl\/tnopc\/?s={search_term_string}\"},\"query-input\":{\"@type\":\"PropertyValueSpecification\",\"valueRequired\":true,\"valueName\":\"search_term_string\"}}],\"inLanguage\":\"pl-PL\"}]}<\/script>\n<!-- \/ Yoast SEO plugin. -->","yoast_head_json":{"title":"Komitet naukowy - TnOPC","description":"Komitet Naukowy VII Mi\u0119dzynarodowej Konferencji Naukowej Turystyka na Obszarach Przyrodniczo Cennych","robots":{"index":"index","follow":"follow","max-snippet":"max-snippet:-1","max-image-preview":"max-image-preview:large","max-video-preview":"max-video-preview:-1"},"canonical":"https:\/\/pb.edu.pl\/tnopc\/o-konferencji\/komitet-naukowy\/","og_locale":"pl_PL","og_type":"article","og_title":"Komitet naukowy - TnOPC","og_description":"Komitet Naukowy VII Mi\u0119dzynarodowej Konferencji Naukowej Turystyka na Obszarach Przyrodniczo Cennych","og_url":"https:\/\/pb.edu.pl\/tnopc\/o-konferencji\/komitet-naukowy\/","og_site_name":"VII Mi\u0119dzynarodowa Konferencja Naukowa Turystyka na Obszarach Przyrodniczo Cennych - TnOPC","article_modified_time":"2022-11-21T07:47:50+00:00","twitter_card":"summary_large_image","twitter_misc":{"Szacowany czas czytania":"1 minuta"},"schema":{"@context":"https:\/\/schema.org","@graph":[{"@type":"WebPage","@id":"https:\/\/pb.edu.pl\/tnopc\/o-konferencji\/komitet-naukowy\/","url":"https:\/\/pb.edu.pl\/tnopc\/o-konferencji\/komitet-naukowy\/","name":"Komitet naukowy - TnOPC","isPartOf":{"@id":"https:\/\/pb.edu.pl\/tnopc\/#website"},"datePublished":"2021-04-22T19:04:08+00:00","dateModified":"2022-11-21T07:47:50+00:00","description":"Komitet Naukowy VII Mi\u0119dzynarodowej Konferencji Naukowej Turystyka na Obszarach Przyrodniczo Cennych","breadcrumb":{"@id":"https:\/\/pb.edu.pl\/tnopc\/o-konferencji\/komitet-naukowy\/#breadcrumb"},"inLanguage":"pl-PL","potentialAction":[{"@type":"ReadAction","target":["https:\/\/pb.edu.pl\/tnopc\/o-konferencji\/komitet-naukowy\/"]}]},{"@type":"BreadcrumbList","@id":"https:\/\/pb.edu.pl\/tnopc\/o-konferencji\/komitet-naukowy\/#breadcrumb","itemListElement":[{"@type":"ListItem","position":1,"name":"Strona g\u0142\u00f3wna","item":"https:\/\/pb.edu.pl\/tnopc\/"},{"@type":"ListItem","position":2,"name":"O konferencji","item":"https:\/\/pb.edu.pl\/tnopc\/o-konferencji\/"},{"@type":"ListItem","position":3,"name":"Komitet naukowy"}]},{"@type":"WebSite","@id":"https:\/\/pb.edu.pl\/tnopc\/#website","url":"https:\/\/pb.edu.pl\/tnopc\/","name":"VII Mi\u0119dzynarodowa Konferencja Naukowa Turystyka na Obszarach Przyrodniczo Cennych - TnOPC","description":"","potentialAction":[{"@type":"SearchAction","target":{"@type":"EntryPoint","urlTemplate":"https:\/\/pb.edu.pl\/tnopc\/?s={search_term_string}"},"query-input":{"@type":"PropertyValueSpecification","valueRequired":true,"valueName":"search_term_string"}}],"inLanguage":"pl-PL"}]}},"_links":{"self":[{"href":"https:\/\/pb.edu.pl\/tnopc\/wp-json\/wp\/v2\/pages\/108","targetHints":{"allow":["GET"]}}],"collection":[{"href":"https:\/\/pb.edu.pl\/tnopc\/wp-json\/wp\/v2\/pages"}],"about":[{"href":"https:\/\/pb.edu.pl\/tnopc\/wp-json\/wp\/v2\/types\/page"}],"author":[{"embeddable":true,"href":"https:\/\/pb.edu.pl\/tnopc\/wp-json\/wp\/v2\/users\/2"}],"replies":[{"embeddable":true,"href":"https:\/\/pb.edu.pl\/tnopc\/wp-json\/wp\/v2\/comments?post=108"}],"version-history":[{"count":0,"href":"https:\/\/pb.edu.pl\/tnopc\/wp-json\/wp\/v2\/pages\/108\/revisions"}],"up":[{"embeddable":true,"href":"https:\/\/pb.edu.pl\/tnopc\/wp-json\/wp\/v2\/pages\/41"}],"wp:attachment":[{"href":"https:\/\/pb.edu.pl\/tnopc\/wp-json\/wp\/v2\/media?parent=108"}],"curies":[{"name":"wp","href":"https:\/\/api.w.org\/{rel}","templated":true}]}}