{"id":1334,"date":"2022-01-25T10:17:11","date_gmt":"2022-01-25T09:17:11","guid":{"rendered":"https:\/\/pb.edu.pl\/tefen\/?page_id=1334"},"modified":"2026-02-23T11:55:08","modified_gmt":"2026-02-23T10:55:08","slug":"patronat-honorowy","status":"publish","type":"page","link":"https:\/\/pb.edu.pl\/tefen\/o-konferencji\/patronat-honorowy\/","title":{"rendered":"Patronat honorowy"},"content":{"rendered":"<p style=\"text-align: center\">Projekt finansowany ze \u015brodk\u00f3w bud\u017cetu pa\u0144stwa, przyznanych przez Ministra Nauki i Szkolnictwa Wy\u017cszego w ramach Programu \u201eNauka dla Spo\u0142ecze\u0144stwa II\u201d.<\/p>\n<p style=\"text-align: center\"><img loading=\"lazy\" decoding=\"async\" class=\"alignnone size-medium wp-image-1546\" src=\"https:\/\/pb.edu.pl\/tefen\/wp-content\/uploads\/sites\/100\/2025\/07\/01_znak_siatka_podstawowy_kolor_biale_tlo_Minister-300x93.png\" alt=\"\" width=\"300\" height=\"93\" srcset=\"https:\/\/pb.edu.pl\/tefen\/wp-content\/uploads\/sites\/100\/2025\/07\/01_znak_siatka_podstawowy_kolor_biale_tlo_Minister-300x93.png 300w, https:\/\/pb.edu.pl\/tefen\/wp-content\/uploads\/sites\/100\/2025\/07\/01_znak_siatka_podstawowy_kolor_biale_tlo_Minister-1024x319.png 1024w, https:\/\/pb.edu.pl\/tefen\/wp-content\/uploads\/sites\/100\/2025\/07\/01_znak_siatka_podstawowy_kolor_biale_tlo_Minister-768x239.png 768w, https:\/\/pb.edu.pl\/tefen\/wp-content\/uploads\/sites\/100\/2025\/07\/01_znak_siatka_podstawowy_kolor_biale_tlo_Minister.png 1388w\" sizes=\"auto, (max-width: 300px) 100vw, 300px\" \/> <img loading=\"lazy\" decoding=\"async\" class=\"alignnone size-medium wp-image-1547\" src=\"https:\/\/pb.edu.pl\/tefen\/wp-content\/uploads\/sites\/100\/2025\/07\/logoNdS-300x168.jpg\" alt=\"\" width=\"300\" height=\"168\" srcset=\"https:\/\/pb.edu.pl\/tefen\/wp-content\/uploads\/sites\/100\/2025\/07\/logoNdS-300x168.jpg 300w, https:\/\/pb.edu.pl\/tefen\/wp-content\/uploads\/sites\/100\/2025\/07\/logoNdS-1024x573.jpg 1024w, https:\/\/pb.edu.pl\/tefen\/wp-content\/uploads\/sites\/100\/2025\/07\/logoNdS-768x430.jpg 768w, https:\/\/pb.edu.pl\/tefen\/wp-content\/uploads\/sites\/100\/2025\/07\/logoNdS-1536x860.jpg 1536w, https:\/\/pb.edu.pl\/tefen\/wp-content\/uploads\/sites\/100\/2025\/07\/logoNdS.jpg 1601w\" sizes=\"auto, (max-width: 300px) 100vw, 300px\" \/><\/p>\n<p><img loading=\"lazy\" decoding=\"async\" class=\"alignnone  wp-image-1586 aligncenter\" src=\"https:\/\/pb.edu.pl\/tefen\/wp-content\/uploads\/sites\/100\/2025\/07\/herb-honorowy-patronat-jpg-205x300.jpg\" alt=\"\" width=\"158\" height=\"231\" srcset=\"https:\/\/pb.edu.pl\/tefen\/wp-content\/uploads\/sites\/100\/2025\/07\/herb-honorowy-patronat-jpg-205x300.jpg 205w, https:\/\/pb.edu.pl\/tefen\/wp-content\/uploads\/sites\/100\/2025\/07\/herb-honorowy-patronat-jpg-699x1024.jpg 699w, https:\/\/pb.edu.pl\/tefen\/wp-content\/uploads\/sites\/100\/2025\/07\/herb-honorowy-patronat-jpg-768x1125.jpg 768w, https:\/\/pb.edu.pl\/tefen\/wp-content\/uploads\/sites\/100\/2025\/07\/herb-honorowy-patronat-jpg-1049x1536.jpg 1049w, https:\/\/pb.edu.pl\/tefen\/wp-content\/uploads\/sites\/100\/2025\/07\/herb-honorowy-patronat-jpg-1398x2048.jpg 1398w, https:\/\/pb.edu.pl\/tefen\/wp-content\/uploads\/sites\/100\/2025\/07\/herb-honorowy-patronat-jpg-scaled.jpg 1748w\" sizes=\"auto, (max-width: 158px) 100vw, 158px\" \/><br \/>\n&nbsp;<\/p>\n<div class=\"h2 text-center\">Patronat merytoryczny<\/div>\n<p style=\"text-align: center\"><img loading=\"lazy\" decoding=\"async\" class=\"alignnone size-medium wp-image-1579\" src=\"https:\/\/pb.edu.pl\/tefen\/wp-content\/uploads\/sites\/100\/2025\/07\/Logo-z-napisem_1-300x147.jpg\" alt=\"\" width=\"300\" height=\"147\" srcset=\"https:\/\/pb.edu.pl\/tefen\/wp-content\/uploads\/sites\/100\/2025\/07\/Logo-z-napisem_1-300x147.jpg 300w, https:\/\/pb.edu.pl\/tefen\/wp-content\/uploads\/sites\/100\/2025\/07\/Logo-z-napisem_1.jpg 599w\" sizes=\"auto, (max-width: 300px) 100vw, 300px\" \/>&nbsp; &nbsp; <img loading=\"lazy\" decoding=\"async\" class=\"alignnone wp-image-1580\" src=\"https:\/\/pb.edu.pl\/tefen\/wp-content\/uploads\/sites\/100\/2025\/07\/LOGO_SPE-300x288.jpg\" alt=\"\" width=\"152\" height=\"145\" srcset=\"https:\/\/pb.edu.pl\/tefen\/wp-content\/uploads\/sites\/100\/2025\/07\/LOGO_SPE-300x288.jpg 300w, https:\/\/pb.edu.pl\/tefen\/wp-content\/uploads\/sites\/100\/2025\/07\/LOGO_SPE-768x737.jpg 768w, https:\/\/pb.edu.pl\/tefen\/wp-content\/uploads\/sites\/100\/2025\/07\/LOGO_SPE.jpg 876w\" sizes=\"auto, (max-width: 152px) 100vw, 152px\" \/>&nbsp; &nbsp; <img loading=\"lazy\" decoding=\"async\" class=\"alignnone wp-image-1581\" src=\"https:\/\/pb.edu.pl\/tefen\/wp-content\/uploads\/sites\/100\/2025\/07\/logo-not.png\" alt=\"\" width=\"137\" height=\"126\">&nbsp; &nbsp;&nbsp; <img loading=\"lazy\" decoding=\"async\" class=\"alignnone size-medium wp-image-1582\" src=\"https:\/\/pb.edu.pl\/tefen\/wp-content\/uploads\/sites\/100\/2025\/07\/ptetis_logo-b-w-300x128.jpg\" alt=\"\" width=\"300\" height=\"128\" srcset=\"https:\/\/pb.edu.pl\/tefen\/wp-content\/uploads\/sites\/100\/2025\/07\/ptetis_logo-b-w-300x128.jpg 300w, https:\/\/pb.edu.pl\/tefen\/wp-content\/uploads\/sites\/100\/2025\/07\/ptetis_logo-b-w-1024x437.jpg 1024w, https:\/\/pb.edu.pl\/tefen\/wp-content\/uploads\/sites\/100\/2025\/07\/ptetis_logo-b-w-768x328.jpg 768w, https:\/\/pb.edu.pl\/tefen\/wp-content\/uploads\/sites\/100\/2025\/07\/ptetis_logo-b-w.jpg 1452w\" sizes=\"auto, (max-width: 300px) 100vw, 300px\" \/>&nbsp; &nbsp;&nbsp; <img loading=\"lazy\" decoding=\"async\" class=\"alignnone size-medium wp-image-1583\" src=\"https:\/\/pb.edu.pl\/tefen\/wp-content\/uploads\/sites\/100\/2025\/07\/PTETiS-logo-BIALYSTOK-300x104.jpg\" alt=\"\" width=\"300\" height=\"104\" srcset=\"https:\/\/pb.edu.pl\/tefen\/wp-content\/uploads\/sites\/100\/2025\/07\/PTETiS-logo-BIALYSTOK-300x104.jpg 300w, https:\/\/pb.edu.pl\/tefen\/wp-content\/uploads\/sites\/100\/2025\/07\/PTETiS-logo-BIALYSTOK-1024x355.jpg 1024w, https:\/\/pb.edu.pl\/tefen\/wp-content\/uploads\/sites\/100\/2025\/07\/PTETiS-logo-BIALYSTOK-768x266.jpg 768w, https:\/\/pb.edu.pl\/tefen\/wp-content\/uploads\/sites\/100\/2025\/07\/PTETiS-logo-BIALYSTOK-1536x532.jpg 1536w, https:\/\/pb.edu.pl\/tefen\/wp-content\/uploads\/sites\/100\/2025\/07\/PTETiS-logo-BIALYSTOK.jpg 1701w\" sizes=\"auto, (max-width: 300px) 100vw, 300px\" \/> <img loading=\"lazy\" decoding=\"async\" class=\"wp-image-1584 aligncenter\" src=\"https:\/\/pb.edu.pl\/tefen\/wp-content\/uploads\/sites\/100\/2025\/07\/sep-logo.png\" alt=\"\" width=\"151\" height=\"151\" srcset=\"https:\/\/pb.edu.pl\/tefen\/wp-content\/uploads\/sites\/100\/2025\/07\/sep-logo.png 300w, https:\/\/pb.edu.pl\/tefen\/wp-content\/uploads\/sites\/100\/2025\/07\/sep-logo-150x150.png 150w\" sizes=\"auto, (max-width: 151px) 100vw, 151px\" \/><\/p>\n","protected":false},"excerpt":{"rendered":"<p>Projekt finansowany ze \u015brodk\u00f3w bud\u017cetu pa\u0144stwa, przyznanych przez Ministra Nauki i Szkolnictwa Wy\u017cszego w ramach<\/p>\n","protected":false},"author":105,"featured_media":0,"parent":1084,"menu_order":0,"comment_status":"closed","ping_status":"closed","template":"","meta":{"_acf_changed":false,"ngg_post_thumbnail":0,"footnotes":""},"class_list":["post-1334","page","type-page","status-publish","hentry"],"acf":[],"_links":{"self":[{"href":"https:\/\/pb.edu.pl\/tefen\/wp-json\/wp\/v2\/pages\/1334","targetHints":{"allow":["GET"]}}],"collection":[{"href":"https:\/\/pb.edu.pl\/tefen\/wp-json\/wp\/v2\/pages"}],"about":[{"href":"https:\/\/pb.edu.pl\/tefen\/wp-json\/wp\/v2\/types\/page"}],"author":[{"embeddable":true,"href":"https:\/\/pb.edu.pl\/tefen\/wp-json\/wp\/v2\/users\/105"}],"replies":[{"embeddable":true,"href":"https:\/\/pb.edu.pl\/tefen\/wp-json\/wp\/v2\/comments?post=1334"}],"version-history":[{"count":5,"href":"https:\/\/pb.edu.pl\/tefen\/wp-json\/wp\/v2\/pages\/1334\/revisions"}],"predecessor-version":[{"id":1618,"href":"https:\/\/pb.edu.pl\/tefen\/wp-json\/wp\/v2\/pages\/1334\/revisions\/1618"}],"up":[{"embeddable":true,"href":"https:\/\/pb.edu.pl\/tefen\/wp-json\/wp\/v2\/pages\/1084"}],"wp:attachment":[{"href":"https:\/\/pb.edu.pl\/tefen\/wp-json\/wp\/v2\/media?parent=1334"}],"curies":[{"name":"wp","href":"https:\/\/api.w.org\/{rel}","templated":true}]}}