{"id":1110,"date":"2022-01-04T22:53:13","date_gmt":"2022-01-04T21:53:13","guid":{"rendered":"https:\/\/pb.edu.pl\/tefen\/?page_id=1110"},"modified":"2025-09-11T11:29:57","modified_gmt":"2025-09-11T09:29:57","slug":"komitet-organizacyjny","status":"publish","type":"page","link":"https:\/\/pb.edu.pl\/tefen\/o-konferencji\/komitet-organizacyjny\/","title":{"rendered":"Komitet organizacyjny"},"content":{"rendered":"<p><strong>Przewodnicz\u0105cy:<\/strong><br \/>\ndr hab. in\u017c. Maciej Zajkowski, prof. PB<\/p>\n<p><strong>Z-ca przewodnicz\u0105cego:<\/strong><br \/>\ndr in\u017c. Zbigniew So\u0142jan<\/p>\n<p><strong>Sekretarz: <\/strong><br \/>\nmgr Honorata Kruk<\/p>\n<p><strong>Cz\u0142onkowie:<\/strong><\/p>\n<p>dr hab. in\u017c. Jacek Kusznier, prof. PB<\/p>\n<p>dr in\u017c. Agnieszka Choroszucho<\/p>\n<p>dr in\u017c. Urszula B\u0142aszczak<\/p>\n<p>dr in\u017c. Marcin Sulkowski<\/p>\n<p>dr in\u017c. Grzegorz Ho\u0142dy\u0144ski<\/p>\n<p>dr in\u017c. \u0141ukasz Budzy\u0144ski<\/p>\n<p>dr in\u017c. Mateusz Prorok<\/p>\n<p>mgr Ma\u0142gorzata Turecka<\/p>\n<p>in\u017c. Jacek Sajczyk<\/p>\n<p>in\u017c. Artur Osowski<\/p>\n<p>mgr in\u017c. Honorata Sierocka<\/p>\n<p>mgr Magdalena Rogowska<\/p>\n<p>&nbsp;<\/p>\n","protected":false},"excerpt":{"rendered":"<p>Przewodnicz\u0105cy: dr hab. in\u017c. Maciej Zajkowski, prof. PB Z-ca przewodnicz\u0105cego: dr in\u017c. Zbigniew So\u0142jan Sekretarz:<\/p>\n","protected":false},"author":2,"featured_media":0,"parent":1084,"menu_order":5,"comment_status":"closed","ping_status":"closed","template":"","meta":{"_acf_changed":false,"ngg_post_thumbnail":0,"footnotes":""},"class_list":["post-1110","page","type-page","status-publish","hentry"],"acf":[],"_links":{"self":[{"href":"https:\/\/pb.edu.pl\/tefen\/wp-json\/wp\/v2\/pages\/1110","targetHints":{"allow":["GET"]}}],"collection":[{"href":"https:\/\/pb.edu.pl\/tefen\/wp-json\/wp\/v2\/pages"}],"about":[{"href":"https:\/\/pb.edu.pl\/tefen\/wp-json\/wp\/v2\/types\/page"}],"author":[{"embeddable":true,"href":"https:\/\/pb.edu.pl\/tefen\/wp-json\/wp\/v2\/users\/2"}],"replies":[{"embeddable":true,"href":"https:\/\/pb.edu.pl\/tefen\/wp-json\/wp\/v2\/comments?post=1110"}],"version-history":[{"count":0,"href":"https:\/\/pb.edu.pl\/tefen\/wp-json\/wp\/v2\/pages\/1110\/revisions"}],"up":[{"embeddable":true,"href":"https:\/\/pb.edu.pl\/tefen\/wp-json\/wp\/v2\/pages\/1084"}],"wp:attachment":[{"href":"https:\/\/pb.edu.pl\/tefen\/wp-json\/wp\/v2\/media?parent=1110"}],"curies":[{"name":"wp","href":"https:\/\/api.w.org\/{rel}","templated":true}]}}

<p><strong>Przewodniczący:</strong><br />
dr hab. inż. Maciej Zajkowski, prof. PB</p>
<p><strong>Z-ca przewodniczącego:</strong><br />
dr inż. Zbigniew Sołjan</p>
<p><strong>Sekretarz: </strong><br />
mgr Honorata Kruk</p>
<p><strong>Członkowie:</strong></p>
<p>dr hab. inż. Jacek Kusznier, prof. PB</p>
<p>dr inż. Agnieszka Choroszucho</p>
<p>dr inż. Urszula Błaszczak</p>
<p>dr inż. Marcin Sulkowski</p>
<p>dr inż. Grzegorz Hołdyński</p>
<p>dr inż. Łukasz Budzyński</p>
<p>dr inż. Mateusz Prorok</p>
<p>mgr Małgorzata Turecka</p>
<p>inż. Jacek Sajczyk</p>
<p>inż. Artur Osowski</p>
<p>mgr inż. Honorata Sierocka</p>
<p>mgr Magdalena Rogowska</p>
<p>&nbsp;</p>

<p>Przewodniczący: dr hab. inż. Maciej Zajkowski, prof. PB Z-ca przewodniczącego: dr inż. Zbigniew Sołjan Sekretarz:</p>
