{"id":1101,"date":"2022-01-04T22:51:43","date_gmt":"2022-01-04T21:51:43","guid":{"rendered":"https:\/\/pb.edu.pl\/tefen\/?page_id=1101"},"modified":"2023-04-28T19:32:45","modified_gmt":"2023-04-28T17:32:45","slug":"cele-konferencji","status":"publish","type":"page","link":"https:\/\/pb.edu.pl\/tefen\/o-konferencji\/cele-konferencji\/","title":{"rendered":"Cele konferencji"},"content":{"rendered":"<p>Celem konferencji jest dyskusja naukowa z udzia\u0142em przedstawicieli \u015brodowisk: akademickich, eksperckich, administracji publicznej oraz bran\u017cy energetycznej. <\/p>\n<p>Podczas paneli tematycznych: EFEKTYWNO\u015a\u0106 ENERGETYCZNA i TECHNOLOGIE SMART, poruszone zostan\u0105 zagadnienia odnosz\u0105ce si\u0119 do problematyki efektywno\u015bci energetycznej w kontek\u015bcie wykorzystania OZE, \u015bwiat\u0142a dziennego oraz system\u00f3w elektroenergetycznych w kszta\u0142towaniu bilansu energetycznego budynk\u00f3w u\u017cyteczno\u015bci publicznej i teren\u00f3w gminnych, a tak\u017ce rozwi\u0105zania dotycz\u0105ce infrastruktury drogowej z elementami technologii inteligentnych.<\/p>\n<p>Pojawi\u0105 si\u0119 te\u017c kwestie \u015bci\u015ble zwi\u0105zane z polityk\u0105 energetyczn\u0105 wojew\u00f3dztwa podlaskiego i Polski oraz poruszane b\u0119d\u0105 problemy kszta\u0142towania energoch\u0142onno\u015bci r\u00f3\u017cnych sektor\u00f3w lokalnej gospodarki.<\/p>\n","protected":false},"excerpt":{"rendered":"<p>Celem konferencji jest dyskusja naukowa z udzia\u0142em przedstawicieli \u015brodowisk: akademickich, eksperckich, administracji publicznej oraz bran\u017cy<\/p>\n","protected":false},"author":2,"featured_media":0,"parent":1084,"menu_order":1,"comment_status":"closed","ping_status":"closed","template":"","meta":{"_acf_changed":false,"ngg_post_thumbnail":0,"footnotes":""},"class_list":["post-1101","page","type-page","status-publish","hentry"],"acf":[],"_links":{"self":[{"href":"https:\/\/pb.edu.pl\/tefen\/wp-json\/wp\/v2\/pages\/1101","targetHints":{"allow":["GET"]}}],"collection":[{"href":"https:\/\/pb.edu.pl\/tefen\/wp-json\/wp\/v2\/pages"}],"about":[{"href":"https:\/\/pb.edu.pl\/tefen\/wp-json\/wp\/v2\/types\/page"}],"author":[{"embeddable":true,"href":"https:\/\/pb.edu.pl\/tefen\/wp-json\/wp\/v2\/users\/2"}],"replies":[{"embeddable":true,"href":"https:\/\/pb.edu.pl\/tefen\/wp-json\/wp\/v2\/comments?post=1101"}],"version-history":[{"count":0,"href":"https:\/\/pb.edu.pl\/tefen\/wp-json\/wp\/v2\/pages\/1101\/revisions"}],"up":[{"embeddable":true,"href":"https:\/\/pb.edu.pl\/tefen\/wp-json\/wp\/v2\/pages\/1084"}],"wp:attachment":[{"href":"https:\/\/pb.edu.pl\/tefen\/wp-json\/wp\/v2\/media?parent=1101"}],"curies":[{"name":"wp","href":"https:\/\/api.w.org\/{rel}","templated":true}]}}