{"id":53,"date":"2017-10-19T22:45:13","date_gmt":"2017-10-19T20:45:13","guid":{"rendered":"https:\/\/pb.edu.pl\/swfis\/?page_id=53"},"modified":"2026-03-17T13:10:14","modified_gmt":"2026-03-17T12:10:14","slug":"rozklady-zajec-z-wychowania-fizycznego","status":"publish","type":"page","link":"https:\/\/pb.edu.pl\/swfis\/rozklady-zajec-z-wychowania-fizycznego\/","title":{"rendered":"Rozk\u0142ady zaj\u0119\u0107 z Wychowania Fizycznego"},"content":{"rendered":"<p>Rozk\u0142ad zaj\u0119\u0107 z Wychowania Fizycznego 2025\/2026 (semestr letni)<\/p>\n<p><a class=\"xls\" title=\"pobierz plik\" href=\"https:\/\/pb.edu.pl\/swfis\/wp-content\/uploads\/sites\/3\/2026\/03\/SWFiS-rozklad-2025-26-LETNI-1.xls\" data-id=\"1103\">SWFiS-rozklad-2025-26-LETNI (XLS, 87 KB)<\/a> &#8211;&nbsp; aktualizacja 17.03.2026<\/p>\n","protected":false},"excerpt":{"rendered":"<p>Rozk\u0142ad zaj\u0119\u0107 z Wychowania Fizycznego 2025\/2026 (semestr letni) SWFiS-rozklad-2025-26-LETNI (XLS, 87 KB) &#8211;&nbsp; aktualizacja 17.03.2026<\/p>\n","protected":false},"author":2,"featured_media":0,"parent":0,"menu_order":9,"comment_status":"closed","ping_status":"closed","template":"","meta":{"_acf_changed":false,"ngg_post_thumbnail":0,"footnotes":""},"class_list":["post-53","page","type-page","status-publish","hentry"],"acf":[],"_links":{"self":[{"href":"https:\/\/pb.edu.pl\/swfis\/wp-json\/wp\/v2\/pages\/53","targetHints":{"allow":["GET"]}}],"collection":[{"href":"https:\/\/pb.edu.pl\/swfis\/wp-json\/wp\/v2\/pages"}],"about":[{"href":"https:\/\/pb.edu.pl\/swfis\/wp-json\/wp\/v2\/types\/page"}],"author":[{"embeddable":true,"href":"https:\/\/pb.edu.pl\/swfis\/wp-json\/wp\/v2\/users\/2"}],"replies":[{"embeddable":true,"href":"https:\/\/pb.edu.pl\/swfis\/wp-json\/wp\/v2\/comments?post=53"}],"version-history":[{"count":4,"href":"https:\/\/pb.edu.pl\/swfis\/wp-json\/wp\/v2\/pages\/53\/revisions"}],"predecessor-version":[{"id":1104,"href":"https:\/\/pb.edu.pl\/swfis\/wp-json\/wp\/v2\/pages\/53\/revisions\/1104"}],"wp:attachment":[{"href":"https:\/\/pb.edu.pl\/swfis\/wp-json\/wp\/v2\/media?parent=53"}],"curies":[{"name":"wp","href":"https:\/\/api.w.org\/{rel}","templated":true}]}}