{"id":11,"date":"2017-10-17T18:10:47","date_gmt":"2017-10-17T16:10:47","guid":{"rendered":"https:\/\/pb.edu.pl\/swfis\/?page_id=11"},"modified":"2022-09-16T12:52:04","modified_gmt":"2022-09-16T10:52:04","slug":"studium-wfis","status":"publish","type":"page","link":"https:\/\/pb.edu.pl\/swfis\/","title":{"rendered":"Studium WFiS"},"content":{"rendered":"<div id=\"box-menu\" class=\"href\"><\/div>\n<p>&nbsp;<\/p>\n<div class=\"row\">\n<div class=\"col-md-4\">\n\t<div class=\"boxlink animated zoomIn \">\n\t\t<a href=\"\/swfis\/informacje-ogolne\/akademickie-centrum-sportu-hala-sportowa\/\" class=\"no-icon\">\n\t\t\t<div class=\"boxlink-title\"><span>Akademickie Centrum Sportu<\/span><\/div>\n\t\t\t<div class=\"boxlink-content\">\n\t\t\t\t<img decoding=\"async\" class=\"aligncenter size-full\" src=\"https:\/\/pb.edu.pl\/swfis\/wp-content\/uploads\/sites\/3\/2017\/10\/akademickie-centrum-sportu.jpg\" alt=\"\">\t\t\t<\/div>\n\t\t<\/a>\n\t<\/div>\n\n<\/div>\n<div class=\"col-md-4\">\n\t<div class=\"boxlink animated zoomIn \">\n\t\t<a href=\"http:\/\/azs.pb.edu.pl\/\" class=\"no-icon\">\n\t\t\t<div class=\"boxlink-title\"><span>Akademicki Zwi\u0105zek Sportowy<\/span><\/div>\n\t\t\t<div class=\"boxlink-content\">\n\t\t\t\t<img decoding=\"async\" class=\"aligncenter size-full\" src=\"https:\/\/pb.edu.pl\/wp-content\/uploads\/2017\/06\/tartan-track.jpg\" alt=\"\">\t\t\t<\/div>\n\t\t<\/a>\n\t<\/div>\n\n<\/div>\n<div class=\"col-md-4\">\n\t<div class=\"boxlink animated zoomIn \">\n\t\t<a href=\"\/swfis\/informacje-ogolne\/sekcje-akademickiego-zwiazku-sportowego\/\" class=\"no-icon\">\n\t\t\t<div class=\"boxlink-title\"><span>Sekcje AZS<\/span><\/div>\n\t\t\t<div class=\"boxlink-content\">\n\t\t\t\t<img decoding=\"async\" class=\"aligncenter size-full\" src=\"https:\/\/pb.edu.pl\/swfis\/wp-content\/uploads\/sites\/3\/2017\/10\/sekcje-AZS.jpg\" alt=\"\">\t\t\t<\/div>\n\t\t<\/a>\n\t<\/div>\n\n<\/div>\n<\/div>\n&nbsp;<\/p>\n<div id=\"aktualnosci\" class=\"href\"><\/div>\n<p><a class=\"h1 color\" title=\"poka\u017c wszystkie\" style=\"text-decoration:none\" href=\"\/swfis\/aktualnosci\/\">Aktualno\u015bci <i class=\"fa fa-caret-right\" aria-hidden=\"true\"><\/i><\/a><br \/>\n\t\t<div class=\"box news-box \">\n\t\t<div class=\"row\">\n\t\t\t\n\t\t\t\n\t\t\t\t\n\t\t\t\t\t\t\t\t\t\t<div class=\"col-sm-3\">\n\t\t\t\t\t\t\t\n<article class=\"format-standard\">\n    <span class=\"date text-right\"><i class=\"fal fa-calendar-alt\"><\/i> 18-02-2025<\/span>\n    <a href=\"https:\/\/pb.edu.pl\/swfis\/2025\/02\/18\/zajecia-sportowo-rekreacyjne-siatkowki-oraz-koszykowki-pracownikom-pb-bylym-pracownikom-oraz-czlonkom-ich-rodzin-w-semestrze-letnim-2024-2025\/\">\n      <div class=\"article-image\">\n              <\/div>\n      <h3>Zaj\u0119cia sportowo &#8211; rekreacyjne siatk\u00f3wki oraz koszyk\u00f3wki pracownikom PB, by\u0142ym pracownikom oraz cz\u0142onkom ich rodzin w semestrze letnim 2024\/2025<\/h3>\n      Szanowni Pa\u0144stwo, Studium Wychowania Fizycznego i Sportu Politechniki Bia\u0142ostockiej zaprasza wszystkich    <\/a>\n<\/article>\t\t\t\t\t\t<\/div>\n\t\t\t\t\t\t\t\t\t\t\t<div class=\"col-sm-3\">\n\t\t\t\t\t\t\t\n<article class=\"format-standard\">\n    <span class=\"date text-right\"><i class=\"fal fa-calendar-alt\"><\/i> 18-02-2025<\/span>\n    <a href=\"https:\/\/pb.edu.pl\/swfis\/2025\/02\/18\/akademickie-mistrzostwa-polski-w-karate-wkf-2\/\">\n      <div class=\"article-image\">\n        <img loading=\"lazy\" decoding=\"async\" width=\"480\" height=\"300\" src=\"https:\/\/pb.edu.pl\/swfis\/wp-content\/uploads\/sites\/3\/2025\/02\/Karate-2025-480x300.jpg\" class=\"attachment-medium-image-16x10 size-medium-image-16x10 wp-post-image\" alt=\"\" \/>      <\/div>\n      <h3>AMP w Karate WKF<\/h3>\n      &nbsp;Hej, mamy wielkie wie\u015bci!&nbsp;Z ogromn\u0105 przyjemno\u015bci\u0105 informujemy, \u017ce jeste\u015bmy organizatorami Akademickich    <\/a>\n<\/article>\t\t\t\t\t\t<\/div>\n\t\t\t\t\t\t\t\t\t\t\t<div class=\"col-sm-3\">\n\t\t\t\t\t\t\t\n<article class=\"format-standard\">\n    <span class=\"date text-right\"><i class=\"fal fa-calendar-alt\"><\/i> 24-01-2025<\/span>\n    <a href=\"https:\/\/pb.edu.pl\/swfis\/2025\/01\/24\/akdemickie-mistrzostwa-polski-w-judo\/\">\n      <div class=\"article-image\">\n        <img loading=\"lazy\" decoding=\"async\" width=\"480\" height=\"300\" src=\"https:\/\/pb.edu.pl\/swfis\/wp-content\/uploads\/sites\/3\/2025\/01\/Judo-480x300.jpg\" class=\"attachment-medium-image-16x10 size-medium-image-16x10 wp-post-image\" alt=\"\" \/>      <\/div>\n      <h3>AMP w Judo<\/h3>\n      Z ogromn\u0105 przyjemno\u015bci\u0105 informujemy, \u017ce jeste\u015bmy organizatorami Akademickich Mistrzostw Polski w    <\/a>\n<\/article>\t\t\t\t\t\t<\/div>\n\t\t\t\t\t\t\t\t\t\t\t<div class=\"col-sm-3\">\n\t\t\t\t\t\t\t\n<article class=\"format-standard\">\n    <span class=\"date text-right\"><i class=\"fal fa-calendar-alt\"><\/i> 01-10-2024<\/span>\n    <a href=\"https:\/\/pb.edu.pl\/swfis\/2024\/10\/01\/zajecia-sportowo-rekreacyjne-siatkowki-oraz-koszykowki-pracownikom-pb-bylym-pracownikom-oraz-czlonkom-ich-rodzin-w-semestrze-zimowym-2024-2025\/\">\n      <div class=\"article-image\">\n              <\/div>\n      <h3>Zaj\u0119cia sportowo &#8211; rekreacyjne siatk\u00f3wki oraz koszyk\u00f3wki pracownikom PB, by\u0142ym pracownikom oraz cz\u0142onkom ich rodzin w semestrze zimowym 2024\/2025<\/h3>\n      Szanowni Pa\u0144stwo, Studium Wychowania Fizycznego i Sportu Politechniki Bia\u0142ostockiej zaprasza wszystkich    <\/a>\n<\/article>\t\t\t\t\t\t<\/div>\n\t\t\t\t\t\n\t\t\t\t\n\t\t\t\t\t<\/div>\n\t\t\t\t\t<\/div>\n\n","protected":false},"excerpt":{"rendered":"<p>&nbsp; &nbsp; Aktualno\u015bci<\/p>\n","protected":false},"author":2,"featured_media":0,"parent":0,"menu_order":0,"comment_status":"closed","ping_status":"closed","template":"templates\/dzial.php","meta":{"_acf_changed":false,"ngg_post_thumbnail":0,"footnotes":""},"class_list":["post-11","page","type-page","status-publish","hentry"],"acf":[],"_links":{"self":[{"href":"https:\/\/pb.edu.pl\/swfis\/wp-json\/wp\/v2\/pages\/11","targetHints":{"allow":["GET"]}}],"collection":[{"href":"https:\/\/pb.edu.pl\/swfis\/wp-json\/wp\/v2\/pages"}],"about":[{"href":"https:\/\/pb.edu.pl\/swfis\/wp-json\/wp\/v2\/types\/page"}],"author":[{"embeddable":true,"href":"https:\/\/pb.edu.pl\/swfis\/wp-json\/wp\/v2\/users\/2"}],"replies":[{"embeddable":true,"href":"https:\/\/pb.edu.pl\/swfis\/wp-json\/wp\/v2\/comments?post=11"}],"version-history":[{"count":1,"href":"https:\/\/pb.edu.pl\/swfis\/wp-json\/wp\/v2\/pages\/11\/revisions"}],"predecessor-version":[{"id":1107,"href":"https:\/\/pb.edu.pl\/swfis\/wp-json\/wp\/v2\/pages\/11\/revisions\/1107"}],"wp:attachment":[{"href":"https:\/\/pb.edu.pl\/swfis\/wp-json\/wp\/v2\/media?parent=11"}],"curies":[{"name":"wp","href":"https:\/\/api.w.org\/{rel}","templated":true}]}}