{"id":104,"date":"2017-10-21T20:19:00","date_gmt":"2017-10-21T18:19:00","guid":{"rendered":"https:\/\/pb.edu.pl\/swfis\/?page_id=104"},"modified":"2024-02-27T09:13:40","modified_gmt":"2024-02-27T08:13:40","slug":"sekcje-akademickiego-zwiazku-sportowego","status":"publish","type":"page","link":"https:\/\/pb.edu.pl\/swfis\/informacje-ogolne\/sekcje-akademickiego-zwiazku-sportowego\/","title":{"rendered":"Sekcje Akademickiego Zwi\u0105zku Sportowego"},"content":{"rendered":"<p><img loading=\"lazy\" decoding=\"async\" class=\"alignright wp-image-90\" src=\"https:\/\/pb.edu.pl\/swfis\/wp-content\/uploads\/sites\/3\/2017\/10\/2016_03_15-sportkanie-rektor-pb-futsalowcy-7-300x199.jpg\" alt=\"\" width=\"400\" height=\"265\" srcset=\"https:\/\/pb.edu.pl\/swfis\/wp-content\/uploads\/sites\/3\/2017\/10\/2016_03_15-sportkanie-rektor-pb-futsalowcy-7-300x199.jpg 300w, https:\/\/pb.edu.pl\/swfis\/wp-content\/uploads\/sites\/3\/2017\/10\/2016_03_15-sportkanie-rektor-pb-futsalowcy-7.jpg 600w\" sizes=\"auto, (max-width: 400px) 100vw, 400px\" \/><img loading=\"lazy\" decoding=\"async\" class=\"alignright wp-image-88\" style=\"clear: both\" src=\"https:\/\/pb.edu.pl\/swfis\/wp-content\/uploads\/sites\/3\/2017\/10\/DSC_0502-300x199.jpg\" alt=\"\" width=\"400\" height=\"265\" srcset=\"https:\/\/pb.edu.pl\/swfis\/wp-content\/uploads\/sites\/3\/2017\/10\/DSC_0502-300x199.jpg 300w, https:\/\/pb.edu.pl\/swfis\/wp-content\/uploads\/sites\/3\/2017\/10\/DSC_0502.jpg 600w\" sizes=\"auto, (max-width: 400px) 100vw, 400px\" \/>W obiektach sportowych Politechniki odbywaj\u0105 si\u0119 programowe zaj\u0119cia z wychowania fizycznego, gdzie student ma mo\u017cliwo\u015b\u0107 wyboru obiektu i rodzaju zaj\u0119\u0107 w ramach istniej\u0105cej bazy.<\/p>\n<p>Opr\u00f3cz prowadzenia zaj\u0119\u0107 dydaktycznych bardzo pr\u0119\u017cnie funkcjonuje Klub Uczelniany Akademickiego Zwi\u0105zku Sportowego (AZS). Studenci maj\u0105 mo\u017cliwo\u015b\u0107 rozwijania umiej\u0119tno\u015bci sportowych w takich dyscyplinach jak pi\u0142ka siatkowa, koszyk\u00f3wka, pi\u0142ka no\u017cna i futsal, lekka atletyka, p\u0142ywanie, ergometr wio\u015blarski, judo, tenis sto\u0142owy, badminton, tr\u00f3jb\u00f3j si\u0142owy, kolarstwo g\u00f3rskie, strzelectwo sportowe, szachy, karate.<\/p>\n<p>Studenci Politechniki Bia\u0142ostockiej osi\u0105gaj\u0105 bardzo wysokie wyniki oraz zdobywaj\u0105 medale na Akademickich Mistrzostwach Polski jak r\u00f3wnie\u017c Podlaskiej Akademickiej Lidze Mi\u0119dzyuczelnianej, zar\u00f3wno w kategoriach dru\u017cynowych jak i indywidualnych.<\/p>\n<p>Najwi\u0119kszymi sukcesami pochwali\u0107 si\u0119&nbsp;mog\u0105 zawodnicy sekcji lekkiej atletyki oraz futsalu.<\/p>\n<p>Trzy z\u0142ote medale oraz pi\u0119\u0107 srebrnych jest zas\u0142ug\u0105 zawodnik\u00f3w KU&nbsp;AZS&nbsp;lekkiej atletyki.<\/p>\n<p>Trzecie miejsce w&nbsp;klasyfikacji generalnej AMP&nbsp;zdobyli zawodnicy KU&nbsp;AZS&nbsp;futsalu.<\/p>\n<p>&nbsp;<\/p>\n<p>Harmonogram trening\u00f3w sekcji sportowych KU AZS Politechniki Bia\u0142ostockiej znajdziecie pod linkiem:&nbsp;<a href=\"https:\/\/pb.edu.pl\/swfis\/plan-treningowy-sekcji-ku-azs\/\">https:\/\/pb.edu.pl\/swfis\/plan-treningowy-sekcji-ku-azs\/<\/a><\/p>\n<p style=\"text-align: right\"><em>opr.&nbsp;Anna&nbsp;Pietraszko<\/em><\/p>\n","protected":false},"excerpt":{"rendered":"<p>W obiektach sportowych Politechniki odbywaj\u0105 si\u0119 programowe zaj\u0119cia z wychowania fizycznego, gdzie student ma mo\u017cliwo\u015b\u0107<\/p>\n","protected":false},"author":2,"featured_media":0,"parent":17,"menu_order":2,"comment_status":"closed","ping_status":"closed","template":"","meta":{"_acf_changed":false,"ngg_post_thumbnail":0,"footnotes":""},"class_list":["post-104","page","type-page","status-publish","hentry"],"acf":[],"_links":{"self":[{"href":"https:\/\/pb.edu.pl\/swfis\/wp-json\/wp\/v2\/pages\/104","targetHints":{"allow":["GET"]}}],"collection":[{"href":"https:\/\/pb.edu.pl\/swfis\/wp-json\/wp\/v2\/pages"}],"about":[{"href":"https:\/\/pb.edu.pl\/swfis\/wp-json\/wp\/v2\/types\/page"}],"author":[{"embeddable":true,"href":"https:\/\/pb.edu.pl\/swfis\/wp-json\/wp\/v2\/users\/2"}],"replies":[{"embeddable":true,"href":"https:\/\/pb.edu.pl\/swfis\/wp-json\/wp\/v2\/comments?post=104"}],"version-history":[{"count":0,"href":"https:\/\/pb.edu.pl\/swfis\/wp-json\/wp\/v2\/pages\/104\/revisions"}],"up":[{"embeddable":true,"href":"https:\/\/pb.edu.pl\/swfis\/wp-json\/wp\/v2\/pages\/17"}],"wp:attachment":[{"href":"https:\/\/pb.edu.pl\/swfis\/wp-json\/wp\/v2\/media?parent=104"}],"curies":[{"name":"wp","href":"https:\/\/api.w.org\/{rel}","templated":true}]}}

Sekcje Akademickiego Związku Sportowego

<p><img loading="lazy" decoding="async" class="alignright wp-image-90" src="https://pb.edu.pl/swfis/wp-content/uploads/sites/3/2017/10/2016_03_15-sportkanie-rektor-pb-futsalowcy-7-300x199.jpg" alt="" width="400" height="265" srcset="https://pb.edu.pl/swfis/wp-content/uploads/sites/3/2017/10/2016_03_15-sportkanie-rektor-pb-futsalowcy-7-300x199.jpg 300w, https://pb.edu.pl/swfis/wp-content/uploads/sites/3/2017/10/2016_03_15-sportkanie-rektor-pb-futsalowcy-7.jpg 600w" sizes="auto, (max-width: 400px) 100vw, 400px" /><img loading="lazy" decoding="async" class="alignright wp-image-88" style="clear: both" src="https://pb.edu.pl/swfis/wp-content/uploads/sites/3/2017/10/DSC_0502-300x199.jpg" alt="" width="400" height="265" srcset="https://pb.edu.pl/swfis/wp-content/uploads/sites/3/2017/10/DSC_0502-300x199.jpg 300w, https://pb.edu.pl/swfis/wp-content/uploads/sites/3/2017/10/DSC_0502.jpg 600w" sizes="auto, (max-width: 400px) 100vw, 400px" />W obiektach sportowych Politechniki odbywają się programowe zajęcia z wychowania fizycznego, gdzie student ma możliwość wyboru obiektu i rodzaju zajęć w ramach istniejącej bazy.</p>
<p>Oprócz prowadzenia zajęć dydaktycznych bardzo prężnie funkcjonuje Klub Uczelniany Akademickiego Związku Sportowego (AZS). Studenci mają możliwość rozwijania umiejętności sportowych w takich dyscyplinach jak piłka siatkowa, koszykówka, piłka nożna i futsal, lekka atletyka, pływanie, ergometr wioślarski, judo, tenis stołowy, badminton, trójbój siłowy, kolarstwo górskie, strzelectwo sportowe, szachy, karate.</p>
<p>Studenci Politechniki Białostockiej osiągają bardzo wysokie wyniki oraz zdobywają medale na Akademickich Mistrzostwach Polski jak również Podlaskiej Akademickiej Lidze Międzyuczelnianej, zarówno w kategoriach drużynowych jak i indywidualnych.</p>
<p>Największymi sukcesami pochwalić się&nbsp;mogą zawodnicy sekcji lekkiej atletyki oraz futsalu.</p>
<p>Trzy złote medale oraz pięć srebrnych jest zasługą zawodników KU&nbsp;AZS&nbsp;lekkiej atletyki.</p>
<p>Trzecie miejsce w&nbsp;klasyfikacji generalnej AMP&nbsp;zdobyli zawodnicy KU&nbsp;AZS&nbsp;futsalu.</p>
<p>&nbsp;</p>
<p>Harmonogram treningów sekcji sportowych KU AZS Politechniki Białostockiej znajdziecie pod linkiem:&nbsp;<a href="https://pb.edu.pl/swfis/plan-treningowy-sekcji-ku-azs/">https://pb.edu.pl/swfis/plan-treningowy-sekcji-ku-azs/</a></p>
<p style="text-align: right"><em>opr.&nbsp;Anna&nbsp;Pietraszko</em></p>

<p>W obiektach sportowych Politechniki odbywają się programowe zajęcia z wychowania fizycznego, gdzie student ma możliwość</p>
