{"id":56,"date":"2021-05-25T18:18:22","date_gmt":"2021-05-25T16:18:22","guid":{"rendered":"https:\/\/pb.edu.pl\/strategiarozwoju\/?page_id=56"},"modified":"2021-09-16T22:34:02","modified_gmt":"2021-09-16T20:34:02","slug":"etap-3-opracowanie-programu-dzialan-operacyjnych","status":"publish","type":"page","link":"https:\/\/pb.edu.pl\/strategiarozwoju\/etap-3-opracowanie-programu-dzialan-operacyjnych\/","title":{"rendered":"Etap 3: Opracowanie programu dzia\u0142a\u0144 operacyjnych"},"content":{"rendered":"<p><img loading=\"lazy\" decoding=\"async\" class=\"aligncenter size-full wp-image-24 fototop\" src=\"https:\/\/pb.edu.pl\/strategiarozwoju\/wp-content\/uploads\/sites\/68\/2021\/05\/header-etap3.jpg\" alt=\"kartki z danymi graficznymi\" width=\"1140\" height=\"539\" srcset=\"https:\/\/pb.edu.pl\/strategiarozwoju\/wp-content\/uploads\/sites\/68\/2021\/05\/header-etap3.jpg 1140w, https:\/\/pb.edu.pl\/strategiarozwoju\/wp-content\/uploads\/sites\/68\/2021\/05\/header-etap3-300x142.jpg 300w, https:\/\/pb.edu.pl\/strategiarozwoju\/wp-content\/uploads\/sites\/68\/2021\/05\/header-etap3-1024x484.jpg 1024w, https:\/\/pb.edu.pl\/strategiarozwoju\/wp-content\/uploads\/sites\/68\/2021\/05\/header-etap3-768x363.jpg 768w\" sizes=\"auto, (max-width: 1140px) 100vw, 1140px\" \/><\/p>\n<div class=\"green medium size-30\"><span class=\"orange\">Etap 3:<\/span> Opracowanie programu dzia\u0142a\u0144 operacyjnych<\/div>\n<p>&nbsp;<br \/>\nNa tym etapie wszystkie zespo\u0142y zidentyfikuj\u0105 dzia\u0142ania umo\u017cliwiaj\u0105ce osi\u0105gniecie po\u017c\u0105danego scenariuszu rozwoju PB<br \/>\nw perspektywie 2030 roku.<br \/>\n&nbsp;<br \/>\n\n      <a href=\"https:\/\/pb.edu.pl\/strategiarozwoju\/etap-3-opracowanie-programu-dzialan-operacyjnych\/zadanie-7\/\" target=\"\" class=\"button_strategia\">\n      <span class=\"button_strategia-number\">\n        Zadanie        <span>7<\/span>\n      <\/span>\n      <span class=\"button_strategia-text\">\n        OPRACOWANIE DZIA\u0141A\u0143 OPERACYJNYCH      <\/span>\n    <\/a>\n  \n","protected":false},"excerpt":{"rendered":"<p>Etap 3: Opracowanie programu dzia\u0142a\u0144 operacyjnych &nbsp; Na tym etapie wszystkie zespo\u0142y zidentyfikuj\u0105 dzia\u0142ania umo\u017cliwiaj\u0105ce<\/p>\n","protected":false},"author":2,"featured_media":0,"parent":0,"menu_order":6,"comment_status":"closed","ping_status":"closed","template":"templates\/dzial.php","meta":{"_acf_changed":false,"ngg_post_thumbnail":0,"footnotes":""},"class_list":["post-56","page","type-page","status-publish","hentry"],"acf":[],"_links":{"self":[{"href":"https:\/\/pb.edu.pl\/strategiarozwoju\/wp-json\/wp\/v2\/pages\/56","targetHints":{"allow":["GET"]}}],"collection":[{"href":"https:\/\/pb.edu.pl\/strategiarozwoju\/wp-json\/wp\/v2\/pages"}],"about":[{"href":"https:\/\/pb.edu.pl\/strategiarozwoju\/wp-json\/wp\/v2\/types\/page"}],"author":[{"embeddable":true,"href":"https:\/\/pb.edu.pl\/strategiarozwoju\/wp-json\/wp\/v2\/users\/2"}],"replies":[{"embeddable":true,"href":"https:\/\/pb.edu.pl\/strategiarozwoju\/wp-json\/wp\/v2\/comments?post=56"}],"version-history":[{"count":0,"href":"https:\/\/pb.edu.pl\/strategiarozwoju\/wp-json\/wp\/v2\/pages\/56\/revisions"}],"wp:attachment":[{"href":"https:\/\/pb.edu.pl\/strategiarozwoju\/wp-json\/wp\/v2\/media?parent=56"}],"curies":[{"name":"wp","href":"https:\/\/api.w.org\/{rel}","templated":true}]}}