{"id":314,"date":"2021-09-16T15:10:04","date_gmt":"2021-09-16T13:10:04","guid":{"rendered":"https:\/\/pb.edu.pl\/strategiarozwoju\/?page_id=314"},"modified":"2021-09-17T09:15:55","modified_gmt":"2021-09-17T07:15:55","slug":"zadanie-1","status":"publish","type":"page","link":"https:\/\/pb.edu.pl\/strategiarozwoju\/etap-1-diagnoza-stanu-istniejacego\/zadanie-1\/","title":{"rendered":"Zadanie 1: CHARAKTERYSTYKA PB"},"content":{"rendered":"<p>&nbsp;<\/p>\n<div class=\"green bold size-24\"><span class=\"orange\">Zadanie 1:<\/span> CHARAKTERYSTYKA PB<\/div>\n<div class=\"medium size-14\">(Opis stanu zastanego na dzie\u0144 31 grudnia 2020 r.)<\/div>\n<p>&nbsp;<br \/>\nPolega na scharakteryzowaniu stanu zastanego PB na podstawie sprawozdania Rektora z kadencji 2016-2020 zostan\u0105 opisane sfery funkcjonowania Uczelni wyznaczone przez mierniki wy\u0142onione i podane w Strategii Rozwoju Politechniki Bia\u0142ostockiej.<br \/>\n&nbsp;<\/p>\n<div style=\"max-width: 600px; margin:0 auto\">\n<div class=\"embed-responsive embed-responsive-16by9\"><iframe loading=\"lazy\" title=\"Wydzia\u0142 In\u017cynierii Zarz\u0105dzania Politechniki Bia\u0142ostockiej \u2013 uzupe\u0142nienie Strategii Rozwoju PB\" width=\"500\" height=\"281\" src=\"https:\/\/www.youtube.com\/embed\/BBYokYRc-e8?feature=oembed\" frameborder=\"0\" allow=\"accelerometer; autoplay; clipboard-write; encrypted-media; gyroscope; picture-in-picture; web-share\" referrerpolicy=\"strict-origin-when-cross-origin\" allowfullscreen><\/iframe><\/div>\n<\/div>\n<div class=\"text-center\">\n&nbsp;<br \/>\n&nbsp;<\/p>\n<div class=\"medium size-16\"><span class=\"green2 bold size-18\">Wykonawcy:<\/span> Centrum Danych i Analiz Strategicznych<\/div>\n<div class=\"medium size-16\"><span class=\"green2 bold size-18\">Metoda:<\/span> analiza danych<\/div>\n<div class=\"medium size-16\"><span class=\"green2 bold size-18\">Rezultat:<\/span> opis stanu zastanego\/obecnego na dzie\u0144 31.12.2020<\/div>\n<\/div>\n<\/div>\n<p>&nbsp;<\/p>\n<div style=\"max-width: 600px; margin:0 auto\">\n<div class=\"embed-responsive embed-responsive-16by9\"><iframe loading=\"lazy\" title=\"Centrum Danych i Analiz Strategicznych Politechniki Bia\u0142ostockiej- uzupe\u0142nienie Strategii Rozwoju PB\" width=\"500\" height=\"281\" src=\"https:\/\/www.youtube.com\/embed\/McF7ZnmF_7U?feature=oembed\" frameborder=\"0\" allow=\"accelerometer; autoplay; clipboard-write; encrypted-media; gyroscope; picture-in-picture; web-share\" referrerpolicy=\"strict-origin-when-cross-origin\" allowfullscreen><\/iframe><\/div>\n<\/div>\n<p>&nbsp;<br \/>\n&nbsp;<br \/>\n<img loading=\"lazy\" decoding=\"async\" class=\"aligncenter size-full wp-image-43\" src=\"https:\/\/pb.edu.pl\/strategiarozwoju\/wp-content\/uploads\/sites\/68\/2021\/05\/strzalki.jpg\" alt=\"strza\u0142ki\" width=\"700\" height=\"186\" srcset=\"https:\/\/pb.edu.pl\/strategiarozwoju\/wp-content\/uploads\/sites\/68\/2021\/05\/strzalki.jpg 700w, https:\/\/pb.edu.pl\/strategiarozwoju\/wp-content\/uploads\/sites\/68\/2021\/05\/strzalki-300x80.jpg 300w\" sizes=\"auto, (max-width: 700px) 100vw, 700px\" \/><br \/>\n&nbsp;<\/p>\n<p><!--\n[sc id=\"youtube_gallery\"]\n--><\/p>\n","protected":false},"excerpt":{"rendered":"<p>&nbsp; Zadanie 1: CHARAKTERYSTYKA PB (Opis stanu zastanego na dzie\u0144 31 grudnia 2020 r.) &nbsp;<\/p>\n","protected":false},"author":2,"featured_media":0,"parent":37,"menu_order":1,"comment_status":"closed","ping_status":"closed","template":"templates\/dzial.php","meta":{"_acf_changed":false,"ngg_post_thumbnail":0,"footnotes":""},"class_list":["post-314","page","type-page","status-publish","hentry"],"acf":[],"_links":{"self":[{"href":"https:\/\/pb.edu.pl\/strategiarozwoju\/wp-json\/wp\/v2\/pages\/314","targetHints":{"allow":["GET"]}}],"collection":[{"href":"https:\/\/pb.edu.pl\/strategiarozwoju\/wp-json\/wp\/v2\/pages"}],"about":[{"href":"https:\/\/pb.edu.pl\/strategiarozwoju\/wp-json\/wp\/v2\/types\/page"}],"author":[{"embeddable":true,"href":"https:\/\/pb.edu.pl\/strategiarozwoju\/wp-json\/wp\/v2\/users\/2"}],"replies":[{"embeddable":true,"href":"https:\/\/pb.edu.pl\/strategiarozwoju\/wp-json\/wp\/v2\/comments?post=314"}],"version-history":[{"count":0,"href":"https:\/\/pb.edu.pl\/strategiarozwoju\/wp-json\/wp\/v2\/pages\/314\/revisions"}],"up":[{"embeddable":true,"href":"https:\/\/pb.edu.pl\/strategiarozwoju\/wp-json\/wp\/v2\/pages\/37"}],"wp:attachment":[{"href":"https:\/\/pb.edu.pl\/strategiarozwoju\/wp-json\/wp\/v2\/media?parent=314"}],"curies":[{"name":"wp","href":"https:\/\/api.w.org\/{rel}","templated":true}]}}