{"id":2252,"date":"2023-09-19T23:00:55","date_gmt":"2023-09-19T21:00:55","guid":{"rendered":"https:\/\/pb.edu.pl\/strategia-spolecznej-odpowiedzialnosci\/?page_id=2252"},"modified":"2023-09-19T23:01:39","modified_gmt":"2023-09-19T21:01:39","slug":"zespol","status":"publish","type":"page","link":"https:\/\/pb.edu.pl\/strategia-spolecznej-odpowiedzialnosci\/zespol\/","title":{"rendered":"Zesp\u00f3\u0142 opracowuj\u0105cy strategi\u0119"},"content":{"rendered":"<p><strong>W sk\u0142ad zespo\u0142u powo\u0142anego do opracowania Strategii Spo\u0142ecznej Odpowiedzialno\u015bci Politechniki Bia\u0142ostockiej weszli:<\/strong><\/p>\n<ul>\n<li>Rektor Politechniki Bia\u0142ostockiej dr hab. in\u017c. Marta Kosior-Kazberuk, prof. PB \u2013 Przewodnicz\u0105ca<\/li>\n<li>dr Wioletta Czemiel-Grzybowska \u2013 Pe\u0142nomocnik ds. Spo\u0142ecznej Odpowiedzialno\u015bci Politechniki Bia\u0142ostockiej<\/li>\n<li>dr Joanna Szyd\u0142o \u2013 Pe\u0142nomocnik Rektora ds. R\u00f3wnego Traktowania i Przeciwdzia\u0142ania Dyskryminacji w Politechnice Bia\u0142ostockiej<\/li>\n<li>mgr Tomasz Jastrz\u0119bski \u2013 Pe\u0142nomocnik Rektora ds. Os\u00f3b z Niepe\u0142nosprawno\u015bciami<\/li>\n<li>mgr Anna Kukor-B\u0105k \u2013 dyrektor Biura Rektora Politechniki Bia\u0142ostockiej<\/li>\n<li>mgr Ma\u0142gorzata Jegli\u0144ska-Krupa \u2013 kierownik Centrum Danych i Analiz Strategicznych<\/li>\n<li>dr in\u017c. Romuald Zi\u00f3\u0142kowski \u2013 Przewodnicz\u0105cy Zespo\u0142u ds. Planu na rzecz R\u00f3wnouprawnienia P\u0142ci w Politechnice Bia\u0142ostockiej<\/li>\n<li>dr Dan Wo\u0142kowycki \u2013 cz\u0142onek Zespo\u0142u ds. Strategii Zr\u00f3wnowa\u017conego Rozwoju Politechniki Bia\u0142ostockiej<\/li>\n<li>Adrian Twardowski \u2013 Przewodnicz\u0105cy Samorz\u0105du Student\u00f3w Politechniki Bia\u0142ostockiej<\/li>\n<li>Olga Kraszewska \u2013 Przewodnicz\u0105ca Komisji Rewizyjnej Samorz\u0105du Studenckiego Politechniki Bia\u0142ostockiej.<\/li>\n<\/ul>\n","protected":false},"excerpt":{"rendered":"<p>W sk\u0142ad zespo\u0142u powo\u0142anego do opracowania Strategii Spo\u0142ecznej Odpowiedzialno\u015bci Politechniki Bia\u0142ostockiej weszli: Rektor Politechniki Bia\u0142ostockiej<\/p>\n","protected":false},"author":2,"featured_media":0,"parent":0,"menu_order":0,"comment_status":"closed","ping_status":"closed","template":"","meta":{"_acf_changed":false,"ngg_post_thumbnail":0,"footnotes":""},"class_list":["post-2252","page","type-page","status-publish","hentry"],"acf":[],"_links":{"self":[{"href":"https:\/\/pb.edu.pl\/strategia-spolecznej-odpowiedzialnosci\/wp-json\/wp\/v2\/pages\/2252","targetHints":{"allow":["GET"]}}],"collection":[{"href":"https:\/\/pb.edu.pl\/strategia-spolecznej-odpowiedzialnosci\/wp-json\/wp\/v2\/pages"}],"about":[{"href":"https:\/\/pb.edu.pl\/strategia-spolecznej-odpowiedzialnosci\/wp-json\/wp\/v2\/types\/page"}],"author":[{"embeddable":true,"href":"https:\/\/pb.edu.pl\/strategia-spolecznej-odpowiedzialnosci\/wp-json\/wp\/v2\/users\/2"}],"replies":[{"embeddable":true,"href":"https:\/\/pb.edu.pl\/strategia-spolecznej-odpowiedzialnosci\/wp-json\/wp\/v2\/comments?post=2252"}],"version-history":[{"count":0,"href":"https:\/\/pb.edu.pl\/strategia-spolecznej-odpowiedzialnosci\/wp-json\/wp\/v2\/pages\/2252\/revisions"}],"wp:attachment":[{"href":"https:\/\/pb.edu.pl\/strategia-spolecznej-odpowiedzialnosci\/wp-json\/wp\/v2\/media?parent=2252"}],"curies":[{"name":"wp","href":"https:\/\/api.w.org\/{rel}","templated":true}]}}

Zespół opracowujący strategię

<p><strong>W skład zespołu powołanego do opracowania Strategii Społecznej Odpowiedzialności Politechniki Białostockiej weszli:</strong></p>
<ul>
<li>Rektor Politechniki Białostockiej dr hab. inż. Marta Kosior-Kazberuk, prof. PB – Przewodnicząca</li>
<li>dr Wioletta Czemiel-Grzybowska – Pełnomocnik ds. Społecznej Odpowiedzialności Politechniki Białostockiej</li>
<li>dr Joanna Szydło – Pełnomocnik Rektora ds. Równego Traktowania i Przeciwdziałania Dyskryminacji w Politechnice Białostockiej</li>
<li>mgr Tomasz Jastrzębski – Pełnomocnik Rektora ds. Osób z Niepełnosprawnościami</li>
<li>mgr Anna Kukor-Bąk – dyrektor Biura Rektora Politechniki Białostockiej</li>
<li>mgr Małgorzata Jeglińska-Krupa – kierownik Centrum Danych i Analiz Strategicznych</li>
<li>dr inż. Romuald Ziółkowski – Przewodniczący Zespołu ds. Planu na rzecz Równouprawnienia Płci w Politechnice Białostockiej</li>
<li>dr Dan Wołkowycki – członek Zespołu ds. Strategii Zrównoważonego Rozwoju Politechniki Białostockiej</li>
<li>Adrian Twardowski – Przewodniczący Samorządu Studentów Politechniki Białostockiej</li>
<li>Olga Kraszewska – Przewodnicząca Komisji Rewizyjnej Samorządu Studenckiego Politechniki Białostockiej.</li>
</ul>

<p>W skład zespołu powołanego do opracowania Strategii Społecznej Odpowiedzialności Politechniki Białostockiej weszli: Rektor Politechniki Białostockiej</p>
