{"id":2229,"date":"2023-09-19T22:45:26","date_gmt":"2023-09-19T20:45:26","guid":{"rendered":"https:\/\/pb.edu.pl\/strategia-spolecznej-odpowiedzialnosci\/?page_id=2229"},"modified":"2023-09-19T22:53:49","modified_gmt":"2023-09-19T20:53:49","slug":"diagnoza","status":"publish","type":"page","link":"https:\/\/pb.edu.pl\/strategia-spolecznej-odpowiedzialnosci\/diagnoza\/","title":{"rendered":"Diagnoza"},"content":{"rendered":"<div class=\"h2\">Diagnoza stanu:<\/div>\n<p>Na podstawie przeprowadzonej ankiety samooceny uczelni z wdra\u017cania Deklaracji Spo\u0142ecznej Odpowiedzialno\u015bci Uczelni przeprowadzonej na wniosek Ministerstwa Rozwoju w roku 2022 za lata 2019-2021, ustalono nast\u0119puj\u0105ce fakty:<\/p>\n<ol>\n<li>Uczelnia posiada Strategi\u0119 Rozwoju Politechniki Bia\u0142ostockiej na lata 2021-2024 z perspektyw\u0105 wyd\u0142u\u017cenia do roku 2030;<\/li>\n<li>Uczelnia posiada Plan na rzecz R\u00f3wnouprawnienia P\u0142ci w Politechnice Bia\u0142ostockiej, jak r\u00f3wnie\u017c Plan Dzia\u0142a\u0144 R\u00f3wno\u015bciowych na lata 2022-2024;<\/li>\n<li>Uczelnia posiada Pe\u0142nomocnika ds. R\u00f3wnego Traktowania i Przeciwdzia\u0142ania Dyskryminacji w Politechnice Bia\u0142ostockiej;<\/li>\n<li>Uczelnia posiada Pe\u0142nomocnika Rektora ds. Os\u00f3b z Niepe\u0142nosprawno\u015bciami;<\/li>\n<li>Uczelnia nie posiada Pe\u0142nomocnika Rektora do Spraw Spo\u0142ecznej Odpowiedzialno\u015bci Politechniki Bia\u0142ostockiej.<\/li>\n<\/ol>\n<p><strong>Dzia\u0142ania do poprawy:<\/strong><\/p>\n<ol>\n<li>Komunikacja mi\u0119dzy interesariuszami wewn\u0119trznymi oraz interesariuszami zewn\u0119trznymi.<\/li>\n<li>System rekrutacji i adaptacji pracownik\u00f3w Politechniki Bia\u0142ostockiej.<\/li>\n<li>Innowacyjno\u015b\u0107 metod dydaktycznych.<\/li>\n<li>Ewaluacja jako\u015bci kszta\u0142cenia.<\/li>\n<li>Wsp\u00f3\u0142praca naukowa i dydaktyczna z interesariuszami wewn\u0119trznymi i zewn\u0119trznymi.<\/li>\n<li>Nadmierna biurokracja, nadmiar procedur.<\/li>\n<li>Brak wykorzystywania nowoczesnych narz\u0119dzi zarz\u0105dzania organizacj\u0105.<\/li>\n<\/ol>\n<p><strong>Dzia\u0142ania do uzupe\u0142nienia:<\/strong><\/p>\n<ol>\n<li>Wieloletni plan inwestycji powinien uwzgl\u0119dnia\u0107 dost\u0119pno\u015b\u0107 architektoniczn\u0105.<\/li>\n<li>Narz\u0119dzia wspieraj\u0105ce rozw\u00f3j pracownik\u00f3w Politechniki Bia\u0142ostockiej, w tym potrzeba badania potrzeb pracownik\u00f3w.<\/li>\n<li>Cykliczne badania potrzeb i oczekiwa\u0144 pracodawc\u00f3w w zakresie kompetencji przysz\u0142ych pracownik\u00f3w.<\/li>\n<li>Nastawienie na innowacyjne i interdyscyplinarne kierunki studi\u00f3w.<\/li>\n<li>Cykliczne konsultacje program\u00f3w studi\u00f3w z interesariuszami zewn\u0119trznymi.<\/li>\n<li>Cykliczne analizy w zakresie innowacyjnych kierunk\u00f3w studi\u00f3w.<\/li>\n<li>Brak Karty R\u00f3\u017cnorodno\u015bci, brak Logo HR Excellence i innych akredytacji i certyfikat\u00f3w potwierdzaj\u0105cych spo\u0142eczn\u0105 odpowiedzialno\u015b\u0107 uczelni.<\/li>\n<li>Dzia\u0142ania promuj\u0105ce zr\u00f3wnowa\u017cony rozw\u00f3j, r\u00f3wno\u015b\u0107 kobiet i m\u0119\u017cczyzn, zwi\u0119kszanie dost\u0119pno\u015bci osobom o szczeg\u00f3lnych potrzebach.<\/li>\n<\/ol>\n","protected":false},"excerpt":{"rendered":"<p>Diagnoza stanu: Na podstawie przeprowadzonej ankiety samooceny uczelni z wdra\u017cania Deklaracji Spo\u0142ecznej Odpowiedzialno\u015bci Uczelni przeprowadzonej<\/p>\n","protected":false},"author":2,"featured_media":0,"parent":0,"menu_order":5,"comment_status":"closed","ping_status":"closed","template":"","meta":{"_acf_changed":false,"ngg_post_thumbnail":0,"footnotes":""},"class_list":["post-2229","page","type-page","status-publish","hentry"],"acf":[],"_links":{"self":[{"href":"https:\/\/pb.edu.pl\/strategia-spolecznej-odpowiedzialnosci\/wp-json\/wp\/v2\/pages\/2229","targetHints":{"allow":["GET"]}}],"collection":[{"href":"https:\/\/pb.edu.pl\/strategia-spolecznej-odpowiedzialnosci\/wp-json\/wp\/v2\/pages"}],"about":[{"href":"https:\/\/pb.edu.pl\/strategia-spolecznej-odpowiedzialnosci\/wp-json\/wp\/v2\/types\/page"}],"author":[{"embeddable":true,"href":"https:\/\/pb.edu.pl\/strategia-spolecznej-odpowiedzialnosci\/wp-json\/wp\/v2\/users\/2"}],"replies":[{"embeddable":true,"href":"https:\/\/pb.edu.pl\/strategia-spolecznej-odpowiedzialnosci\/wp-json\/wp\/v2\/comments?post=2229"}],"version-history":[{"count":0,"href":"https:\/\/pb.edu.pl\/strategia-spolecznej-odpowiedzialnosci\/wp-json\/wp\/v2\/pages\/2229\/revisions"}],"wp:attachment":[{"href":"https:\/\/pb.edu.pl\/strategia-spolecznej-odpowiedzialnosci\/wp-json\/wp\/v2\/media?parent=2229"}],"curies":[{"name":"wp","href":"https:\/\/api.w.org\/{rel}","templated":true}]}}