{"id":18,"date":"2020-09-22T23:35:35","date_gmt":"2020-09-22T21:35:35","guid":{"rendered":"https:\/\/pb.edu.pl\/strategia-spolecznej-odpowiedzialnosci\/?page_id=18"},"modified":"2026-03-24T22:02:41","modified_gmt":"2026-03-24T21:02:41","slug":"home","status":"publish","type":"page","link":"https:\/\/pb.edu.pl\/strategia-spolecznej-odpowiedzialnosci\/","title":{"rendered":""},"content":{"rendered":"<p>&nbsp;<br \/>\n<img decoding=\"async\" class=\"alignnone size-medium wp-image-1866 hidden-xs\" src=\"https:\/\/pb.edu.pl\/strategia-spolecznej-odpowiedzialnosci\/wp-content\/uploads\/sites\/111\/2023\/09\/naglowek.png\" alt=\"Strategia spo\u0142ecznej odpowiedzialno\u015bci\"><\/p>\n<p><img decoding=\"async\" class=\"alignnone size-medium wp-image-1866 visible-xs-block\" src=\"https:\/\/pb.edu.pl\/strategia-spolecznej-odpowiedzialnosci\/wp-content\/uploads\/sites\/111\/2023\/09\/naglowek-mobile.png\" alt=\"Moja Zielona Politechnika\"><\/p>\n<p><img loading=\"lazy\" decoding=\"async\" class=\"alignleft wp-image-2164\" src=\"https:\/\/pb.edu.pl\/strategia-spolecznej-odpowiedzialnosci\/wp-content\/uploads\/sites\/111\/2023\/09\/zdjecie-rektor.jpg\" alt=\"Rektor Politechniki Bia\u0142ostockiej dr hab. in\u017c. Marta Kosior-Kazberuk, prof. PB\" width=\"400\" height=\"442\" srcset=\"https:\/\/pb.edu.pl\/strategia-spolecznej-odpowiedzialnosci\/wp-content\/uploads\/sites\/111\/2023\/09\/zdjecie-rektor.jpg 800w, https:\/\/pb.edu.pl\/strategia-spolecznej-odpowiedzialnosci\/wp-content\/uploads\/sites\/111\/2023\/09\/zdjecie-rektor-271x300.jpg 271w, https:\/\/pb.edu.pl\/strategia-spolecznej-odpowiedzialnosci\/wp-content\/uploads\/sites\/111\/2023\/09\/zdjecie-rektor-768x849.jpg 768w\" sizes=\"auto, (max-width: 400px) 100vw, 400px\" \/><\/p>\n<p><strong class=\"pomaranczowy\">dr hab. in\u017c. Marta Kosior-Kazberuk, prof. PB<\/strong><strong>Rektor Politechniki Bia\u0142ostockiej<\/strong><br \/>\n&nbsp;<br \/>\nSzanowni Pa\u0144stwo,<br \/>\n&nbsp;<br \/>\nPolitechnika Bia\u0142ostocka jako wiod\u0105cy o\u015brodek naukowy w p\u00f3\u0142nocno-wschodniej cz\u0119\u015bci Polski, rozpoznawalna marka naukowo-dydaktyczna na mapie polskich uczelni wy\u017cszych oraz partner wielu interesariuszy krajowych i zagranicznych wprowadza Strategi\u0119 Spo\u0142ecznej Odpowiedzialno\u015bci Uczelni w celu promowania idei wolno\u015bci nauki, r\u00f3\u017cnorodno\u015bci i swobody g\u0142oszenia pogl\u0105d\u00f3w opartych na prawdzie, tolerancji, praw cz\u0142owieka i zr\u00f3wnowa\u017conego rozwoju.<\/p>\n<p>Szczeg\u00f3lna rola uczelni, jako miejsca poszerzania i przekazywania wiedzy o otaczaj\u0105cej nas rzeczywisto\u015bci, zobowi\u0105zuje do uwzgl\u0119dniania i stosowania zasad spo\u0142ecznej odpowiedzialno\u015bci we wszystkich obszarach dzia\u0142alno\u015bci oraz upowszechniania tych zasad w\u015br\u00f3d spo\u0142eczno\u015bci akademickiej i interesariuszy Politechniki Bia\u0142ostockiej.<\/p>\n<div id=\"more\" class=\"collapse\">\n<p>Politechnika Bia\u0142ostocka wraz z innymi polskimi uczelniami od 2019 roku jest sygnatariuszem Deklaracji Spo\u0142ecznej Odpowiedzialno\u015bci Uczelni, wspieraj\u0105c kszta\u0142towanie postaw i promowanie idei zr\u00f3wnowa\u017conego rozwoju oraz spo\u0142ecznej odpowiedzialno\u015bci we wszystkich obszarach dzia\u0142alno\u015bci uczelni. Strategia Spo\u0142ecznej Odpowiedzialno\u015bci Uczelni to jeden z kluczowych obszar\u00f3w Strategii Rozwoju Politechniki Bia\u0142ostockiej lata 2021\u20132024 .<\/p>\n<p>Przyj\u0119cie tej strategii wskazuje, jak wa\u017cnym czynnikiem rozwoju jest stosowanie najwy\u017cszych mi\u0119dzynarodowych standard\u00f3w spo\u0142ecznej odpowiedzialno\u015bci we wszystkich obszarach funkcjonowania uczelni, zw\u0142aszcza w skutecznym zarz\u0105dzaniu nowoczesn\u0105 jednostk\u0105 dydaktyczn\u0105 oraz budowaniu przyjaznych i korzystnych relacji z otoczeniem.<\/p>\n<\/div>\n<p><a class=\"link\" role=\"button\" href=\"#more\" data-toggle=\"collapse\"><span class=\"more\">Zobacz wi\u0119cej<\/span><span class=\"less\">Zobacz mniej<\/span><\/a><br \/>\n&nbsp;<\/p>\n<p>&nbsp;<\/p>\n<div class=\"row\">\n<div class=\"col-sm-12 text-center\"><a class=\"button text-center animated zoomIn lead no-icon\" href=\"https:\/\/pb.edu.pl\/strategia-spolecznej-odpowiedzialnosci\/wp-content\/uploads\/sites\/111\/2023\/09\/Strategia_Spolecznej_Odpowiedzialnosci_PB_CDiAS.pdf\">Strategia Spo\u0142ecznej Odpowiedzialno\u015bci Politechniki Bia\u0142ostockiej (pobierz PDF)<\/a><\/div>\n<\/div>\n<p>&nbsp;<\/p>\n<div id=\"box-menu\" class=\"href\"><\/div>\n<div class=\"row\">\n<div class=\"col-md-4\">\n\t<div class=\"boxlink animated zoomIn \">\n\t\t<a href=\"\/strategia-spolecznej-odpowiedzialnosci\/wizja\/\" class=\"no-icon\">\n\t\t\t<div class=\"boxlink-title\">Wizja<span><\/span><\/div>\n\t\t\t<div class=\"boxlink-content\">\n\t\t\t\t<img loading=\"lazy\" decoding=\"async\" class=\"aligncenter size-full wp-image-812\" src=\"https:\/\/pb.edu.pl\/strategia-spolecznej-odpowiedzialnosci\/wp-content\/uploads\/sites\/111\/2023\/09\/wizja.jpg\" alt=\"\" width=\"800\" height=\"534\">\t\t\t<\/div>\n\t\t<\/a>\n\t<\/div>\n\n<\/div>\n<div class=\"col-md-4\">\n\t<div class=\"boxlink animated zoomIn \">\n\t\t<a href=\"\/strategia-spolecznej-odpowiedzialnosci\/wartosci\/\" class=\"no-icon\">\n\t\t\t<div class=\"boxlink-title\">Warto\u015bci<span><\/span><\/div>\n\t\t\t<div class=\"boxlink-content\">\n\t\t\t\t<img loading=\"lazy\" decoding=\"async\" class=\"aligncenter size-full wp-image-814\" src=\"https:\/\/pb.edu.pl\/strategia-spolecznej-odpowiedzialnosci\/wp-content\/uploads\/sites\/111\/2023\/09\/wartosci.jpg\" alt=\"\" width=\"800\" height=\"534\">\t\t\t<\/div>\n\t\t<\/a>\n\t<\/div>\n\n<\/div>\n<div class=\"col-md-4\">\n\t<div class=\"boxlink animated zoomIn \">\n\t\t<a href=\"\/strategia-spolecznej-odpowiedzialnosci\/zasady\/\" class=\"no-icon\">\n\t\t\t<div class=\"boxlink-title\">Zasady<span><\/span><\/div>\n\t\t\t<div class=\"boxlink-content\">\n\t\t\t\t<img loading=\"lazy\" decoding=\"async\" class=\"aligncenter size-full wp-image-811\" src=\"https:\/\/pb.edu.pl\/strategia-spolecznej-odpowiedzialnosci\/wp-content\/uploads\/sites\/111\/2023\/09\/zasady.jpg\" alt=\"\" width=\"800\" height=\"534\">\t\t\t<\/div>\n\t\t<\/a>\n\t<\/div>\n\n<\/div>\n<\/div>\n&nbsp;<\/p>\n<p><img loading=\"lazy\" decoding=\"async\" class=\"aligncenter size-full wp-image-2198\" src=\"https:\/\/pb.edu.pl\/strategia-spolecznej-odpowiedzialnosci\/wp-content\/uploads\/sites\/111\/2023\/09\/motto.png\" alt=\"Odpowiedzialno\u015b\u0107 za kszta\u0142cenie i prowadzenie bada\u0144 naukowych, z uwzgl\u0119dnieniem zasad spo\u0142ecznej odpowiedzialno\u015bci i zr\u00f3wnowa\u017conego rozwoju oraz r\u00f3wnego traktowania kobiet i m\u0119\u017cczyzn.\" width=\"1140\" height=\"185\" srcset=\"https:\/\/pb.edu.pl\/strategia-spolecznej-odpowiedzialnosci\/wp-content\/uploads\/sites\/111\/2023\/09\/motto.png 1140w, https:\/\/pb.edu.pl\/strategia-spolecznej-odpowiedzialnosci\/wp-content\/uploads\/sites\/111\/2023\/09\/motto-300x49.png 300w, https:\/\/pb.edu.pl\/strategia-spolecznej-odpowiedzialnosci\/wp-content\/uploads\/sites\/111\/2023\/09\/motto-1024x166.png 1024w, https:\/\/pb.edu.pl\/strategia-spolecznej-odpowiedzialnosci\/wp-content\/uploads\/sites\/111\/2023\/09\/motto-768x125.png 768w\" sizes=\"auto, (max-width: 1140px) 100vw, 1140px\" \/><br \/>\n&nbsp;<\/p>\n<div class=\"row\">\n<div class=\"col-md-4\">\n\t<div class=\"boxlink animated zoomIn \">\n\t\t<a href=\"\/strategia-spolecznej-odpowiedzialnosci\/diagnoza\/\" class=\"no-icon\">\n\t\t\t<div class=\"boxlink-title\">Diagnoza<span><\/span><\/div>\n\t\t\t<div class=\"boxlink-content\">\n\t\t\t\t<img loading=\"lazy\" decoding=\"async\" class=\"aligncenter size-full wp-image-812\" src=\"https:\/\/pb.edu.pl\/strategia-spolecznej-odpowiedzialnosci\/wp-content\/uploads\/sites\/111\/2023\/09\/diagnoza.jpg\" alt=\"\" width=\"800\" height=\"534\">\t\t\t<\/div>\n\t\t<\/a>\n\t<\/div>\n\n<\/div>\n<div class=\"col-md-4\">\n\t<div class=\"boxlink animated zoomIn \">\n\t\t<a href=\"\/strategia-spolecznej-odpowiedzialnosci\/interesariusze\/\" class=\"no-icon\">\n\t\t\t<div class=\"boxlink-title\">Interesariusze<span><\/span><\/div>\n\t\t\t<div class=\"boxlink-content\">\n\t\t\t\t<img loading=\"lazy\" decoding=\"async\" class=\"aligncenter size-full wp-image-814\" src=\"https:\/\/pb.edu.pl\/strategia-spolecznej-odpowiedzialnosci\/wp-content\/uploads\/sites\/111\/2023\/09\/interesariusze.jpg\" alt=\"\" width=\"800\" height=\"534\">\t\t\t<\/div>\n\t\t<\/a>\n\t<\/div>\n\n<\/div>\n<div class=\"col-md-4\">\n\t<div class=\"boxlink animated zoomIn \">\n\t\t<a href=\"\/strategia-spolecznej-odpowiedzialnosci\/cele-strategiczne\/\" class=\"no-icon\">\n\t\t\t<div class=\"boxlink-title\">Cele strategiczne<span><\/span><\/div>\n\t\t\t<div class=\"boxlink-content\">\n\t\t\t\t<img loading=\"lazy\" decoding=\"async\" class=\"aligncenter size-full wp-image-811\" src=\"https:\/\/pb.edu.pl\/strategia-spolecznej-odpowiedzialnosci\/wp-content\/uploads\/sites\/111\/2023\/09\/cele-strategiczne.jpg\" alt=\"\" width=\"800\" height=\"534\">\t\t\t<\/div>\n\t\t<\/a>\n\t<\/div>\n\n<\/div>\n<\/div>\n&nbsp;<\/p>\n<div class=\"row\">\n<div class=\"col-sm-12 text-center\"><a class=\"button text-center animated zoomIn lead no-icon\" href=\"https:\/\/pb.edu.pl\/strategia-spolecznej-odpowiedzialnosci\/zespol\">Zesp\u00f3\u0142 opracowuj\u0105cy strategi\u0119<\/a><\/div>\n<\/div>\n<p><img loading=\"lazy\" decoding=\"async\" class=\"alignleft wp-image-2164\" src=\"https:\/\/pb.edu.pl\/strategia-spolecznej-odpowiedzialnosci\/wp-content\/uploads\/sites\/111\/2023\/09\/zdjecie-pelnomocnik.jpg\" alt=\"Pe\u0142nomocnik Rektora do Spraw Spo\u0142ecznej Odpowiedzialno\u015bci Politechniki Bia\u0142ostockiej dr Wioletta Czemiel-Grzybowska\" width=\"400\" height=\"442\"><\/p>\n<p><strong class=\"pomaranczowy\">dr Wioletta Czemiel-Grzybowska<\/strong><strong>Pe\u0142nomocnik Rektora do Spraw Spo\u0142ecznej Odpowiedzialno\u015bci Politechniki Bia\u0142ostockiej<\/strong><br \/>\n&nbsp;<br \/>\nW dniu 29 czerwca 2023 r. Senat naszej Uczelni zatwierdzi\u0142 Strategi\u0119 Spo\u0142ecznej Odpowiedzialno\u015bci Politechniki Bia\u0142ostockiej.<\/p>\n<p>Ten niezwykle wa\u017cny dokument stanowi jeden z kluczowych element\u00f3w Strategii Rozwoju Politechniki Bia\u0142ostockiej na lata 2021-2024 z perspektyw\u0105 przed\u0142u\u017cenia do roku 2030. Wskazuje on, jak wa\u017cnym czynnikiem rozwoju jest stosowanie najwy\u017cszych mi\u0119dzynarodowych standard\u00f3w spo\u0142ecznej odpowiedzialno\u015bci Uczelni, kt\u00f3re odgrywaj\u0105 istotn\u0105 rol\u0119 w skutecznym zarz\u0105dzaniu nowoczesn\u0105 jednostk\u0105 dydaktyczn\u0105 oraz budowaniu przyjaznych i korzystnych relacji z otoczeniem spo\u0142eczno-gospodarczym.<\/p>\n<div id=\"more1\" class=\"collapse\">\n<p>Decyzja o przygotowaniu Strategii Spo\u0142ecznej Odpowiedzialno\u015bci Politechniki Bia\u0142ostockiej by\u0142a nast\u0119pstwem podpisanej przez nas w roku 2019 Deklaracji Spo\u0142ecznej Odpowiedzialno\u015bci Uczelni. Wraz z innymi sygnatariuszami \u2013 polskimi uczelniami, zobowi\u0105zali\u015bmy si\u0119 do kszta\u0142towania postaw i promowania idei zr\u00f3wnowa\u017conego rozwoju oraz spo\u0142ecznej odpowiedzialno\u015bci we wszystkich obszarach naszej dzia\u0142alno\u015bci.<\/p>\n<p>Z my\u015bl\u0105 o realizacji tej wa\u017cnej misji, Rektor Politechniki Bia\u0142ostockiej powo\u0142a\u0142a Pe\u0142nomocnika ds. Spo\u0142ecznej Odpowiedzialno\u015bci Uczelni. Prace nad przygotowaniem strategii rozpocz\u0105\u0142 r\u00f3wnie\u017c zesp\u00f3\u0142, z\u0142o\u017cony z reprezentant\u00f3w r\u00f3\u017cnych grup interesariuszy.<\/p>\n<p>Konsultacje projektu Strategii Spo\u0142ecznej Odpowiedzialno\u015bci Politechniki Bia\u0142ostockiej odby\u0142y si\u0119 w dniach 12-23 czerwca 2023 r. Wzi\u0119li w ich udzia\u0142 zar\u00f3wno interesariusze wewn\u0119trzni, m.in. pracownicy, studenci, doktoranci, jak i interesariusze zewn\u0119trzni, m.in. przedsi\u0119biorstwa, uczelnie, administracja samorz\u0105dowa. Dyskusje na temat kszta\u0142tu dokumentu pozwoli\u0142y wypracowa\u0107 jego ostateczny kszta\u0142t, zatwierdzony na Senacie Politechniki Bia\u0142ostockiej.<\/p>\n<p>W sk\u0142ad zespo\u0142u powo\u0142anego do opracowania Strategii Spo\u0142ecznej Odpowiedzialno\u015bci Politechniki Bia\u0142ostockiej weszli:<\/p>\n<ul>\n<li>Rektor Politechniki Bia\u0142ostockiej dr hab. in\u017c. Marta Kosior-Kazberuk, prof. PB \u2013 Przewodnicz\u0105ca<\/li>\n<li>dr Wioletta Czemiel-Grzybowska \u2013 Pe\u0142nomocnik ds. Spo\u0142ecznej Odpowiedzialno\u015bci Politechniki Bia\u0142ostockiej<\/li>\n<li>dr Joanna Szyd\u0142o \u2013 Pe\u0142nomocnik Rektora ds. R\u00f3wnego Traktowania i Przeciwdzia\u0142ania Dyskryminacji w Politechnice Bia\u0142ostockiej<\/li>\n<li>mgr Tomasz Jastrz\u0119bski \u2013 Pe\u0142nomocnik Rektora ds. Os\u00f3b z Niepe\u0142nosprawno\u015bciami<\/li>\n<li>mgr Anna Kukor-B\u0105k \u2013 dyrektor Biura Rektora Politechniki Bia\u0142ostockiej<\/li>\n<li>mgr Ma\u0142gorzata Jegli\u0144ska-Krupa \u2013 kierownik Centrum Danych i Analiz Strategicznych<\/li>\n<li>dr in\u017c. Romuald Zi\u00f3\u0142kowski \u2013 Przewodnicz\u0105cy Zespo\u0142u ds. Planu na rzecz R\u00f3wnouprawnienia P\u0142ci w Politechnice Bia\u0142ostockiej<\/li>\n<li>dr Dan Wo\u0142kowycki \u2013 cz\u0142onek Zespo\u0142u ds. Strategii Zr\u00f3wnowa\u017conego Rozwoju Politechniki Bia\u0142ostockiej<\/li>\n<li>Adrian Twardowski \u2013 Przewodnicz\u0105cy Samorz\u0105du Student\u00f3w Politechniki Bia\u0142ostockiej<\/li>\n<li>Olga Kraszewska \u2013 Przewodnicz\u0105ca Komisji Rewizyjnej Samorz\u0105du Studenckiego Politechniki Bia\u0142ostockiej.<\/li>\n<\/ul>\n<p>Powo\u0142any zesp\u00f3\u0142 zdefiniowa\u0142 spo\u0142eczna\u0328 odpowiedzialno\u015b\u0107\u0301 uczelni (SOU) jako strategiczne i systemowe podej\u015bcie do zarz\u0105dzania uczelnia\u0328 oraz budowania wsp\u00f3\u0142pracy i dialogu z interesariuszami. Takie podej\u015bcie przyczynia si\u0119 do:<\/p>\n<ul>\n<li>zr\u00f3wnowa\u017conego rozwoju,<\/li>\n<li>kszta\u0142towania warto\u015bci i postaw spo\u0142ecze\u0144stwa obywatelskiego,<\/li>\n<li>wspierania warto\u015bci akademickich i tworzenia nowych idei,<\/li>\n<li>podtrzymania oraz rozwoju kompetencji naukowych i dydaktycznych maj\u0105cych wp\u0142yw na efektywno\u015b\u0107\u0301 dzia\u0142alno\u015bci i innowacyjno\u015b\u0107.<\/li>\n<\/ul>\n<p>Nast\u0119pnie, stworzono map\u0119 wszystkich grup interesariuszy Politechniki Bia\u0142ostockiej. Zgodnie z ISO 26000 identyfikacja i zaanga\u017cowanie interesariuszy jest jedn\u0105 z dw\u00f3ch fundamentalnych praktyk spo\u0142ecznej odpowiedzialno\u015bci. Na podstawie zebranych potrzeb i oczekiwa\u0144 interesariuszy sformu\u0142owali\u015bmy cele i dzia\u0142ania Strategii, z uwzgl\u0119dnieniem zasad SMART.<\/p>\n<p>Planujemy kontynuowa\u0107 dotychczasowe dzia\u0142ania w obszarze odpowiedzialno\u015bci spo\u0142ecznej oraz wprowadzi\u0107 harmonogram nowych zada\u0144, kt\u00f3re aktywizuj\u0105 spo\u0142eczno\u015b\u0107 akademick\u0105, w\u0142\u0105czaj\u0105c w ni\u0105 interesariuszy zewn\u0119trznych.<\/p>\n<p>Zamierzamy wdro\u017cy\u0107 sprawny i wiarygodny system zar\u00f3wno komunikacji, jak i badania potrzeb oraz oczekiwa\u0144 otoczenia spo\u0142eczno-gospodarczego Uczelni pod k\u0105tem kompetencji przysz\u0142ych pracownik\u00f3w. Istotne jest te\u017c wprowadzenie transparentnego i elastycznego systemu rekrutacji i adaptacji pracownik\u00f3w, kt\u00f3ry ma za zadanie zach\u0119ci\u0107 najlepszych kandydat\u00f3w do pracy w Politechnice Bia\u0142ostockiej. W ramach planowanych przedsi\u0119wzi\u0119\u0107 jest r\u00f3wnie\u017c organizacja na naszej Uczelni cyklicznego forum wymiany do\u015bwiadcze\u0144 na p\u0142aszczy\u017anie przemys\u0142\u2013nauka\u2013studenci.<\/p>\n<p>Na potrzeby realizacji strategii zostanie opracowany partycypacyjny kodeks etyki pracownika naukowego i kodeks etyki pracownika administracji. Nasze dzia\u0142ania zak\u0142adaj\u0105 te\u017c rozw\u00f3j wolontariatu w\u015br\u00f3d spo\u0142eczno\u015bci akademickiej, a tak\u017ce zagwarantowanie pracownikom bezp\u0142atnych porad psychologicznych.<\/p>\n<p>Posiadanie strategii spo\u0142ecznej odpowiedzialno\u015bci usytuowa\u0142o Politechnik\u0119 Bia\u0142ostock\u0105 obok polskich i zagranicznych uczelni wy\u017cszych, kt\u00f3re podejmuj\u0105 wysi\u0142ki na rzecz odpowiedzialnego funkcjonowania w sferze edukacyjnej, naukowej i spo\u0142ecznej. Jeste\u015bmy pierwsz\u0105 uczelni\u0105 w Polsce p\u00f3\u0142nocno-wschodniej, kt\u00f3ra zainicjowa\u0142a kszta\u0142cenie i prowadzenie bada\u0144 naukowych w oparciu o standardy zasad ESG (Environmental, Social, and Governance). Dzi\u0119ki temu stali\u015bmy si\u0119 partnerem dla administracji rz\u0105dowej i samorz\u0105dowej w wsp\u00f3\u0142tworzeniu polityki publicznej na rzecz zr\u00f3wnowa\u017conego rozwoju i dobrych praktyk spo\u0142ecznych.<\/p>\n<p>Politechnika Bia\u0142ostocka jako Uczelnia spo\u0142ecznie odpowiedzialna zobowi\u0105zuje si\u0119 do upowszechniania postaw etycznych oraz warto\u015bci, takich jak szacunek i r\u00f3wno\u015b\u0107. Jej dzia\u0142ania s\u0105 ukierunkowane na realizacj\u0119 idei zr\u00f3wnowa\u017conego rozwoju spo\u0142ecze\u0144stwa oraz gospodarki, kt\u00f3re s\u0105 zbie\u017cne z celami globalnymi ONZ.<\/p>\n<\/div>\n<p><a class=\"link\" role=\"button\" href=\"#more1\" data-toggle=\"collapse\"><span class=\"more1\">Zobacz wi\u0119cej<\/span><span class=\"less\">Zobacz mniej<\/span><\/a><\/p>\n<p>&nbsp;<\/p>\n<div style=\"clear: both\">&nbsp;<\/div>\n<p>&nbsp;<\/p>\n<div class=\"row\">\n<div class=\"col-sm-12 text-center netykieta\"><a class=\"button text-center animated zoomIn lead\" href=\"https:\/\/pb.edu.pl\/strategia-spolecznej-odpowiedzialnosci\/netykieta-pb\/\">Netykieta PB. Kultura komunikacji w sieci<\/a><\/div>\n<\/div>\n<p>&nbsp;<\/p>\n<h2 style=\"font-size: 3rem\"><a style=\"text-decoration: none\" title=\"poka\u017c wszystkie\" href=\"\/strategia-spolecznej-odpowiedzialnosci\/aktualnosci\/\">Aktualno\u015bci <i class=\"fa fa-caret-right\" aria-hidden=\"true\"><\/i><\/a><\/h2>\n\t\t<div class=\"box news-box \">\n\t\t<div class=\"row\">\n\t\t\t\n\t\t\t\n\t\t\t\t\n\t\t\t\t\t\t\t\t\t\t<div class=\"col-sm-3\">\n\t\t\t\t\t\t\t\n<article class=\"format-standard\">\n    <span class=\"date text-right\"><i class=\"fal fa-calendar-alt\"><\/i> 01-12-2023<\/span>\n    <a href=\"https:\/\/pb.edu.pl\/strategia-spolecznej-odpowiedzialnosci\/politechnika-bialostocka-sygnatariuszem-deklaracji-spolecznej-odpowiedzialnosci-uczelni\/\">\n      <div class=\"article-image\">\n        <img loading=\"lazy\" decoding=\"async\" width=\"480\" height=\"300\" src=\"https:\/\/pb.edu.pl\/strategia-spolecznej-odpowiedzialnosci\/wp-content\/uploads\/sites\/111\/2023\/12\/2023-12-02_katalog-dobrych-praktyk_www-480x300.jpg\" class=\"attachment-medium-image-16x10 size-medium-image-16x10 wp-post-image\" alt=\"\" srcset=\"https:\/\/pb.edu.pl\/strategia-spolecznej-odpowiedzialnosci\/wp-content\/uploads\/sites\/111\/2023\/12\/2023-12-02_katalog-dobrych-praktyk_www-480x300.jpg 480w, https:\/\/pb.edu.pl\/strategia-spolecznej-odpowiedzialnosci\/wp-content\/uploads\/sites\/111\/2023\/12\/2023-12-02_katalog-dobrych-praktyk_www-300x188.jpg 300w, https:\/\/pb.edu.pl\/strategia-spolecznej-odpowiedzialnosci\/wp-content\/uploads\/sites\/111\/2023\/12\/2023-12-02_katalog-dobrych-praktyk_www-1024x640.jpg 1024w, https:\/\/pb.edu.pl\/strategia-spolecznej-odpowiedzialnosci\/wp-content\/uploads\/sites\/111\/2023\/12\/2023-12-02_katalog-dobrych-praktyk_www-768x480.jpg 768w, https:\/\/pb.edu.pl\/strategia-spolecznej-odpowiedzialnosci\/wp-content\/uploads\/sites\/111\/2023\/12\/2023-12-02_katalog-dobrych-praktyk_www-1536x960.jpg 1536w, https:\/\/pb.edu.pl\/strategia-spolecznej-odpowiedzialnosci\/wp-content\/uploads\/sites\/111\/2023\/12\/2023-12-02_katalog-dobrych-praktyk_www-2048x1280.jpg 2048w\" sizes=\"auto, (max-width: 480px) 100vw, 480px\" \/>      <\/div>\n      <h3>Politechnika Bia\u0142ostocka sygnatariuszem Deklaracji Spo\u0142ecznej Odpowiedzialno\u015bci Uczelni<\/h3>\n      Katalog dobrych praktyk uczelni    <\/a>\n<\/article>\t\t\t\t\t\t<\/div>\n\t\t\t\t\t\t\t\t\t\t\t<div class=\"col-sm-3\">\n\t\t\t\t\t\t\t\n<article class=\"format-standard\">\n    <span class=\"date text-right\"><i class=\"fal fa-calendar-alt\"><\/i> 20-09-2023<\/span>\n    <a href=\"https:\/\/pb.edu.pl\/strategia-spolecznej-odpowiedzialnosci\/politechnika-bialostocka-wdraza-strategie-spolecznej-odpowiedzialnosci\/\">\n      <div class=\"article-image\">\n        <img loading=\"lazy\" decoding=\"async\" width=\"480\" height=\"300\" src=\"https:\/\/pb.edu.pl\/strategia-spolecznej-odpowiedzialnosci\/wp-content\/uploads\/sites\/111\/2023\/09\/2023-09_spoleczna-odpowiedzialnosc_www_2160-1350.jpg\" class=\"attachment-medium-image-16x10 size-medium-image-16x10 wp-post-image\" alt=\"\" srcset=\"https:\/\/pb.edu.pl\/strategia-spolecznej-odpowiedzialnosci\/wp-content\/uploads\/sites\/111\/2023\/09\/2023-09_spoleczna-odpowiedzialnosc_www_2160-1350.jpg 2160w, https:\/\/pb.edu.pl\/strategia-spolecznej-odpowiedzialnosci\/wp-content\/uploads\/sites\/111\/2023\/09\/2023-09_spoleczna-odpowiedzialnosc_www_2160-1350-300x188.jpg 300w, https:\/\/pb.edu.pl\/strategia-spolecznej-odpowiedzialnosci\/wp-content\/uploads\/sites\/111\/2023\/09\/2023-09_spoleczna-odpowiedzialnosc_www_2160-1350-1024x640.jpg 1024w, https:\/\/pb.edu.pl\/strategia-spolecznej-odpowiedzialnosci\/wp-content\/uploads\/sites\/111\/2023\/09\/2023-09_spoleczna-odpowiedzialnosc_www_2160-1350-768x480.jpg 768w, https:\/\/pb.edu.pl\/strategia-spolecznej-odpowiedzialnosci\/wp-content\/uploads\/sites\/111\/2023\/09\/2023-09_spoleczna-odpowiedzialnosc_www_2160-1350-1536x960.jpg 1536w, https:\/\/pb.edu.pl\/strategia-spolecznej-odpowiedzialnosci\/wp-content\/uploads\/sites\/111\/2023\/09\/2023-09_spoleczna-odpowiedzialnosc_www_2160-1350-2048x1280.jpg 2048w\" sizes=\"auto, (max-width: 480px) 100vw, 480px\" \/>      <\/div>\n      <h3>Politechnika Bia\u0142ostocka wdra\u017ca Strategi\u0119 Spo\u0142ecznej Odpowiedzialno\u015bci!<\/h3>\n      Dokument stanowi jeden z element\u00f3w Strategii Rozwoju naszej Uczelni    <\/a>\n<\/article>\t\t\t\t\t\t<\/div>\n\t\t\t\t\t\n\t\t\t\t\n\t\t\t\t\t<\/div>\n\t\t\t\t\t<\/div>\n\n&nbsp;<\/p>\n","protected":false},"excerpt":{"rendered":"<p>&nbsp; dr hab. in\u017c. Marta Kosior-Kazberuk, prof. PBRektor Politechniki Bia\u0142ostockiej &nbsp; Szanowni Pa\u0144stwo, &nbsp; Politechnika<\/p>\n","protected":false},"author":2,"featured_media":0,"parent":0,"menu_order":0,"comment_status":"closed","ping_status":"closed","template":"","meta":{"_acf_changed":false,"ngg_post_thumbnail":0,"footnotes":""},"class_list":["post-18","page","type-page","status-publish","hentry"],"acf":[],"_links":{"self":[{"href":"https:\/\/pb.edu.pl\/strategia-spolecznej-odpowiedzialnosci\/wp-json\/wp\/v2\/pages\/18","targetHints":{"allow":["GET"]}}],"collection":[{"href":"https:\/\/pb.edu.pl\/strategia-spolecznej-odpowiedzialnosci\/wp-json\/wp\/v2\/pages"}],"about":[{"href":"https:\/\/pb.edu.pl\/strategia-spolecznej-odpowiedzialnosci\/wp-json\/wp\/v2\/types\/page"}],"author":[{"embeddable":true,"href":"https:\/\/pb.edu.pl\/strategia-spolecznej-odpowiedzialnosci\/wp-json\/wp\/v2\/users\/2"}],"replies":[{"embeddable":true,"href":"https:\/\/pb.edu.pl\/strategia-spolecznej-odpowiedzialnosci\/wp-json\/wp\/v2\/comments?post=18"}],"version-history":[{"count":1,"href":"https:\/\/pb.edu.pl\/strategia-spolecznej-odpowiedzialnosci\/wp-json\/wp\/v2\/pages\/18\/revisions"}],"predecessor-version":[{"id":2381,"href":"https:\/\/pb.edu.pl\/strategia-spolecznej-odpowiedzialnosci\/wp-json\/wp\/v2\/pages\/18\/revisions\/2381"}],"wp:attachment":[{"href":"https:\/\/pb.edu.pl\/strategia-spolecznej-odpowiedzialnosci\/wp-json\/wp\/v2\/media?parent=18"}],"curies":[{"name":"wp","href":"https:\/\/api.w.org\/{rel}","templated":true}]}}