{"id":46,"date":"2020-09-22T23:52:54","date_gmt":"2020-09-22T21:52:54","guid":{"rendered":"https:\/\/pb.edu.pl\/sspb\/?page_id=46"},"modified":"2021-09-24T20:02:10","modified_gmt":"2021-09-24T18:02:10","slug":"projekty","status":"publish","type":"page","link":"https:\/\/pb.edu.pl\/sspb\/projekty\/","title":{"rendered":"Projekty"},"content":{"rendered":"<div class=\"row\">\n<div class=\"col-sm-6\">\n<strong>ZerUwka<\/strong> &#8211; tygodniowy ob\u00f3z adaptacyjny na Mazurach, na kt\u00f3rym \u201epierwszaki\u201d dowiaduj\u0105 si\u0119 jak przetrwa\u0107 na studiach, poznaj\u0105 nowych ludzi, prze\u017cywaj\u0105 niezapomnian\u0105 przygod\u0119, a to wszystko sprowadza si\u0119 do naszego has\u0142a \u2013 Zacznij studia z przewag\u0105 na starcie!\n<\/div>\n<div class=\"col-sm-6\">\n<img loading=\"lazy\" decoding=\"async\" class=\"alignnone size-full wp-image-116\" src=\"https:\/\/pb.edu.pl\/sspb\/wp-content\/uploads\/sites\/54\/2021\/09\/DSC487548-scaled.jpg\" alt=\"\" width=\"2560\" height=\"1540\" srcset=\"https:\/\/pb.edu.pl\/sspb\/wp-content\/uploads\/sites\/54\/2021\/09\/DSC487548-scaled.jpg 2560w, https:\/\/pb.edu.pl\/sspb\/wp-content\/uploads\/sites\/54\/2021\/09\/DSC487548-300x180.jpg 300w, https:\/\/pb.edu.pl\/sspb\/wp-content\/uploads\/sites\/54\/2021\/09\/DSC487548-1024x616.jpg 1024w, https:\/\/pb.edu.pl\/sspb\/wp-content\/uploads\/sites\/54\/2021\/09\/DSC487548-768x462.jpg 768w, https:\/\/pb.edu.pl\/sspb\/wp-content\/uploads\/sites\/54\/2021\/09\/DSC487548-1536x924.jpg 1536w, https:\/\/pb.edu.pl\/sspb\/wp-content\/uploads\/sites\/54\/2021\/09\/DSC487548-2048x1232.jpg 2048w\" sizes=\"auto, (max-width: 2560px) 100vw, 2560px\" \/>\n<\/div>\n<div class=\"col-sm-6\">\n<strong>ZimUwka<\/strong> &#8211; jest to nic innego jak ob\u00f3z zimowy organizowany dla student\u00f3w Politechniki Bia\u0142ostockiej. Celem wyjazdu jest integracja, sp\u0119dzenie mi\u0142o czasu i odreagowanie stres\u00f3w po sesji, a narz\u0119dziem do tego s\u0105 sporty zimowe, zwiedzanie i ludzie.\n<\/div>\n<div class=\"col-sm-6\">\n<img loading=\"lazy\" decoding=\"async\" class=\"size-full wp-image-120 alignnone\" src=\"https:\/\/pb.edu.pl\/sspb\/wp-content\/uploads\/sites\/54\/2021\/09\/DSC2247-scaled.jpg\" alt=\"\" width=\"2560\" height=\"1707\" srcset=\"https:\/\/pb.edu.pl\/sspb\/wp-content\/uploads\/sites\/54\/2021\/09\/DSC2247-scaled.jpg 2560w, https:\/\/pb.edu.pl\/sspb\/wp-content\/uploads\/sites\/54\/2021\/09\/DSC2247-300x200.jpg 300w, https:\/\/pb.edu.pl\/sspb\/wp-content\/uploads\/sites\/54\/2021\/09\/DSC2247-1024x683.jpg 1024w, https:\/\/pb.edu.pl\/sspb\/wp-content\/uploads\/sites\/54\/2021\/09\/DSC2247-768x512.jpg 768w, https:\/\/pb.edu.pl\/sspb\/wp-content\/uploads\/sites\/54\/2021\/09\/DSC2247-1536x1024.jpg 1536w, https:\/\/pb.edu.pl\/sspb\/wp-content\/uploads\/sites\/54\/2021\/09\/DSC2247-2048x1365.jpg 2048w, https:\/\/pb.edu.pl\/sspb\/wp-content\/uploads\/sites\/54\/2021\/09\/DSC2247-480x320.jpg 480w\" sizes=\"auto, (max-width: 2560px) 100vw, 2560px\" \/>\n<\/div>\n<div class=\"col-sm-6\"><strong>Dzie\u0144 Kampusu<\/strong> &#8211; wydarzenie, gdzie studenci Politechniki Bia\u0142ostockiej maj\u0105 okazj\u0119 do \u015bwi\u0119towania, odpoczynku na trawie, przy grillu, udzia\u0142u w atrakcjach, zabawach w \u015brodowisku studenckim oraz poznania dzia\u0142alno\u015bci Studenckich K\u00f3\u0142 Naukowych.\n<\/div>\n<div class=\"col-sm-6\">\n<img loading=\"lazy\" decoding=\"async\" class=\"alignleft size-full wp-image-122\" src=\"https:\/\/pb.edu.pl\/sspb\/wp-content\/uploads\/sites\/54\/2021\/09\/DSC0262417-1-scaled.jpg\" alt=\"\" width=\"2560\" height=\"1707\" srcset=\"https:\/\/pb.edu.pl\/sspb\/wp-content\/uploads\/sites\/54\/2021\/09\/DSC0262417-1-scaled.jpg 2560w, https:\/\/pb.edu.pl\/sspb\/wp-content\/uploads\/sites\/54\/2021\/09\/DSC0262417-1-300x200.jpg 300w, https:\/\/pb.edu.pl\/sspb\/wp-content\/uploads\/sites\/54\/2021\/09\/DSC0262417-1-1024x683.jpg 1024w, https:\/\/pb.edu.pl\/sspb\/wp-content\/uploads\/sites\/54\/2021\/09\/DSC0262417-1-768x512.jpg 768w, https:\/\/pb.edu.pl\/sspb\/wp-content\/uploads\/sites\/54\/2021\/09\/DSC0262417-1-1536x1024.jpg 1536w, https:\/\/pb.edu.pl\/sspb\/wp-content\/uploads\/sites\/54\/2021\/09\/DSC0262417-1-2048x1365.jpg 2048w, https:\/\/pb.edu.pl\/sspb\/wp-content\/uploads\/sites\/54\/2021\/09\/DSC0262417-1-480x320.jpg 480w\" sizes=\"auto, (max-width: 2560px) 100vw, 2560px\" \/>\n<\/div>\n<div class=\"col-sm-6\">\n<strong>Bluzy PB<\/strong> &#8211; student dumny z swojej uczelni pragnie, aby by\u0142 z ni\u0105 identyfikowany. Samorz\u0105d Student\u00f3w Politechniki Bia\u0142ostockiej doskonale to rozumie, dlatego rokrocznie przeprowadza akcj\u0119 ubierania student\u00f3w w bluzy z logiem Politechniki!<\/div>\n<div class=\"col-sm-6\">\n<img loading=\"lazy\" decoding=\"async\" class=\"alignleft size-full wp-image-123\" src=\"https:\/\/pb.edu.pl\/sspb\/wp-content\/uploads\/sites\/54\/2021\/09\/DSC02819-scaled.jpg\" alt=\"\" width=\"2560\" height=\"1707\" srcset=\"https:\/\/pb.edu.pl\/sspb\/wp-content\/uploads\/sites\/54\/2021\/09\/DSC02819-scaled.jpg 2560w, https:\/\/pb.edu.pl\/sspb\/wp-content\/uploads\/sites\/54\/2021\/09\/DSC02819-300x200.jpg 300w, https:\/\/pb.edu.pl\/sspb\/wp-content\/uploads\/sites\/54\/2021\/09\/DSC02819-1024x683.jpg 1024w, https:\/\/pb.edu.pl\/sspb\/wp-content\/uploads\/sites\/54\/2021\/09\/DSC02819-768x512.jpg 768w, https:\/\/pb.edu.pl\/sspb\/wp-content\/uploads\/sites\/54\/2021\/09\/DSC02819-1536x1024.jpg 1536w, https:\/\/pb.edu.pl\/sspb\/wp-content\/uploads\/sites\/54\/2021\/09\/DSC02819-2048x1365.jpg 2048w, https:\/\/pb.edu.pl\/sspb\/wp-content\/uploads\/sites\/54\/2021\/09\/DSC02819-480x320.jpg 480w\" sizes=\"auto, (max-width: 2560px) 100vw, 2560px\" \/>\n<\/div>\n<div class=\"col-sm-6\">\n<strong>Politechnika Dzieciom<\/strong> &#8211; projekt charytatywny, w kt\u00f3rym zbieramy datki na konkretnego podopiecznego fundacji, wspieraj\u0105c jego leczenie. To pi\u0119kny moment, w kt\u00f3rym \u015brodowisko akademickie \u0142\u0105czy swoje si\u0142y, aby pomaga\u0107!<\/div>\n<div class=\"col-sm-6\">\n<img loading=\"lazy\" decoding=\"async\" class=\"alignleft size-full wp-image-124\" src=\"https:\/\/pb.edu.pl\/sspb\/wp-content\/uploads\/sites\/54\/2021\/09\/DSC0047139-scaled.jpg\" alt=\"\" width=\"2560\" height=\"1707\" srcset=\"https:\/\/pb.edu.pl\/sspb\/wp-content\/uploads\/sites\/54\/2021\/09\/DSC0047139-scaled.jpg 2560w, https:\/\/pb.edu.pl\/sspb\/wp-content\/uploads\/sites\/54\/2021\/09\/DSC0047139-300x200.jpg 300w, https:\/\/pb.edu.pl\/sspb\/wp-content\/uploads\/sites\/54\/2021\/09\/DSC0047139-1024x683.jpg 1024w, https:\/\/pb.edu.pl\/sspb\/wp-content\/uploads\/sites\/54\/2021\/09\/DSC0047139-768x512.jpg 768w, https:\/\/pb.edu.pl\/sspb\/wp-content\/uploads\/sites\/54\/2021\/09\/DSC0047139-1536x1024.jpg 1536w, https:\/\/pb.edu.pl\/sspb\/wp-content\/uploads\/sites\/54\/2021\/09\/DSC0047139-2048x1365.jpg 2048w, https:\/\/pb.edu.pl\/sspb\/wp-content\/uploads\/sites\/54\/2021\/09\/DSC0047139-480x320.jpg 480w\" sizes=\"auto, (max-width: 2560px) 100vw, 2560px\" \/>\n<\/div>\n<div class=\"col-sm-6\">\n<strong>Juwenalia<\/strong> &#8211; to wyj\u0105tkowe \u015bwi\u0119to studenckie, gdy\u017c otrzymujemy od prezydenta klucze do bram miasta. Uroczystym rozpocz\u0119ciem jest poch\u00f3d przez centrum na plac koncertowy, a najwa\u017cniejszym elementem imprezy s\u0105 oczywi\u015bcie koncerty znanych zespo\u0142\u00f3w. To idealna okazja do rozlu\u017anienia si\u0119 przed sesj\u0105 i poznania nowych ludzi.\n<\/div>\n<div class=\"col-sm-6\">\n<img loading=\"lazy\" decoding=\"async\" class=\"alignleft size-full wp-image-125\" src=\"https:\/\/pb.edu.pl\/sspb\/wp-content\/uploads\/sites\/54\/2021\/09\/DSC0026-scaled.jpg\" alt=\"\" width=\"2560\" height=\"1710\" srcset=\"https:\/\/pb.edu.pl\/sspb\/wp-content\/uploads\/sites\/54\/2021\/09\/DSC0026-scaled.jpg 2560w, https:\/\/pb.edu.pl\/sspb\/wp-content\/uploads\/sites\/54\/2021\/09\/DSC0026-300x200.jpg 300w, https:\/\/pb.edu.pl\/sspb\/wp-content\/uploads\/sites\/54\/2021\/09\/DSC0026-1024x684.jpg 1024w, https:\/\/pb.edu.pl\/sspb\/wp-content\/uploads\/sites\/54\/2021\/09\/DSC0026-768x513.jpg 768w, https:\/\/pb.edu.pl\/sspb\/wp-content\/uploads\/sites\/54\/2021\/09\/DSC0026-1536x1026.jpg 1536w, https:\/\/pb.edu.pl\/sspb\/wp-content\/uploads\/sites\/54\/2021\/09\/DSC0026-2048x1368.jpg 2048w, https:\/\/pb.edu.pl\/sspb\/wp-content\/uploads\/sites\/54\/2021\/09\/DSC0026-480x320.jpg 480w\" sizes=\"auto, (max-width: 2560px) 100vw, 2560px\" \/>\n<\/div>\n<div class=\"col-sm-6\">\n<strong>Szkolenia dla pierwszak\u00f3w<\/strong> &#8211; dzi\u0119ki nim nowi studenci maj\u0105 okazj\u0119 dowiedzie\u0107 si\u0119 wielu istotnych fakt\u00f3w na temat \u017cycia studenta na uczelni, jak zorganizowa\u0107 sobie czas, gdzie i do kogo zg\u0142asza\u0107 si\u0119 o pomoc, jakie s\u0105 prawa i obowi\u0105zki studenta oraz wiele innych.\n<\/div>\n<div class=\"col-sm-6\">\n<img loading=\"lazy\" decoding=\"async\" class=\"alignleft size-full wp-image-129\" src=\"https:\/\/pb.edu.pl\/sspb\/wp-content\/uploads\/sites\/54\/2021\/09\/WIZ_03.10-scaled.jpg\" alt=\"\" width=\"2560\" height=\"1920\" srcset=\"https:\/\/pb.edu.pl\/sspb\/wp-content\/uploads\/sites\/54\/2021\/09\/WIZ_03.10-scaled.jpg 2560w, https:\/\/pb.edu.pl\/sspb\/wp-content\/uploads\/sites\/54\/2021\/09\/WIZ_03.10-300x225.jpg 300w, https:\/\/pb.edu.pl\/sspb\/wp-content\/uploads\/sites\/54\/2021\/09\/WIZ_03.10-1024x768.jpg 1024w, https:\/\/pb.edu.pl\/sspb\/wp-content\/uploads\/sites\/54\/2021\/09\/WIZ_03.10-768x576.jpg 768w, https:\/\/pb.edu.pl\/sspb\/wp-content\/uploads\/sites\/54\/2021\/09\/WIZ_03.10-1536x1152.jpg 1536w, https:\/\/pb.edu.pl\/sspb\/wp-content\/uploads\/sites\/54\/2021\/09\/WIZ_03.10-2048x1536.jpg 2048w\" sizes=\"auto, (max-width: 2560px) 100vw, 2560px\" \/>\n<\/div>\n<\/div>\n","protected":false},"excerpt":{"rendered":"<p>ZerUwka &#8211; tygodniowy ob\u00f3z adaptacyjny na Mazurach, na kt\u00f3rym \u201epierwszaki\u201d dowiaduj\u0105 si\u0119 jak przetrwa\u0107 na<\/p>\n","protected":false},"author":2,"featured_media":0,"parent":0,"menu_order":3,"comment_status":"closed","ping_status":"closed","template":"","meta":{"_acf_changed":false,"ngg_post_thumbnail":0,"footnotes":""},"class_list":["post-46","page","type-page","status-publish","hentry"],"acf":[],"_links":{"self":[{"href":"https:\/\/pb.edu.pl\/sspb\/wp-json\/wp\/v2\/pages\/46","targetHints":{"allow":["GET"]}}],"collection":[{"href":"https:\/\/pb.edu.pl\/sspb\/wp-json\/wp\/v2\/pages"}],"about":[{"href":"https:\/\/pb.edu.pl\/sspb\/wp-json\/wp\/v2\/types\/page"}],"author":[{"embeddable":true,"href":"https:\/\/pb.edu.pl\/sspb\/wp-json\/wp\/v2\/users\/2"}],"replies":[{"embeddable":true,"href":"https:\/\/pb.edu.pl\/sspb\/wp-json\/wp\/v2\/comments?post=46"}],"version-history":[{"count":0,"href":"https:\/\/pb.edu.pl\/sspb\/wp-json\/wp\/v2\/pages\/46\/revisions"}],"wp:attachment":[{"href":"https:\/\/pb.edu.pl\/sspb\/wp-json\/wp\/v2\/media?parent=46"}],"curies":[{"name":"wp","href":"https:\/\/api.w.org\/{rel}","templated":true}]}}