{"id":11,"date":"2020-01-06T11:23:22","date_gmt":"2020-01-06T10:23:22","guid":{"rendered":"https:\/\/pb.edu.pl\/ssi\/?page_id=11"},"modified":"2026-01-13T14:49:18","modified_gmt":"2026-01-13T13:49:18","slug":"home","status":"publish","type":"page","link":"https:\/\/pb.edu.pl\/ssi\/","title":{"rendered":""},"content":{"rendered":"<div style=\"color:#fff; padding:0 0 30px 30px; line-height:2\">Kierownik Sekcji Serwis\u00f3w Internetowych (SSI)<br \/>\ndr in\u017c. Tomasz Hu\u015bcio<br \/>\n<i class=\"fal fa-envelope\"><\/i> <a href=\"#\" rel=\"nofollow\"  onclick=\"this.href='mailto:' + 't.huscio' + '@' + 'pb.edu.pl'\">t.huscio [at] pb.edu.pl<\/a> &nbsp; <i class=\"fal fa-mobile\"><\/i> 571-443-047<\/div>\n<div class=\"row\">\n<div class=\"col-sm-6\">\n<div class=\"colapse-ssi\">\n<div class=\"panel-group\" id=\"custom-collapse-0\">\n<div class=\"panel panel-default\">\n\t\t\t\t<div class=\"panel-heading\">\n\t\t\t\t\t<div class=\"panel-title\">\n\t\t\t\t\t\t<a class=\"collapsed h4\" data-toggle=\"collapse\" data-parent=\"#custom-collapse-0\" href=\"#custom-collapse-0-0\">Serwis internetowy pb.edu.pl<\/a>\n\t\t\t\t\t<\/div>\n\t\t\t\t<\/div>\n\t\t\t\t<div id=\"custom-collapse-0-0\" class=\"panel-collapse collapse\">\n\t\t\t\t\t<div class=\"panel-body\">\n<div class=\"h4\" style=\"margin:0;padding:0\">Tomasz Hu\u015bcio<\/div>\n<p>webmaster, administrator<br \/>\n<i class=\"fal fa-envelope\"><\/i> <a href=\"#\" rel=\"nofollow\"  onclick=\"this.href='mailto:' + 't.huscio' + '@' + 'pb.edu.pl'\">t.huscio [at] pb.edu.pl<\/a> &nbsp; <i class=\"fal fa-mobile\"><\/i> 571-443-047<\/p>\n<div class=\"h4\" style=\"margin:0;padding:0\">Mariusz Gbur<\/div>\n<p>webdeveloper, administrator<br \/>\n<i class=\"fal fa-envelope\"><\/i> <a href=\"#\" rel=\"nofollow\"  onclick=\"this.href='mailto:' + 'm.gbur' + '@' + 'pb.edu.pl'\">m.gbur [at] pb.edu.pl<\/a>\n<div class=\"h4\" style=\"margin:0;padding:0\">Marek Budkiewicz<\/div>\n<p>webdeveloper, administrator<br \/>\n<i class=\"fal fa-envelope\"><\/i> <a href=\"#\" rel=\"nofollow\"  onclick=\"this.href='mailto:' + 'm.budkiewicz' + '@' + 'pb.edu.pl'\">m.budkiewicz [at] pb.edu.pl<\/a>\n&nbsp;<\/p>\n<hr style=\"border-top:1px solid rgba(255,255,255,0.1);\">\n<a href=\"https:\/\/pb.edu.pl\/kontakt\/redakcja-serwisu-www\/\">Redakcja serwisu www<\/a><\/p>\n<\/div>\n\t\t\t\t<\/div>\n\t\t\t<\/div>\n<div class=\"panel panel-default\">\n\t\t\t\t<div class=\"panel-heading\">\n\t\t\t\t\t<div class=\"panel-title\">\n\t\t\t\t\t\t<a class=\"collapsed h4\" data-toggle=\"collapse\" data-parent=\"#custom-collapse-0\" href=\"#custom-collapse-0-1\">Serwisy internetowe Uczelni<\/a>\n\t\t\t\t\t<\/div>\n\t\t\t\t<\/div>\n\t\t\t\t<div id=\"custom-collapse-0-1\" class=\"panel-collapse collapse\">\n\t\t\t\t\t<div class=\"panel-body\">\n<div class=\"h4\" style=\"margin:0;padding:0\">Tomasz Hu\u015bcio<\/div>\n<p>webmaster, administrator<br \/>\n<i class=\"fal fa-envelope\"><\/i> <a href=\"#\" rel=\"nofollow\"  onclick=\"this.href='mailto:' + 't.huscio' + '@' + 'pb.edu.pl'\">t.huscio [at] pb.edu.pl<\/a> &nbsp; <i class=\"fal fa-mobile\"><\/i> 571-443-047<\/p>\n<div class=\"h4\" style=\"margin:0;padding:0\">Mariusz Gbur<\/div>\n<p>webdeveloper, administrator<br \/>\n<i class=\"fal fa-envelope\"><\/i> <a href=\"#\" rel=\"nofollow\"  onclick=\"this.href='mailto:' + 'm.gbur' + '@' + 'pb.edu.pl'\">m.gbur [at] pb.edu.pl<\/a>\n<div class=\"h4\" style=\"margin:0;padding:0\">Marek Budkiewicz<\/div>\n<p>webdeveloper, administrator<br \/>\n<i class=\"fal fa-envelope\"><\/i> <a href=\"#\" rel=\"nofollow\"  onclick=\"this.href='mailto:' + 'm.budkiewicz' + '@' + 'pb.edu.pl'\">m.budkiewicz [at] pb.edu.pl<\/a>\n&nbsp;<\/p>\n<hr style=\"border-top:1px solid rgba(255,255,255,0.1);\">\n<div class=\"h4\">Redakcja serwis\u00f3w internetowych:<\/div>\n<p><a href=\"\/jednostki\/\">Serwisy www jednostek PB<\/a><br \/>\n<\/div>\n\t\t\t\t<\/div>\n\t\t\t<\/div>\n<div class=\"panel panel-default\">\n\t\t\t\t<div class=\"panel-heading\">\n\t\t\t\t\t<div class=\"panel-title\">\n\t\t\t\t\t\t<a class=\"collapsed h4\" data-toggle=\"collapse\" data-parent=\"#custom-collapse-0\" href=\"#custom-collapse-0-2\">Wydzia\u0142owe serwisy internetowe<\/a>\n\t\t\t\t\t<\/div>\n\t\t\t\t<\/div>\n\t\t\t\t<div id=\"custom-collapse-0-2\" class=\"panel-collapse collapse\">\n\t\t\t\t\t<div class=\"panel-body\">\n<div class=\"h4\" style=\"margin:0;padding:0\">Administratorzy \/ redaktorzy serwis\u00f3w www:<\/div>\n<p>&nbsp;<br \/>\n<a href=\"https:\/\/wa.pb.edu.pl\/kontakt\/redakcja-serwisu-www\/\" title=\"Administrator serwisu www WA\">Wydzia\u0142 Architektury<\/a><\/p>\n<p><a href=\"https:\/\/we.pb.edu.pl\/kontakt\/redakcja-serwisu-www\/\" title=\"Administrator serwisu www WE\">Wydzia\u0142 Elektryczny<\/a><\/p>\n<p><a href=\"https:\/\/wb.pb.edu.pl\/kontakt\/redakcja-serwisu-www\/\" title=\"Administrator serwisu www WBN\u015a\">Wydzia\u0142 Budownictwa i Nauk o \u015arodowisku<\/a><\/p>\n<p><a href=\"https:\/\/wi.pb.edu.pl\/kontakt\/redakcja-serwisu-www\/\" title=\"Administrator serwisu www WI\">Wydzia\u0142 Informatyki<\/a><\/p>\n<p><a href=\"https:\/\/wiz.pb.edu.pl\/kontakt\/redakcja-serwisu-www\/\" title=\"Administrator serwisu www WIZ\">Wydzia\u0142 In\u017cynierii Zarz\u0105dzania<\/a><\/p>\n<p><a href=\"https:\/\/wm.pb.edu.pl\/kontakt\/redakcja-serwisu-www\/\" title=\"Administrator serwisu www WM\">Wydzia\u0142 Mechaniczny<\/a><\/p>\n<\/div>\n\t\t\t\t<\/div>\n\t\t\t<\/div>\n<div class=\"panel panel-default\">\n\t\t\t\t<div class=\"panel-heading\">\n\t\t\t\t\t<div class=\"panel-title\">\n\t\t\t\t\t\t<a class=\"collapsed h4\" data-toggle=\"collapse\" data-parent=\"#custom-collapse-0\" href=\"#custom-collapse-0-3\">Redakcja serwisu www SSI<\/a>\n\t\t\t\t\t<\/div>\n\t\t\t\t<\/div>\n\t\t\t\t<div id=\"custom-collapse-0-3\" class=\"panel-collapse collapse\">\n\t\t\t\t\t<div class=\"panel-body\">\n<p>Uwagi dotycz\u0105ce funkcjonowania oraz zawarto\u015bci (opisy, fotografie itp.) poszczeg\u00f3lnych stron www serwisu internetowego Sekcji Serwis\u00f3w Internetowych prosz\u0119 przysy\u0142a\u0107 na adres:<br \/>\n<i class=\"fal fa-envelope\"><\/i> <a href=\"#\" rel=\"nofollow\"  onclick=\"this.href='mailto:' + 't.huscio' + '@' + 'pb.edu.pl'\">t.huscio [at] pb.edu.pl<\/a>.<\/p>\n<\/div>\n\t\t\t\t<\/div>\n\t\t\t<\/div>\n<\/div>\n<\/p><\/div>\n<\/div>\n<div class=\"col-sm-6\">\n<div class=\"image\"><a href=\"\/ssi\/webmaster-webdeveloper\/\" title=\"webmaster &#038; webdeveloper\"><img loading=\"lazy\" decoding=\"async\" style=\"margin-top:0\" src=\"https:\/\/pb.edu.pl\/ssi\/wp-content\/uploads\/sites\/38\/2020\/03\/web-ssi-nasz-zespol.jpg\" alt=\"WEB zobacz wi\u0119cej\" width=\"570\" height=\"291\" class=\"aligncenter size-full wp-image-227\" srcset=\"https:\/\/pb.edu.pl\/ssi\/wp-content\/uploads\/sites\/38\/2020\/03\/web-ssi-nasz-zespol.jpg 570w, https:\/\/pb.edu.pl\/ssi\/wp-content\/uploads\/sites\/38\/2020\/03\/web-ssi-nasz-zespol-300x153.jpg 300w\" sizes=\"auto, (max-width: 570px) 100vw, 570px\" \/><\/a><\/div>\n<\/div>\n<\/div>\n","protected":false},"excerpt":{"rendered":"<p>Kierownik Sekcji Serwis\u00f3w Internetowych (SSI) dr in\u017c. Tomasz Hu\u015bcio &nbsp; 571-443-047<\/p>\n","protected":false},"author":2,"featured_media":0,"parent":0,"menu_order":0,"comment_status":"closed","ping_status":"closed","template":"","meta":{"_acf_changed":false,"ngg_post_thumbnail":0,"footnotes":""},"class_list":["post-11","page","type-page","status-publish","hentry"],"acf":[],"yoast_head":"<!-- This site is optimized with the Yoast SEO plugin v27.0 - https:\/\/yoast.com\/product\/yoast-seo-wordpress\/ -->\n<title>Sekcja Serwis\u00f3w Internetowych Politechniki Bia\u0142ostockiej<\/title>\n<meta name=\"description\" content=\"SSI PB - projektowanie, tworzenie, administracja serwis\u00f3w internetowych: wydzia\u0142\u00f3w, katedr, jednostek, konferencji ...\" \/>\n<meta name=\"robots\" content=\"index, follow, max-snippet:-1, max-image-preview:large, max-video-preview:-1\" \/>\n<link rel=\"canonical\" href=\"https:\/\/pb.edu.pl\/ssi\/\" \/>\n<meta name=\"twitter:label1\" content=\"Szacowany czas czytania\" \/>\n\t<meta name=\"twitter:data1\" content=\"1 minuta\" \/>\n<script type=\"application\/ld+json\" class=\"yoast-schema-graph\">{\"@context\":\"https:\/\/schema.org\",\"@graph\":[{\"@type\":\"WebPage\",\"@id\":\"https:\/\/pb.edu.pl\/ssi\/\",\"url\":\"https:\/\/pb.edu.pl\/ssi\/\",\"name\":\"Sekcja Serwis\u00f3w Internetowych Politechniki Bia\u0142ostockiej\",\"isPartOf\":{\"@id\":\"https:\/\/pb.edu.pl\/ssi\/#website\"},\"primaryImageOfPage\":{\"@id\":\"https:\/\/pb.edu.pl\/ssi\/#primaryimage\"},\"image\":{\"@id\":\"https:\/\/pb.edu.pl\/ssi\/#primaryimage\"},\"thumbnailUrl\":\"https:\/\/pb.edu.pl\/ssi\/wp-content\/uploads\/sites\/38\/2020\/03\/web-ssi-nasz-zespol.jpg\",\"datePublished\":\"2020-01-06T10:23:22+00:00\",\"dateModified\":\"2026-01-13T13:49:18+00:00\",\"description\":\"SSI PB - projektowanie, tworzenie, administracja serwis\u00f3w internetowych: wydzia\u0142\u00f3w, katedr, jednostek, konferencji ...\",\"inLanguage\":\"pl-PL\",\"potentialAction\":[{\"@type\":\"ReadAction\",\"target\":[\"https:\/\/pb.edu.pl\/ssi\/\"]}]},{\"@type\":\"ImageObject\",\"inLanguage\":\"pl-PL\",\"@id\":\"https:\/\/pb.edu.pl\/ssi\/#primaryimage\",\"url\":\"https:\/\/pb.edu.pl\/ssi\/wp-content\/uploads\/sites\/38\/2020\/03\/web-ssi-nasz-zespol.jpg\",\"contentUrl\":\"https:\/\/pb.edu.pl\/ssi\/wp-content\/uploads\/sites\/38\/2020\/03\/web-ssi-nasz-zespol.jpg\",\"width\":570,\"height\":291,\"caption\":\"WEB zobacz wi\u0119cej\"},{\"@type\":\"WebSite\",\"@id\":\"https:\/\/pb.edu.pl\/ssi\/#website\",\"url\":\"https:\/\/pb.edu.pl\/ssi\/\",\"name\":\"Sekcja Serwis\u00f3w Internetowych\",\"description\":\"SSI\",\"potentialAction\":[{\"@type\":\"SearchAction\",\"target\":{\"@type\":\"EntryPoint\",\"urlTemplate\":\"https:\/\/pb.edu.pl\/ssi\/?s={search_term_string}\"},\"query-input\":{\"@type\":\"PropertyValueSpecification\",\"valueRequired\":true,\"valueName\":\"search_term_string\"}}],\"inLanguage\":\"pl-PL\"}]}<\/script>\n<!-- \/ Yoast SEO plugin. -->","yoast_head_json":{"title":"Sekcja Serwis\u00f3w Internetowych Politechniki Bia\u0142ostockiej","description":"SSI PB - projektowanie, tworzenie, administracja serwis\u00f3w internetowych: wydzia\u0142\u00f3w, katedr, jednostek, konferencji ...","robots":{"index":"index","follow":"follow","max-snippet":"max-snippet:-1","max-image-preview":"max-image-preview:large","max-video-preview":"max-video-preview:-1"},"canonical":"https:\/\/pb.edu.pl\/ssi\/","twitter_misc":{"Szacowany czas czytania":"1 minuta"},"schema":{"@context":"https:\/\/schema.org","@graph":[{"@type":"WebPage","@id":"https:\/\/pb.edu.pl\/ssi\/","url":"https:\/\/pb.edu.pl\/ssi\/","name":"Sekcja Serwis\u00f3w Internetowych Politechniki Bia\u0142ostockiej","isPartOf":{"@id":"https:\/\/pb.edu.pl\/ssi\/#website"},"primaryImageOfPage":{"@id":"https:\/\/pb.edu.pl\/ssi\/#primaryimage"},"image":{"@id":"https:\/\/pb.edu.pl\/ssi\/#primaryimage"},"thumbnailUrl":"https:\/\/pb.edu.pl\/ssi\/wp-content\/uploads\/sites\/38\/2020\/03\/web-ssi-nasz-zespol.jpg","datePublished":"2020-01-06T10:23:22+00:00","dateModified":"2026-01-13T13:49:18+00:00","description":"SSI PB - projektowanie, tworzenie, administracja serwis\u00f3w internetowych: wydzia\u0142\u00f3w, katedr, jednostek, konferencji ...","inLanguage":"pl-PL","potentialAction":[{"@type":"ReadAction","target":["https:\/\/pb.edu.pl\/ssi\/"]}]},{"@type":"ImageObject","inLanguage":"pl-PL","@id":"https:\/\/pb.edu.pl\/ssi\/#primaryimage","url":"https:\/\/pb.edu.pl\/ssi\/wp-content\/uploads\/sites\/38\/2020\/03\/web-ssi-nasz-zespol.jpg","contentUrl":"https:\/\/pb.edu.pl\/ssi\/wp-content\/uploads\/sites\/38\/2020\/03\/web-ssi-nasz-zespol.jpg","width":570,"height":291,"caption":"WEB zobacz wi\u0119cej"},{"@type":"WebSite","@id":"https:\/\/pb.edu.pl\/ssi\/#website","url":"https:\/\/pb.edu.pl\/ssi\/","name":"Sekcja Serwis\u00f3w Internetowych","description":"SSI","potentialAction":[{"@type":"SearchAction","target":{"@type":"EntryPoint","urlTemplate":"https:\/\/pb.edu.pl\/ssi\/?s={search_term_string}"},"query-input":{"@type":"PropertyValueSpecification","valueRequired":true,"valueName":"search_term_string"}}],"inLanguage":"pl-PL"}]}},"_links":{"self":[{"href":"https:\/\/pb.edu.pl\/ssi\/wp-json\/wp\/v2\/pages\/11","targetHints":{"allow":["GET"]}}],"collection":[{"href":"https:\/\/pb.edu.pl\/ssi\/wp-json\/wp\/v2\/pages"}],"about":[{"href":"https:\/\/pb.edu.pl\/ssi\/wp-json\/wp\/v2\/types\/page"}],"author":[{"embeddable":true,"href":"https:\/\/pb.edu.pl\/ssi\/wp-json\/wp\/v2\/users\/2"}],"replies":[{"embeddable":true,"href":"https:\/\/pb.edu.pl\/ssi\/wp-json\/wp\/v2\/comments?post=11"}],"version-history":[{"count":0,"href":"https:\/\/pb.edu.pl\/ssi\/wp-json\/wp\/v2\/pages\/11\/revisions"}],"wp:attachment":[{"href":"https:\/\/pb.edu.pl\/ssi\/wp-json\/wp\/v2\/media?parent=11"}],"curies":[{"name":"wp","href":"https:\/\/api.w.org\/{rel}","templated":true}]}}