{"id":26,"date":"2020-01-16T19:58:04","date_gmt":"2020-01-16T18:58:04","guid":{"rendered":"https:\/\/pb.edu.pl\/solidarnosc\/?page_id=26"},"modified":"2023-01-18T22:13:28","modified_gmt":"2023-01-18T21:13:28","slug":"pliki-do-pobrania","status":"publish","type":"page","link":"https:\/\/pb.edu.pl\/solidarnosc\/pliki-do-pobrania\/","title":{"rendered":"Pliki do pobrania i dokumenty zwi\u0105zkowe"},"content":{"rendered":"<p><strong>PLIKI DO POBRANIA:<\/strong><\/p>\n<p><a href=\"https:\/\/pb.edu.pl\/solidarnosc\/wp-content\/uploads\/sites\/39\/2020\/07\/DEKLARACJA_NSZZ_SOLIDARNOSC_PB.pdf\">Deklaracja przyst\u0105pienia do NSZZ SOLIDARNOSC Politechniki Bia\u0142ostockiej<\/a> &nbsp;<\/p>\n<p><a href=\"https:\/\/pb.edu.pl\/solidarnosc\/wp-content\/uploads\/sites\/39\/2020\/07\/Wniosek_Legitymacja_elektroniczna.pdf\">Wniosek o wydanie elektronicznej legitymacji cz\u0142onka zwi\u0105zku<\/a> &nbsp;<\/p>\n<p><a href=\"https:\/\/pb.edu.pl\/solidarnosc\/wp-content\/uploads\/sites\/39\/2020\/07\/Wniosek-na-karte-LOTOS.pdf\">Wniosek o wydanie karty LOTOS Biznes<\/a><br \/>\n&nbsp;<\/p>\n<p><strong>DOKUMENTY ZWI\u0104ZKOWE:<\/strong><\/p>\n<p><a class=\"pdf\" href=\"https:\/\/pb.edu.pl\/solidarnosc\/wp-content\/uploads\/sites\/39\/2020\/12\/STATUT-NSZZ-SOLIDARNO\u015a\u0106.pdf\" target=\"_blank\" data-id=\"82\" rel=\"noopener\">STATUT NSZZ SOLIDARNO\u015a\u0106 <span>(PDF, 398 KB, otworzy si\u0119 w nowej karcie)<\/span><\/a><\/p>\n","protected":false},"excerpt":{"rendered":"<p>PLIKI DO POBRANIA: Deklaracja przyst\u0105pienia do NSZZ SOLIDARNOSC Politechniki Bia\u0142ostockiej &nbsp; Wniosek o wydanie elektronicznej<\/p>\n","protected":false},"author":2,"featured_media":0,"parent":0,"menu_order":5,"comment_status":"closed","ping_status":"closed","template":"","meta":{"_acf_changed":false,"ngg_post_thumbnail":0,"footnotes":""},"class_list":["post-26","page","type-page","status-publish","hentry"],"acf":[],"_links":{"self":[{"href":"https:\/\/pb.edu.pl\/solidarnosc\/wp-json\/wp\/v2\/pages\/26","targetHints":{"allow":["GET"]}}],"collection":[{"href":"https:\/\/pb.edu.pl\/solidarnosc\/wp-json\/wp\/v2\/pages"}],"about":[{"href":"https:\/\/pb.edu.pl\/solidarnosc\/wp-json\/wp\/v2\/types\/page"}],"author":[{"embeddable":true,"href":"https:\/\/pb.edu.pl\/solidarnosc\/wp-json\/wp\/v2\/users\/2"}],"replies":[{"embeddable":true,"href":"https:\/\/pb.edu.pl\/solidarnosc\/wp-json\/wp\/v2\/comments?post=26"}],"version-history":[{"count":0,"href":"https:\/\/pb.edu.pl\/solidarnosc\/wp-json\/wp\/v2\/pages\/26\/revisions"}],"wp:attachment":[{"href":"https:\/\/pb.edu.pl\/solidarnosc\/wp-json\/wp\/v2\/media?parent=26"}],"curies":[{"name":"wp","href":"https:\/\/api.w.org\/{rel}","templated":true}]}}