{"id":1737,"date":"2024-09-12T17:10:47","date_gmt":"2024-09-12T15:10:47","guid":{"rendered":"https:\/\/pb.edu.pl\/sok\/?page_id=1737"},"modified":"2024-10-23T12:51:56","modified_gmt":"2024-10-23T10:51:56","slug":"harmonogram-roku-akademickiego","status":"publish","type":"page","link":"https:\/\/pb.edu.pl\/sok\/harmonogram-roku-akademickiego\/","title":{"rendered":"Harmonogram roku akademickiego"},"content":{"rendered":"<p><a href=\"https:\/\/pb.edu.pl\/kalendarz-akademicki\/\">Kalendarz akademicki<\/a><\/p>\n<p>Harmonogram roku akademickiego jest ustalany przez Rektora Politechniki Bia\u0142ostockiej w porozumieniu z Samorz\u0105dem Student\u00f3w i og\u0142aszany do 31 maja.<\/p>\n<p>Harmonogram roku akademickiego 2024\/2025 okre\u015bla <a href=\"https:\/\/bip.pb.edu.pl\/index.php?event=informacja&#038;id=21365\">Zarz\u0105dzenie nr 49\/2024 Rektora Politechniki Bia\u0142ostockiej z dnia 29 maja 2024 roku<\/a> w sprawie ustalenia harmonogramu roku akademickiego 2024\/2025.<\/p>\n<p>Harmonogram roku akademickiego 2023\/2024 okre\u015bla <a href=\"https:\/\/bip.pb.edu.pl\/?event=informacja&#038;id=20723\">Zarz\u0105dzenie nr 57\/2023 Rektora Politechniki Bia\u0142ostockiej z dnia 30 maja 2023 roku<\/a> (tekst ujednolicony) w sprawie ustalenia harmonogramu roku akademickiego 2023\/2024.<\/p>\n","protected":false},"excerpt":{"rendered":"<p>Kalendarz akademicki Harmonogram roku akademickiego jest ustalany przez Rektora Politechniki Bia\u0142ostockiej w porozumieniu z Samorz\u0105dem<\/p>\n","protected":false},"author":2,"featured_media":0,"parent":0,"menu_order":2,"comment_status":"closed","ping_status":"closed","template":"","meta":{"_acf_changed":false,"ngg_post_thumbnail":0,"footnotes":""},"class_list":["post-1737","page","type-page","status-publish","hentry"],"acf":[],"_links":{"self":[{"href":"https:\/\/pb.edu.pl\/sok\/wp-json\/wp\/v2\/pages\/1737","targetHints":{"allow":["GET"]}}],"collection":[{"href":"https:\/\/pb.edu.pl\/sok\/wp-json\/wp\/v2\/pages"}],"about":[{"href":"https:\/\/pb.edu.pl\/sok\/wp-json\/wp\/v2\/types\/page"}],"author":[{"embeddable":true,"href":"https:\/\/pb.edu.pl\/sok\/wp-json\/wp\/v2\/users\/2"}],"replies":[{"embeddable":true,"href":"https:\/\/pb.edu.pl\/sok\/wp-json\/wp\/v2\/comments?post=1737"}],"version-history":[{"count":0,"href":"https:\/\/pb.edu.pl\/sok\/wp-json\/wp\/v2\/pages\/1737\/revisions"}],"wp:attachment":[{"href":"https:\/\/pb.edu.pl\/sok\/wp-json\/wp\/v2\/media?parent=1737"}],"curies":[{"name":"wp","href":"https:\/\/api.w.org\/{rel}","templated":true}]}}