{"id":98,"date":"2017-11-21T10:09:27","date_gmt":"2017-11-21T09:09:27","guid":{"rendered":"https:\/\/pb.edu.pl\/sjo\/?page_id=98"},"modified":"2025-09-30T14:13:46","modified_gmt":"2025-09-30T12:13:46","slug":"opiekunowie-jezykowi","status":"publish","type":"page","link":"https:\/\/pb.edu.pl\/sjo\/dla-studenta\/opiekunowie-jezykowi\/","title":{"rendered":"Opiekunowie j\u0119zykowi"},"content":{"rendered":"<div class=\"h2\" style=\"font-family: verdana, geneva, sans-serif;font-size: 14pt\"><strong>OPIEKUNOWIE J\u0118ZYKOWI NA POSZCZEG\u00d3LNYCH WYDZIA\u0141ACH W ROKU AKADEMICKIM 2025\/2026<\/strong><\/div>\n<p style=\"font-family: verdana, geneva, sans-serif;font-size: 12pt\">Opiekunowie j\u0119zykowi s\u0105 odpowiedzialni za tworzenie i aktualizacje grup j\u0119zykowych, kierowanie student\u00f3w powtarzaj\u0105cych semestr\/zmieniaj\u0105cych poziom j\u0119zykowy do odpowiednich grup oraz za bie\u017c\u0105cy kontakt z dziekanatami.<\/p>\n<p>&nbsp;<\/p>\n<div class=\"h2\" style=\"font-family: verdana, geneva, sans-serif;font-size: 14pt\"><img loading=\"lazy\" decoding=\"async\" class=\"alignnone wp-image-10423 size-full\" src=\"https:\/\/pb.edu.pl\/sjo\/wp-content\/uploads\/sites\/9\/2021\/10\/2-1.png\" alt=\"Wydzia\u0142 Architektury\" width=\"600\" height=\"100\" srcset=\"https:\/\/pb.edu.pl\/sjo\/wp-content\/uploads\/sites\/9\/2021\/10\/2-1.png 600w, https:\/\/pb.edu.pl\/sjo\/wp-content\/uploads\/sites\/9\/2021\/10\/2-1-300x50.png 300w\" sizes=\"auto, (max-width: 600px) 100vw, 600px\" \/><\/div>\n<p><span style=\"font-family: verdana, geneva, sans-serif;font-size: 12pt\"><strong>J\u0119zyk angielski: <\/strong><\/span><span style=\"font-family: verdana, geneva, sans-serif;font-size: 12pt\">wszystkie kierunki &#8211; mgr Beata Falkowska <i class=\"fa fa-envelope-o\" aria-hidden=\"true\"><\/i> <a href=\"#\" rel=\"nofollow\"  onclick=\"this.href='mailto:' + 'beata.falkowska' + '@' + 'pb.edu.pl'\">beata.falkowska [at] pb.edu.pl<\/a><\/span><\/p>\n<p><span style=\"font-family: verdana, geneva, sans-serif;font-size: 12pt\"><strong>J\u0119zyk niemiecki:<\/strong> wszystkie kierunki &#8211; mgr Artur Ku\u017amicz <i class=\"fa fa-envelope-o\" aria-hidden=\"true\"><\/i> <a href=\"#\" rel=\"nofollow\"  onclick=\"this.href='mailto:' + 'a.kuzmicz' + '@' + 'pb.edu.pl'\">a.kuzmicz [at] pb.edu.pl<\/a><\/span><\/p>\n<p><span style=\"font-family: verdana, geneva, sans-serif;font-size: 12pt\"><strong>J\u0119zyk rosyjski: <\/strong>wszystkie kierunki &#8211; mgr Dorota Szuper-Jakubiuk <i class=\"fa fa-envelope-o\" aria-hidden=\"true\"><\/i> <a href=\"#\" rel=\"nofollow\"  onclick=\"this.href='mailto:' + 'd.jakubiuk' + '@' + 'pb.edu.pl'\">d.jakubiuk [at] pb.edu.pl<\/a><\/span><\/p>\n<p>&nbsp;<\/p>\n<div class=\"h3\" style=\"font-family: verdana, geneva, sans-serif;font-size: 14pt\"><img loading=\"lazy\" decoding=\"async\" class=\"alignnone wp-image-10420 size-full\" src=\"https:\/\/pb.edu.pl\/sjo\/wp-content\/uploads\/sites\/9\/2021\/10\/wydzial-budownictwa-i-nauk-o-Srodowisku.png\" alt=\"Wydzia\u0142 Budownictwa i Nauk o \u015arodowisku\" width=\"600\" height=\"100\" srcset=\"https:\/\/pb.edu.pl\/sjo\/wp-content\/uploads\/sites\/9\/2021\/10\/wydzial-budownictwa-i-nauk-o-Srodowisku.png 600w, https:\/\/pb.edu.pl\/sjo\/wp-content\/uploads\/sites\/9\/2021\/10\/wydzial-budownictwa-i-nauk-o-Srodowisku-300x50.png 300w\" sizes=\"auto, (max-width: 600px) 100vw, 600px\" \/><\/div>\n<p><span style=\"font-family: verdana, geneva, sans-serif;font-size: 12pt\"><strong>J\u0119zyk angielski:<\/strong><\/span><br \/>\n<span style=\"font-family: verdana, geneva, sans-serif;font-size: 12pt\">Architektura Krajobrazu, Biotechnologia, Energetyka Cieplna, Gospodarka Przestrzenna &#8211; mgr Wojciech Rogalski <i class=\"fa fa-envelope-o\" aria-hidden=\"true\"><\/i> <a href=\"#\" rel=\"nofollow\"  onclick=\"this.href='mailto:' + 'w.rogalski' + '@' + 'pb.edu.pl'\">w.rogalski [at] pb.edu.pl<\/a><\/span><\/p>\n<p><span style=\"font-family: verdana, geneva, sans-serif;font-size: 12pt\">Agroekobiznes, Budownictwo, In\u017cynieria \u015arodowiska, Le\u015bnictwo &#8211; dr Ewa Ligocka <i class=\"fa fa-envelope-o\" aria-hidden=\"true\"><\/i> <a href=\"#\" rel=\"nofollow\"  onclick=\"this.href='mailto:' + 'e.ligocka' + '@' + 'pb.edu.pl'\">e.ligocka [at] pb.edu.pl<\/a><\/span><\/p>\n<p><span style=\"font-family: verdana, geneva, sans-serif;font-size: 12pt\"><strong>J\u0119zyk niemiecki: <\/strong>wszystkie kierunki &#8211; mgr Artur Ku\u017amicz <i class=\"fa fa-envelope-o\" aria-hidden=\"true\"><\/i> <a href=\"#\" rel=\"nofollow\"  onclick=\"this.href='mailto:' + 'a.kuzmicz' + '@' + 'pb.edu.pl'\">a.kuzmicz [at] pb.edu.pl<\/a><\/span><\/p>\n<p><span style=\"font-family: verdana, geneva, sans-serif;font-size: 12pt\"><strong>J\u0119zyk rosyjski: <\/strong>wszystkie kierunki &#8211; mgr Dorota Szuper-Jakubiuk <i class=\"fa fa-envelope-o\" aria-hidden=\"true\"><\/i> <a href=\"#\" rel=\"nofollow\"  onclick=\"this.href='mailto:' + 'd.jakubiuk' + '@' + 'pb.edu.pl'\">d.jakubiuk [at] pb.edu.pl<\/a>\n<\/span><\/p>\n<p>&nbsp;<\/p>\n<p><img loading=\"lazy\" decoding=\"async\" class=\"alignnone wp-image-10425 size-full\" src=\"https:\/\/pb.edu.pl\/sjo\/wp-content\/uploads\/sites\/9\/2021\/10\/4.png\" alt=\"Wydzia\u0142 Elektryczny\" width=\"600\" height=\"100\" srcset=\"https:\/\/pb.edu.pl\/sjo\/wp-content\/uploads\/sites\/9\/2021\/10\/4.png 600w, https:\/\/pb.edu.pl\/sjo\/wp-content\/uploads\/sites\/9\/2021\/10\/4-300x50.png 300w\" sizes=\"auto, (max-width: 600px) 100vw, 600px\" \/><\/p>\n<p><span style=\"font-family: verdana, geneva, sans-serif;font-size: 12pt\"><strong>J\u0119zyk angielski: <\/strong>wszystkie kierunki &#8211; dr Ma\u0142gorzata Ciereszko <i class=\"fa fa-envelope-o\" aria-hidden=\"true\"><\/i> <a href=\"#\" rel=\"nofollow\"  onclick=\"this.href='mailto:' + 'm.ciereszko' + '@' + 'pb.edu.pl'\">m.ciereszko [at] pb.edu.pl<\/a><\/span><\/p>\n<p><span style=\"font-family: verdana, geneva, sans-serif;font-size: 12pt\"><strong>J\u0119zyk niemiecki: <\/strong>wszystkie kierunki &#8211; mgr Artur Ku\u017amicz <i class=\"fa fa-envelope-o\" aria-hidden=\"true\"><\/i> <a href=\"#\" rel=\"nofollow\"  onclick=\"this.href='mailto:' + 'a.kuzmicz' + '@' + 'pb.edu.pl'\">a.kuzmicz [at] pb.edu.pl<\/a><\/span><\/p>\n<p><span style=\"font-family: verdana, geneva, sans-serif;font-size: 12pt\"><strong>J\u0119zyk rosyjski: <\/strong>wszystkie kierunki &#8211; mgr Dorota Szuper-Jakubiuk <i class=\"fa fa-envelope-o\" aria-hidden=\"true\"><\/i> <a href=\"#\" rel=\"nofollow\"  onclick=\"this.href='mailto:' + 'd.jakubiuk' + '@' + 'pb.edu.pl'\">d.jakubiuk [at] pb.edu.pl<\/a>\n<\/span><\/p>\n<p>&nbsp;<\/p>\n<div class=\"h3\" style=\"font-family: verdana, geneva, sans-serif;font-size: 14pt\"><img loading=\"lazy\" decoding=\"async\" class=\"alignnone wp-image-10424 size-full\" src=\"https:\/\/pb.edu.pl\/sjo\/wp-content\/uploads\/sites\/9\/2021\/10\/3-1.png\" alt=\"Wydzia\u0142 Informatyki\" width=\"600\" height=\"100\" srcset=\"https:\/\/pb.edu.pl\/sjo\/wp-content\/uploads\/sites\/9\/2021\/10\/3-1.png 600w, https:\/\/pb.edu.pl\/sjo\/wp-content\/uploads\/sites\/9\/2021\/10\/3-1-300x50.png 300w\" sizes=\"auto, (max-width: 600px) 100vw, 600px\" \/><\/div>\n<p><span style=\"font-family: verdana, geneva, sans-serif;font-size: 12pt\"><strong>J\u0119zyk angielski <\/strong>wszystkie kierunki:<\/span><br \/>\n<span style=\"font-family: verdana, geneva, sans-serif;font-size: 12pt\">mgr Beata Smolarczyk <i class=\"fa fa-envelope-o\" aria-hidden=\"true\"><\/i> <a href=\"#\" rel=\"nofollow\"  onclick=\"this.href='mailto:' + 'b.smolarczyk' + '@' + 'pb.edu.pl'\">b.smolarczyk [at] pb.edu.pl<\/a><\/span><br \/>\n<span style=\"font-family: verdana, geneva, sans-serif;font-size: 12pt\">mgr Joanna Nazarko <i class=\"fa fa-envelope-o\" aria-hidden=\"true\"><\/i> <a href=\"#\" rel=\"nofollow\"  onclick=\"this.href='mailto:' + 'joanna.nazarko' + '@' + 'pb.edu.pl'\">joanna.nazarko [at] pb.edu.pl<\/a><\/span><\/p>\n<p><span style=\"font-family: verdana, geneva, sans-serif;font-size: 12pt\"><strong>J\u0119zyk niemiecki: <\/strong>wszystkie kierunki &#8211; mgr Artur Ku\u017amicz <i class=\"fa fa-envelope-o\" aria-hidden=\"true\"><\/i> <a href=\"#\" rel=\"nofollow\"  onclick=\"this.href='mailto:' + 'a.kuzmicz' + '@' + 'pb.edu.pl'\">a.kuzmicz [at] pb.edu.pl<\/a><\/span><\/p>\n<p><span style=\"font-family: verdana, geneva, sans-serif;font-size: 12pt\"><strong>J\u0119zyk rosyjski:<\/strong> wszystkie kierunki &#8211; mgr Dorota Szuper-Jakubiuk <i class=\"fa fa-envelope-o\" aria-hidden=\"true\"><\/i> <a href=\"#\" rel=\"nofollow\"  onclick=\"this.href='mailto:' + 'd.jakubiuk' + '@' + 'pb.edu.pl'\">d.jakubiuk [at] pb.edu.pl<\/a><\/span><br \/>\n&nbsp;<\/p>\n<div class=\"h3\" style=\"font-family: verdana, geneva, sans-serif;font-size: 14pt\"><img loading=\"lazy\" decoding=\"async\" class=\"alignnone wp-image-10422 size-full\" src=\"https:\/\/pb.edu.pl\/sjo\/wp-content\/uploads\/sites\/9\/2021\/10\/6.png\" alt=\"Wydzia\u0142 Mechaniczny\" width=\"600\" height=\"100\" srcset=\"https:\/\/pb.edu.pl\/sjo\/wp-content\/uploads\/sites\/9\/2021\/10\/6.png 600w, https:\/\/pb.edu.pl\/sjo\/wp-content\/uploads\/sites\/9\/2021\/10\/6-300x50.png 300w\" sizes=\"auto, (max-width: 600px) 100vw, 600px\" \/><\/div>\n<p><span style=\"font-family: verdana, geneva, sans-serif;font-size: 12pt\"><strong>J\u0119zyk angielski: <\/strong><\/span><br \/>\n<span style=\"font-family: verdana, geneva, sans-serif;font-size: 12pt\">Automatyka i Robotyka, Mechanika i Budowa Maszyn &#8211; mgr Urszula Socho\u0144-Okruszko <i class=\"fa fa-envelope-o\" aria-hidden=\"true\"><\/i> <a href=\"#\" rel=\"nofollow\"  onclick=\"this.href='mailto:' + 'u.sochon' + '@' + 'pb.edu.pl'\">u.sochon [at] pb.edu.pl<\/a> <\/span><br \/>\n<span style=\"font-family: verdana, geneva, sans-serif;font-size: 12pt\">In\u017cynieria Biomedyczna, Mechatronika, Transport &#8211; mgr Anna G\u0105sowska <i class=\"fa fa-envelope-o\" aria-hidden=\"true\"><\/i> <a href=\"#\" rel=\"nofollow\"  onclick=\"this.href='mailto:' + 'anna.gasowska' + '@' + 'pb.edu.pl'\">anna.gasowska [at] pb.edu.pl<\/a><\/span><\/p>\n<p><span style=\"font-family: verdana, geneva, sans-serif;font-size: 12pt\"><strong>J\u0119zyk niemiecki: <\/strong>wszystkie kierunki &#8211; mgr Artur Ku\u017amicz <i class=\"fa fa-envelope-o\" aria-hidden=\"true\"><\/i> <a href=\"#\" rel=\"nofollow\"  onclick=\"this.href='mailto:' + 'a.kuzmicz' + '@' + 'pb.edu.pl'\">a.kuzmicz [at] pb.edu.pl<\/a><\/span><\/p>\n<p><span style=\"font-family: verdana, geneva, sans-serif;font-size: 12pt\"><strong>J\u0119zyk rosyjski: <\/strong>wszystkie kierunki &#8211; mgr Dorota Szuper-Jakubiuk <i class=\"fa fa-envelope-o\" aria-hidden=\"true\"><\/i> <a href=\"#\" rel=\"nofollow\"  onclick=\"this.href='mailto:' + 'd.jakubiuk' + '@' + 'pb.edu.pl'\">d.jakubiuk [at] pb.edu.pl<\/a><\/span><br \/>\n&nbsp;<\/p>\n<div class=\"h3\" style=\"font-family: verdana, geneva, sans-serif;font-size: 14pt\"><img loading=\"lazy\" decoding=\"async\" class=\"alignnone wp-image-10426 size-full\" src=\"https:\/\/pb.edu.pl\/sjo\/wp-content\/uploads\/sites\/9\/2021\/10\/5.png\" alt=\"Wydzia\u0142 In\u017cynierii Zarz\u0105dzania\" width=\"600\" height=\"100\" srcset=\"https:\/\/pb.edu.pl\/sjo\/wp-content\/uploads\/sites\/9\/2021\/10\/5.png 600w, https:\/\/pb.edu.pl\/sjo\/wp-content\/uploads\/sites\/9\/2021\/10\/5-300x50.png 300w\" sizes=\"auto, (max-width: 600px) 100vw, 600px\" \/><\/div>\n<p><span style=\"font-family: verdana, geneva, sans-serif;font-size: 12pt\"><strong>J\u0119zyk angielski:<\/strong><\/span><br \/>\n<span style=\"font-family: verdana, geneva, sans-serif;font-size: 12pt\">Turystyka i Rekreacja, Zarz\u0105dzanie, Zarz\u0105dzanie i In\u017cynieria Produkcji, Zarz\u0105dzanie Projektami &#8211; mgr Greta G\u0142owacka-Czarnopy\u015b <i class=\"fa fa-envelope-o\" aria-hidden=\"true\"><\/i> <a href=\"#\" rel=\"nofollow\"  onclick=\"this.href='mailto:' + 'g.czarnopys' + '@' + 'pb.edu.pl'\">g.czarnopys [at] pb.edu.pl<\/a><\/span><br \/>\n<span style=\"font-family: verdana, geneva, sans-serif;font-size: 12pt\">Logistyka, Logistics, Zarz\u0105dzanie Finansami i Rachunkowo\u015b\u0107 &#8211; mgr Anna Kalisz <i class=\"fa fa-envelope-o\" aria-hidden=\"true\"><\/i> <a href=\"#\" rel=\"nofollow\"  onclick=\"this.href='mailto:' + 'a.kalisz' + '@' + 'pb.edu.pl'\">a.kalisz [at] pb.edu.pl<\/a><\/span><\/p>\n<p><span style=\"font-family: verdana, geneva, sans-serif;font-size: 12pt\"><strong>J\u0119zyk niemiecki: <\/strong>wszystkie kierunki &#8211; mgr Artur Ku\u017amicz <i class=\"fa fa-envelope-o\" aria-hidden=\"true\"><\/i> <a href=\"#\" rel=\"nofollow\"  onclick=\"this.href='mailto:' + 'a.kuzmicz' + '@' + 'pb.edu.pl'\">a.kuzmicz [at] pb.edu.pl<\/a><\/span><\/p>\n<p><span style=\"font-family: verdana, geneva, sans-serif;font-size: 12pt\"><strong>J\u0119zyk rosyjski: <\/strong>wszystkie kierunki &#8211; mgr Dorota Szuper-Jakubiuk <i class=\"fa fa-envelope-o\" aria-hidden=\"true\"><\/i> <a href=\"#\" rel=\"nofollow\"  onclick=\"this.href='mailto:' + 'd.jakubiuk' + '@' + 'pb.edu.pl'\">d.jakubiuk [at] pb.edu.pl<\/a><\/span><br \/>\n&nbsp;<\/p>\n<p>&nbsp;<\/p>\n<p><span style=\"font-family: verdana, geneva, sans-serif;font-size: 12pt\"><strong>J\u0119zyk hiszpa\u0144ski<\/strong> wszystkie wydzia\u0142y &#8211; mgr Violetta Grabi\u0144ska <i class=\"fa fa-envelope-o\" aria-hidden=\"true\"><\/i> <a href=\"#\" rel=\"nofollow\"  onclick=\"this.href='mailto:' + 'v.grabinska' + '@' + 'pb.edu.pl'\">v.grabinska [at] pb.edu.pl<\/a><\/span><\/p>\n<p><span style=\"font-family: verdana, geneva, sans-serif;font-size: 12pt\"><strong>Szko\u0142a Doktorska<\/strong> &#8211; dr Monika \u015aleszy\u0144ska <i class=\"fa fa-envelope-o\" aria-hidden=\"true\"><\/i> <a href=\"#\" rel=\"nofollow\"  onclick=\"this.href='mailto:' + 'm.sleszynska' + '@' + 'pb.edu.pl'\">m.sleszynska [at] pb.edu.pl<\/a><\/span><\/p>\n<p><span style=\"font-family: verdana, geneva, sans-serif;font-size: 12pt\"><strong>Koordynator Centrum J\u0119zyka i Kultury Polskiej POLISH LAB<\/strong> &#8211; mgr Alina Jab\u0142o\u0144ska Domurat <i class=\"fa fa-envelope-o\" aria-hidden=\"true\"><\/i> <a href=\"#\" rel=\"nofollow\"  onclick=\"this.href='mailto:' + 'a.domurat' + '@' + 'pb.edu.pl'\">a.domurat [at] pb.edu.pl<\/a><\/span><\/p>\n<p><span style=\"font-family: verdana, geneva, sans-serif;font-size: 12pt\"><strong>Koordynator Erasmus+<\/strong> &#8211; mgr Ma\u0142gorzata Komarewska <i class=\"fa fa-envelope-o\" aria-hidden=\"true\"><\/i> <a href=\"#\" rel=\"nofollow\"  onclick=\"this.href='mailto:' + 'm.komarewska' + '@' + 'pb.edu.pl'\">m.komarewska [at] pb.edu.pl<\/a><\/span><\/p>\n","protected":false},"excerpt":{"rendered":"<p>OPIEKUNOWIE J\u0118ZYKOWI NA POSZCZEG\u00d3LNYCH WYDZIA\u0141ACH W ROKU AKADEMICKIM 2025\/2026 Opiekunowie j\u0119zykowi s\u0105 odpowiedzialni za tworzenie<\/p>\n","protected":false},"author":2,"featured_media":0,"parent":16,"menu_order":1,"comment_status":"closed","ping_status":"closed","template":"","meta":{"_acf_changed":false,"ngg_post_thumbnail":0,"footnotes":""},"class_list":["post-98","page","type-page","status-publish","hentry"],"acf":[],"yoast_head":"<!-- This site is optimized with the Yoast SEO plugin v27.0 - https:\/\/yoast.com\/product\/yoast-seo-wordpress\/ -->\n<title>Opiekunowie j\u0119zykowi - Studium J\u0119zyk\u00f3w Obcych<\/title>\n<meta name=\"description\" content=\"OPIEKUNOWIE J\u0118ZYKOWI NA POSZCZEG\u00d3LNYCH WYDZIA\u0141ACH W ROKU AKADEMICKIM 2025\/2026 Opiekunowie j\u0119zykowi s\u0105 odpowiedzialni za tworzenie i aktualizacje grup\" \/>\n<meta name=\"robots\" content=\"index, follow, max-snippet:-1, max-image-preview:large, max-video-preview:-1\" \/>\n<link rel=\"canonical\" href=\"https:\/\/pb.edu.pl\/sjo\/dla-studenta\/opiekunowie-jezykowi\/\" \/>\n<meta property=\"og:locale\" content=\"pl_PL\" \/>\n<meta property=\"og:type\" content=\"article\" \/>\n<meta property=\"og:title\" content=\"Opiekunowie j\u0119zykowi - Studium J\u0119zyk\u00f3w Obcych\" \/>\n<meta property=\"og:description\" content=\"OPIEKUNOWIE J\u0118ZYKOWI NA POSZCZEG\u00d3LNYCH WYDZIA\u0141ACH W ROKU AKADEMICKIM 2025\/2026 Opiekunowie j\u0119zykowi s\u0105 odpowiedzialni za tworzenie i aktualizacje grup\" \/>\n<meta property=\"og:url\" content=\"https:\/\/pb.edu.pl\/sjo\/dla-studenta\/opiekunowie-jezykowi\/\" \/>\n<meta property=\"og:site_name\" content=\"Studium J\u0119zyk\u00f3w Obcych\" \/>\n<meta property=\"article:modified_time\" content=\"2025-09-30T12:13:46+00:00\" \/>\n<meta property=\"og:image\" content=\"https:\/\/pb.edu.pl\/sjo\/wp-content\/uploads\/sites\/9\/2021\/10\/2-1.png\" \/>\n\t<meta property=\"og:image:width\" content=\"600\" \/>\n\t<meta property=\"og:image:height\" content=\"100\" \/>\n\t<meta property=\"og:image:type\" content=\"image\/png\" \/>\n<meta name=\"twitter:label1\" content=\"Szacowany czas czytania\" \/>\n\t<meta name=\"twitter:data1\" content=\"4 minuty\" \/>\n<script type=\"application\/ld+json\" class=\"yoast-schema-graph\">{\"@context\":\"https:\/\/schema.org\",\"@graph\":[{\"@type\":\"WebPage\",\"@id\":\"https:\/\/pb.edu.pl\/sjo\/dla-studenta\/opiekunowie-jezykowi\/\",\"url\":\"https:\/\/pb.edu.pl\/sjo\/dla-studenta\/opiekunowie-jezykowi\/\",\"name\":\"Opiekunowie j\u0119zykowi - Studium J\u0119zyk\u00f3w Obcych\",\"isPartOf\":{\"@id\":\"https:\/\/pb.edu.pl\/sjo\/#website\"},\"primaryImageOfPage\":{\"@id\":\"https:\/\/pb.edu.pl\/sjo\/dla-studenta\/opiekunowie-jezykowi\/#primaryimage\"},\"image\":{\"@id\":\"https:\/\/pb.edu.pl\/sjo\/dla-studenta\/opiekunowie-jezykowi\/#primaryimage\"},\"thumbnailUrl\":\"https:\/\/pb.edu.pl\/sjo\/wp-content\/uploads\/sites\/9\/2021\/10\/2-1.png\",\"datePublished\":\"2017-11-21T09:09:27+00:00\",\"dateModified\":\"2025-09-30T12:13:46+00:00\",\"description\":\"OPIEKUNOWIE J\u0118ZYKOWI NA POSZCZEG\u00d3LNYCH WYDZIA\u0141ACH W ROKU AKADEMICKIM 2025\/2026 Opiekunowie j\u0119zykowi s\u0105 odpowiedzialni za tworzenie i aktualizacje grup\",\"breadcrumb\":{\"@id\":\"https:\/\/pb.edu.pl\/sjo\/dla-studenta\/opiekunowie-jezykowi\/#breadcrumb\"},\"inLanguage\":\"pl-PL\",\"potentialAction\":[{\"@type\":\"ReadAction\",\"target\":[\"https:\/\/pb.edu.pl\/sjo\/dla-studenta\/opiekunowie-jezykowi\/\"]}]},{\"@type\":\"ImageObject\",\"inLanguage\":\"pl-PL\",\"@id\":\"https:\/\/pb.edu.pl\/sjo\/dla-studenta\/opiekunowie-jezykowi\/#primaryimage\",\"url\":\"https:\/\/pb.edu.pl\/sjo\/wp-content\/uploads\/sites\/9\/2021\/10\/2-1.png\",\"contentUrl\":\"https:\/\/pb.edu.pl\/sjo\/wp-content\/uploads\/sites\/9\/2021\/10\/2-1.png\",\"width\":600,\"height\":100,\"caption\":\"Wydzia\u0142 Architektury\"},{\"@type\":\"BreadcrumbList\",\"@id\":\"https:\/\/pb.edu.pl\/sjo\/dla-studenta\/opiekunowie-jezykowi\/#breadcrumb\",\"itemListElement\":[{\"@type\":\"ListItem\",\"position\":1,\"name\":\"Home\",\"item\":\"https:\/\/pb.edu.pl\/sjo\/\"},{\"@type\":\"ListItem\",\"position\":2,\"name\":\"Studiuj\u0119 w PB\",\"item\":\"https:\/\/pb.edu.pl\/sjo\/dla-studenta\/\"},{\"@type\":\"ListItem\",\"position\":3,\"name\":\"Opiekunowie j\u0119zykowi\"}]},{\"@type\":\"WebSite\",\"@id\":\"https:\/\/pb.edu.pl\/sjo\/#website\",\"url\":\"https:\/\/pb.edu.pl\/sjo\/\",\"name\":\"Studium J\u0119zyk\u00f3w Obcych\",\"description\":\"\",\"potentialAction\":[{\"@type\":\"SearchAction\",\"target\":{\"@type\":\"EntryPoint\",\"urlTemplate\":\"https:\/\/pb.edu.pl\/sjo\/?s={search_term_string}\"},\"query-input\":{\"@type\":\"PropertyValueSpecification\",\"valueRequired\":true,\"valueName\":\"search_term_string\"}}],\"inLanguage\":\"pl-PL\"}]}<\/script>\n<!-- \/ Yoast SEO plugin. -->","yoast_head_json":{"title":"Opiekunowie j\u0119zykowi - Studium J\u0119zyk\u00f3w Obcych","description":"OPIEKUNOWIE J\u0118ZYKOWI NA POSZCZEG\u00d3LNYCH WYDZIA\u0141ACH W ROKU AKADEMICKIM 2025\/2026 Opiekunowie j\u0119zykowi s\u0105 odpowiedzialni za tworzenie i aktualizacje grup","robots":{"index":"index","follow":"follow","max-snippet":"max-snippet:-1","max-image-preview":"max-image-preview:large","max-video-preview":"max-video-preview:-1"},"canonical":"https:\/\/pb.edu.pl\/sjo\/dla-studenta\/opiekunowie-jezykowi\/","og_locale":"pl_PL","og_type":"article","og_title":"Opiekunowie j\u0119zykowi - Studium J\u0119zyk\u00f3w Obcych","og_description":"OPIEKUNOWIE J\u0118ZYKOWI NA POSZCZEG\u00d3LNYCH WYDZIA\u0141ACH W ROKU AKADEMICKIM 2025\/2026 Opiekunowie j\u0119zykowi s\u0105 odpowiedzialni za tworzenie i aktualizacje grup","og_url":"https:\/\/pb.edu.pl\/sjo\/dla-studenta\/opiekunowie-jezykowi\/","og_site_name":"Studium J\u0119zyk\u00f3w Obcych","article_modified_time":"2025-09-30T12:13:46+00:00","og_image":[{"width":600,"height":100,"url":"https:\/\/pb.edu.pl\/sjo\/wp-content\/uploads\/sites\/9\/2021\/10\/2-1.png","type":"image\/png"}],"twitter_misc":{"Szacowany czas czytania":"4 minuty"},"schema":{"@context":"https:\/\/schema.org","@graph":[{"@type":"WebPage","@id":"https:\/\/pb.edu.pl\/sjo\/dla-studenta\/opiekunowie-jezykowi\/","url":"https:\/\/pb.edu.pl\/sjo\/dla-studenta\/opiekunowie-jezykowi\/","name":"Opiekunowie j\u0119zykowi - Studium J\u0119zyk\u00f3w Obcych","isPartOf":{"@id":"https:\/\/pb.edu.pl\/sjo\/#website"},"primaryImageOfPage":{"@id":"https:\/\/pb.edu.pl\/sjo\/dla-studenta\/opiekunowie-jezykowi\/#primaryimage"},"image":{"@id":"https:\/\/pb.edu.pl\/sjo\/dla-studenta\/opiekunowie-jezykowi\/#primaryimage"},"thumbnailUrl":"https:\/\/pb.edu.pl\/sjo\/wp-content\/uploads\/sites\/9\/2021\/10\/2-1.png","datePublished":"2017-11-21T09:09:27+00:00","dateModified":"2025-09-30T12:13:46+00:00","description":"OPIEKUNOWIE J\u0118ZYKOWI NA POSZCZEG\u00d3LNYCH WYDZIA\u0141ACH W ROKU AKADEMICKIM 2025\/2026 Opiekunowie j\u0119zykowi s\u0105 odpowiedzialni za tworzenie i aktualizacje grup","breadcrumb":{"@id":"https:\/\/pb.edu.pl\/sjo\/dla-studenta\/opiekunowie-jezykowi\/#breadcrumb"},"inLanguage":"pl-PL","potentialAction":[{"@type":"ReadAction","target":["https:\/\/pb.edu.pl\/sjo\/dla-studenta\/opiekunowie-jezykowi\/"]}]},{"@type":"ImageObject","inLanguage":"pl-PL","@id":"https:\/\/pb.edu.pl\/sjo\/dla-studenta\/opiekunowie-jezykowi\/#primaryimage","url":"https:\/\/pb.edu.pl\/sjo\/wp-content\/uploads\/sites\/9\/2021\/10\/2-1.png","contentUrl":"https:\/\/pb.edu.pl\/sjo\/wp-content\/uploads\/sites\/9\/2021\/10\/2-1.png","width":600,"height":100,"caption":"Wydzia\u0142 Architektury"},{"@type":"BreadcrumbList","@id":"https:\/\/pb.edu.pl\/sjo\/dla-studenta\/opiekunowie-jezykowi\/#breadcrumb","itemListElement":[{"@type":"ListItem","position":1,"name":"Home","item":"https:\/\/pb.edu.pl\/sjo\/"},{"@type":"ListItem","position":2,"name":"Studiuj\u0119 w PB","item":"https:\/\/pb.edu.pl\/sjo\/dla-studenta\/"},{"@type":"ListItem","position":3,"name":"Opiekunowie j\u0119zykowi"}]},{"@type":"WebSite","@id":"https:\/\/pb.edu.pl\/sjo\/#website","url":"https:\/\/pb.edu.pl\/sjo\/","name":"Studium J\u0119zyk\u00f3w Obcych","description":"","potentialAction":[{"@type":"SearchAction","target":{"@type":"EntryPoint","urlTemplate":"https:\/\/pb.edu.pl\/sjo\/?s={search_term_string}"},"query-input":{"@type":"PropertyValueSpecification","valueRequired":true,"valueName":"search_term_string"}}],"inLanguage":"pl-PL"}]}},"_links":{"self":[{"href":"https:\/\/pb.edu.pl\/sjo\/wp-json\/wp\/v2\/pages\/98","targetHints":{"allow":["GET"]}}],"collection":[{"href":"https:\/\/pb.edu.pl\/sjo\/wp-json\/wp\/v2\/pages"}],"about":[{"href":"https:\/\/pb.edu.pl\/sjo\/wp-json\/wp\/v2\/types\/page"}],"author":[{"embeddable":true,"href":"https:\/\/pb.edu.pl\/sjo\/wp-json\/wp\/v2\/users\/2"}],"replies":[{"embeddable":true,"href":"https:\/\/pb.edu.pl\/sjo\/wp-json\/wp\/v2\/comments?post=98"}],"version-history":[{"count":0,"href":"https:\/\/pb.edu.pl\/sjo\/wp-json\/wp\/v2\/pages\/98\/revisions"}],"up":[{"embeddable":true,"href":"https:\/\/pb.edu.pl\/sjo\/wp-json\/wp\/v2\/pages\/16"}],"wp:attachment":[{"href":"https:\/\/pb.edu.pl\/sjo\/wp-json\/wp\/v2\/media?parent=98"}],"curies":[{"name":"wp","href":"https:\/\/api.w.org\/{rel}","templated":true}]}}