{"id":8276,"date":"2020-08-17T15:54:09","date_gmt":"2020-08-17T13:54:09","guid":{"rendered":"https:\/\/pb.edu.pl\/sjo\/?page_id=8276"},"modified":"2024-08-07T14:36:15","modified_gmt":"2024-08-07T12:36:15","slug":"zespol","status":"publish","type":"page","link":"https:\/\/pb.edu.pl\/sjo\/polish-lab\/zespol\/","title":{"rendered":"Zesp\u00f3\u0142"},"content":{"rendered":"<p><span style=\"font-family: verdana, geneva, sans-serif;font-size: 12pt\"><strong>Zesp\u00f3\u0142 pracownik\u00f3w Centrum J\u0119zyka i Kultury Polskiej POLISH LAB<\/strong>:<\/span><\/p>\n<p><span style=\"font-family: verdana, geneva, sans-serif;font-size: 12pt\"><span style=\"color: #008000\"><strong>mgr Alina Jab\u0142o\u0144ska Domurat<\/strong><\/span>, koordynator Centrum, wyk\u0142adowca j\u0119zyka polskiego i angielskiego<\/span><\/p>\n<p><span style=\"font-family: verdana, geneva, sans-serif;font-size: 12pt\"><span style=\"color: #008000\"><strong>mgr Ma\u0142gorzata Komarewska<\/strong><\/span>, konsultant ds. administracyjnych Centrum, wyk\u0142adowca j\u0119zyka polskiego i angielskiego<\/span><\/p>\n<p><span style=\"font-family: verdana, geneva, sans-serif;font-size: 12pt\"><span style=\"color: #008000\"><strong>mgr Dorota Szuper-Jakubiuk<\/strong><\/span>, konsultant ds. metodycznych, wyk\u0142adowca j\u0119zyka polskiego, rosyjskiego i ukrai\u0144skiego<\/span><\/p>\n<p><span style=\"font-family: verdana, geneva, sans-serif;font-size: 12pt\"><strong><span style=\"color: #008000\">mgr Justyna Paszko<\/span><\/strong>, kierownik kurs\u00f3w, wyk\u0142adowca j\u0119zyka polskiego i rosyjskiego<\/span><\/p>\n<p><span style=\"font-family: verdana, geneva, sans-serif;font-size: 12pt\"><span style=\"color: #008000\"><strong>mgr Sylwia Dobkowska<\/strong><\/span>, wyk\u0142adowca j\u0119zyka polskiego i angielskiego <\/span><\/p>\n<p><span style=\"font-family: verdana, geneva, sans-serif;font-size: 12pt\"><span style=\"color: #008000\"><strong>mgr Wojciech Rogalski<\/strong><\/span>, wyk\u0142adowca j\u0119zyka polskiego i angielskiego<\/span><\/p>\n<p>&nbsp;<\/p>\n<p><span style=\"font-family: verdana, geneva, sans-serif;font-size: 12pt\">W zespole egzaminator\u00f3w przeprowadzaj\u0105cych sesje certyfikatowych egzamin\u00f3w z j\u0119zyka polskiego jako obcego s\u0105 r\u00f3wnie\u017c:<\/span><\/p>\n<p><span style=\"font-family: verdana, geneva, sans-serif;font-size: 12pt\">dr Joanna Pr\u0119dota &#8211; od kilku sesji Przewodnicz\u0105ca naszej komisji egzaminacyjnej<\/span><\/p>\n<p><span style=\"font-family: verdana, geneva, sans-serif;font-size: 12pt\">dr Patrycja Kownacka <\/span><\/p>\n<p><span style=\"font-family: verdana, geneva, sans-serif;font-size: 12pt\">dr Ewa Rutkowska<\/span><\/p>\n<p><span style=\"font-family: verdana, geneva, sans-serif;font-size: 12pt\">mgr Barbara Gorbacz-Gancarz<\/span><\/p>\n<p><span style=\"font-family: verdana, geneva, sans-serif;font-size: 12pt\">mgr Ma\u0142gorzata Januszko<\/span><\/p>\n<p><span style=\"font-family: verdana, geneva, sans-serif;font-size: 12pt\">mgr Agnieszka Polecka<\/span><\/p>\n<p><span style=\"font-family: verdana, geneva, sans-serif;font-size: 12pt\">mgr Anna Gajdel<\/span><\/p>\n<p><span style=\"font-family: verdana, geneva, sans-serif;font-size: 12pt\">&nbsp;<\/span><\/p>\n<div id='gallery-1' class='gallery galleryid-8276 gallery-columns-3 gallery-size-medium'><figure class='gallery-item'>\n\t\t\t<div class='gallery-icon landscape'>\n\t\t\t\t<a href='https:\/\/pb.edu.pl\/sjo\/img_20230625_142220-1\/'><img loading=\"lazy\" decoding=\"async\" width=\"300\" height=\"169\" src=\"https:\/\/pb.edu.pl\/sjo\/wp-content\/uploads\/sites\/9\/2023\/06\/IMG_20230625_142220-1-300x169.jpg\" class=\"attachment-medium size-medium\" alt=\"\" srcset=\"https:\/\/pb.edu.pl\/sjo\/wp-content\/uploads\/sites\/9\/2023\/06\/IMG_20230625_142220-1-300x169.jpg 300w, https:\/\/pb.edu.pl\/sjo\/wp-content\/uploads\/sites\/9\/2023\/06\/IMG_20230625_142220-1-1024x576.jpg 1024w, https:\/\/pb.edu.pl\/sjo\/wp-content\/uploads\/sites\/9\/2023\/06\/IMG_20230625_142220-1-768x432.jpg 768w, https:\/\/pb.edu.pl\/sjo\/wp-content\/uploads\/sites\/9\/2023\/06\/IMG_20230625_142220-1-1536x864.jpg 1536w, https:\/\/pb.edu.pl\/sjo\/wp-content\/uploads\/sites\/9\/2023\/06\/IMG_20230625_142220-1-2048x1152.jpg 2048w\" sizes=\"auto, (max-width: 300px) 100vw, 300px\" \/><\/a>\n\t\t\t<\/div><\/figure><figure class='gallery-item'>\n\t\t\t<div class='gallery-icon landscape'>\n\t\t\t\t<a href='https:\/\/pb.edu.pl\/sjo\/polish-lab\/bez-tytulu-799x533-px\/'><img loading=\"lazy\" decoding=\"async\" width=\"300\" height=\"200\" src=\"https:\/\/pb.edu.pl\/sjo\/wp-content\/uploads\/sites\/9\/2023\/09\/Bez-tytulu-799\u00d7533-px-300x200.png\" class=\"attachment-medium size-medium\" alt=\"\" srcset=\"https:\/\/pb.edu.pl\/sjo\/wp-content\/uploads\/sites\/9\/2023\/09\/Bez-tytulu-799\u00d7533-px-300x200.png 300w, https:\/\/pb.edu.pl\/sjo\/wp-content\/uploads\/sites\/9\/2023\/09\/Bez-tytulu-799\u00d7533-px-768x512.png 768w, https:\/\/pb.edu.pl\/sjo\/wp-content\/uploads\/sites\/9\/2023\/09\/Bez-tytulu-799\u00d7533-px-480x320.png 480w, https:\/\/pb.edu.pl\/sjo\/wp-content\/uploads\/sites\/9\/2023\/09\/Bez-tytulu-799\u00d7533-px.png 799w\" sizes=\"auto, (max-width: 300px) 100vw, 300px\" \/><\/a>\n\t\t\t<\/div><\/figure><figure class='gallery-item'>\n\t\t\t<div class='gallery-icon landscape'>\n\t\t\t\t<a href='https:\/\/pb.edu.pl\/sjo\/polish-lab\/zespol\/img_20220626_150751\/'><img loading=\"lazy\" decoding=\"async\" width=\"300\" height=\"169\" src=\"https:\/\/pb.edu.pl\/sjo\/wp-content\/uploads\/sites\/9\/2022\/06\/IMG_20220626_150751-300x169.jpg\" class=\"attachment-medium size-medium\" alt=\"\" srcset=\"https:\/\/pb.edu.pl\/sjo\/wp-content\/uploads\/sites\/9\/2022\/06\/IMG_20220626_150751-300x169.jpg 300w, https:\/\/pb.edu.pl\/sjo\/wp-content\/uploads\/sites\/9\/2022\/06\/IMG_20220626_150751-1024x576.jpg 1024w, https:\/\/pb.edu.pl\/sjo\/wp-content\/uploads\/sites\/9\/2022\/06\/IMG_20220626_150751-768x432.jpg 768w, https:\/\/pb.edu.pl\/sjo\/wp-content\/uploads\/sites\/9\/2022\/06\/IMG_20220626_150751-1536x864.jpg 1536w, https:\/\/pb.edu.pl\/sjo\/wp-content\/uploads\/sites\/9\/2022\/06\/IMG_20220626_150751-2048x1152.jpg 2048w\" sizes=\"auto, (max-width: 300px) 100vw, 300px\" \/><\/a>\n\t\t\t<\/div><\/figure>\n\t\t<\/div>\n\n<p><span style=\"font-family: verdana, geneva, sans-serif;font-size: 12pt\">W nast\u0119puj\u0105cym materiale filmowym zarejestrowany zosta\u0142 kr\u00f3tki <strong>fragment lekcji j\u0119zyka polskiego (od minuty 4:03)<\/strong>. A przy okazji mo\u017cna obejrze\u0107 prac\u0119 Studium J\u0119zyk\u00f3w Obcych widzian\u0105 oczami zagranicznych student\u00f3w:<\/span><\/p>\n<p><a href=\"https:\/\/osrodki.pionier.tv\/wideo\/biaman\/erasmus-tour-cjo\/\"><span style=\"color: #0000ff\">https:\/\/osrodki.pionier.tv\/wideo\/biaman\/erasmus-tour-cjo\/<\/span><\/a><\/p>\n<div class=\"embed-responsive embed-responsive-16by9\">\n<blockquote class=\"wp-embedded-content\" data-secret=\"u6KWxwykto\"><p><a href=\"https:\/\/osrodki.pionier.tv\/wideo\/biaman\/erasmus-tour-cjo\/\">Erasmus Tour Foreign Language Centre<\/a><\/p><\/blockquote>\n<p><iframe loading=\"lazy\" class=\"wp-embedded-content\" sandbox=\"allow-scripts\" security=\"restricted\" style=\"position: absolute; visibility: hidden;\" title=\"&#8222;Erasmus Tour Foreign Language Centre&#8221; &#8212; PIONIER TV O\u015aRODKI\" src=\"https:\/\/osrodki.pionier.tv\/wideo\/biaman\/erasmus-tour-cjo\/embed\/#?secret=nTCM6XcFf7#?secret=u6KWxwykto\" data-secret=\"u6KWxwykto\" width=\"500\" height=\"282\" frameborder=\"0\" marginwidth=\"0\" marginheight=\"0\" scrolling=\"no\"><\/iframe><\/div>\n","protected":false},"excerpt":{"rendered":"<p>Zesp\u00f3\u0142 pracownik\u00f3w Centrum J\u0119zyka i Kultury Polskiej POLISH LAB: mgr Alina Jab\u0142o\u0144ska Domurat, koordynator Centrum,<\/p>\n","protected":false},"author":6,"featured_media":0,"parent":8106,"menu_order":0,"comment_status":"closed","ping_status":"closed","template":"","meta":{"_acf_changed":false,"ngg_post_thumbnail":0,"footnotes":""},"class_list":["post-8276","page","type-page","status-publish","hentry"],"acf":[],"yoast_head":"<!-- This site is optimized with the Yoast SEO plugin v27.0 - https:\/\/yoast.com\/product\/yoast-seo-wordpress\/ -->\n<title>Zesp\u00f3\u0142 - Studium J\u0119zyk\u00f3w Obcych<\/title>\n<meta name=\"description\" content=\"Zesp\u00f3\u0142 pracownik\u00f3w Centrum J\u0119zyka i Kultury Polskiej POLISH LAB: mgr Alina Jab\u0142o\u0144ska Domurat, koordynator Centrum, wyk\u0142adowca j\u0119zyka polskiego i\" \/>\n<meta name=\"robots\" content=\"index, follow, max-snippet:-1, max-image-preview:large, max-video-preview:-1\" \/>\n<link rel=\"canonical\" href=\"https:\/\/pb.edu.pl\/sjo\/polish-lab\/zespol\/\" \/>\n<meta property=\"og:locale\" content=\"pl_PL\" \/>\n<meta property=\"og:type\" content=\"article\" \/>\n<meta property=\"og:title\" content=\"Zesp\u00f3\u0142 - Studium J\u0119zyk\u00f3w Obcych\" \/>\n<meta property=\"og:description\" content=\"Zesp\u00f3\u0142 pracownik\u00f3w Centrum J\u0119zyka i Kultury Polskiej POLISH LAB: mgr Alina Jab\u0142o\u0144ska Domurat, koordynator Centrum, wyk\u0142adowca j\u0119zyka polskiego i\" \/>\n<meta property=\"og:url\" content=\"https:\/\/pb.edu.pl\/sjo\/polish-lab\/zespol\/\" \/>\n<meta property=\"og:site_name\" content=\"Studium J\u0119zyk\u00f3w Obcych\" \/>\n<meta property=\"article:modified_time\" content=\"2024-08-07T12:36:15+00:00\" \/>\n<meta property=\"og:image\" content=\"https:\/\/pb.edu.pl\/sjo\/wp-content\/uploads\/sites\/9\/2023\/06\/IMG_20230625_142220-1-300x169.jpg\" \/>\n<meta name=\"twitter:label1\" content=\"Szacowany czas czytania\" \/>\n\t<meta name=\"twitter:data1\" content=\"1 minuta\" \/>\n<script type=\"application\/ld+json\" class=\"yoast-schema-graph\">{\"@context\":\"https:\/\/schema.org\",\"@graph\":[{\"@type\":\"WebPage\",\"@id\":\"https:\/\/pb.edu.pl\/sjo\/polish-lab\/zespol\/\",\"url\":\"https:\/\/pb.edu.pl\/sjo\/polish-lab\/zespol\/\",\"name\":\"Zesp\u00f3\u0142 - Studium J\u0119zyk\u00f3w Obcych\",\"isPartOf\":{\"@id\":\"https:\/\/pb.edu.pl\/sjo\/#website\"},\"datePublished\":\"2020-08-17T13:54:09+00:00\",\"dateModified\":\"2024-08-07T12:36:15+00:00\",\"description\":\"Zesp\u00f3\u0142 pracownik\u00f3w Centrum J\u0119zyka i Kultury Polskiej POLISH LAB: mgr Alina Jab\u0142o\u0144ska Domurat, koordynator Centrum, wyk\u0142adowca j\u0119zyka polskiego i\",\"breadcrumb\":{\"@id\":\"https:\/\/pb.edu.pl\/sjo\/polish-lab\/zespol\/#breadcrumb\"},\"inLanguage\":\"pl-PL\",\"potentialAction\":[{\"@type\":\"ReadAction\",\"target\":[\"https:\/\/pb.edu.pl\/sjo\/polish-lab\/zespol\/\"]}]},{\"@type\":\"BreadcrumbList\",\"@id\":\"https:\/\/pb.edu.pl\/sjo\/polish-lab\/zespol\/#breadcrumb\",\"itemListElement\":[{\"@type\":\"ListItem\",\"position\":1,\"name\":\"Home\",\"item\":\"https:\/\/pb.edu.pl\/sjo\/\"},{\"@type\":\"ListItem\",\"position\":2,\"name\":\"Centrum J\u0119zyka i Kultury Polskiej POLISH LAB\",\"item\":\"https:\/\/pb.edu.pl\/sjo\/polish-lab\/\"},{\"@type\":\"ListItem\",\"position\":3,\"name\":\"Zesp\u00f3\u0142\"}]},{\"@type\":\"WebSite\",\"@id\":\"https:\/\/pb.edu.pl\/sjo\/#website\",\"url\":\"https:\/\/pb.edu.pl\/sjo\/\",\"name\":\"Studium J\u0119zyk\u00f3w Obcych\",\"description\":\"\",\"potentialAction\":[{\"@type\":\"SearchAction\",\"target\":{\"@type\":\"EntryPoint\",\"urlTemplate\":\"https:\/\/pb.edu.pl\/sjo\/?s={search_term_string}\"},\"query-input\":{\"@type\":\"PropertyValueSpecification\",\"valueRequired\":true,\"valueName\":\"search_term_string\"}}],\"inLanguage\":\"pl-PL\"}]}<\/script>\n<!-- \/ Yoast SEO plugin. -->","yoast_head_json":{"title":"Zesp\u00f3\u0142 - Studium J\u0119zyk\u00f3w Obcych","description":"Zesp\u00f3\u0142 pracownik\u00f3w Centrum J\u0119zyka i Kultury Polskiej POLISH LAB: mgr Alina Jab\u0142o\u0144ska Domurat, koordynator Centrum, wyk\u0142adowca j\u0119zyka polskiego i","robots":{"index":"index","follow":"follow","max-snippet":"max-snippet:-1","max-image-preview":"max-image-preview:large","max-video-preview":"max-video-preview:-1"},"canonical":"https:\/\/pb.edu.pl\/sjo\/polish-lab\/zespol\/","og_locale":"pl_PL","og_type":"article","og_title":"Zesp\u00f3\u0142 - Studium J\u0119zyk\u00f3w Obcych","og_description":"Zesp\u00f3\u0142 pracownik\u00f3w Centrum J\u0119zyka i Kultury Polskiej POLISH LAB: mgr Alina Jab\u0142o\u0144ska Domurat, koordynator Centrum, wyk\u0142adowca j\u0119zyka polskiego i","og_url":"https:\/\/pb.edu.pl\/sjo\/polish-lab\/zespol\/","og_site_name":"Studium J\u0119zyk\u00f3w Obcych","article_modified_time":"2024-08-07T12:36:15+00:00","og_image":[{"url":"https:\/\/pb.edu.pl\/sjo\/wp-content\/uploads\/sites\/9\/2023\/06\/IMG_20230625_142220-1-300x169.jpg","type":"","width":"","height":""}],"twitter_misc":{"Szacowany czas czytania":"1 minuta"},"schema":{"@context":"https:\/\/schema.org","@graph":[{"@type":"WebPage","@id":"https:\/\/pb.edu.pl\/sjo\/polish-lab\/zespol\/","url":"https:\/\/pb.edu.pl\/sjo\/polish-lab\/zespol\/","name":"Zesp\u00f3\u0142 - Studium J\u0119zyk\u00f3w Obcych","isPartOf":{"@id":"https:\/\/pb.edu.pl\/sjo\/#website"},"datePublished":"2020-08-17T13:54:09+00:00","dateModified":"2024-08-07T12:36:15+00:00","description":"Zesp\u00f3\u0142 pracownik\u00f3w Centrum J\u0119zyka i Kultury Polskiej POLISH LAB: mgr Alina Jab\u0142o\u0144ska Domurat, koordynator Centrum, wyk\u0142adowca j\u0119zyka polskiego i","breadcrumb":{"@id":"https:\/\/pb.edu.pl\/sjo\/polish-lab\/zespol\/#breadcrumb"},"inLanguage":"pl-PL","potentialAction":[{"@type":"ReadAction","target":["https:\/\/pb.edu.pl\/sjo\/polish-lab\/zespol\/"]}]},{"@type":"BreadcrumbList","@id":"https:\/\/pb.edu.pl\/sjo\/polish-lab\/zespol\/#breadcrumb","itemListElement":[{"@type":"ListItem","position":1,"name":"Home","item":"https:\/\/pb.edu.pl\/sjo\/"},{"@type":"ListItem","position":2,"name":"Centrum J\u0119zyka i Kultury Polskiej POLISH LAB","item":"https:\/\/pb.edu.pl\/sjo\/polish-lab\/"},{"@type":"ListItem","position":3,"name":"Zesp\u00f3\u0142"}]},{"@type":"WebSite","@id":"https:\/\/pb.edu.pl\/sjo\/#website","url":"https:\/\/pb.edu.pl\/sjo\/","name":"Studium J\u0119zyk\u00f3w Obcych","description":"","potentialAction":[{"@type":"SearchAction","target":{"@type":"EntryPoint","urlTemplate":"https:\/\/pb.edu.pl\/sjo\/?s={search_term_string}"},"query-input":{"@type":"PropertyValueSpecification","valueRequired":true,"valueName":"search_term_string"}}],"inLanguage":"pl-PL"}]}},"_links":{"self":[{"href":"https:\/\/pb.edu.pl\/sjo\/wp-json\/wp\/v2\/pages\/8276","targetHints":{"allow":["GET"]}}],"collection":[{"href":"https:\/\/pb.edu.pl\/sjo\/wp-json\/wp\/v2\/pages"}],"about":[{"href":"https:\/\/pb.edu.pl\/sjo\/wp-json\/wp\/v2\/types\/page"}],"author":[{"embeddable":true,"href":"https:\/\/pb.edu.pl\/sjo\/wp-json\/wp\/v2\/users\/6"}],"replies":[{"embeddable":true,"href":"https:\/\/pb.edu.pl\/sjo\/wp-json\/wp\/v2\/comments?post=8276"}],"version-history":[{"count":0,"href":"https:\/\/pb.edu.pl\/sjo\/wp-json\/wp\/v2\/pages\/8276\/revisions"}],"up":[{"embeddable":true,"href":"https:\/\/pb.edu.pl\/sjo\/wp-json\/wp\/v2\/pages\/8106"}],"wp:attachment":[{"href":"https:\/\/pb.edu.pl\/sjo\/wp-json\/wp\/v2\/media?parent=8276"}],"curies":[{"name":"wp","href":"https:\/\/api.w.org\/{rel}","templated":true}]}}