{"id":8202,"date":"2020-06-15T23:47:58","date_gmt":"2020-06-15T21:47:58","guid":{"rendered":"https:\/\/pb.edu.pl\/sjo\/?page_id=8202"},"modified":"2026-03-23T19:41:18","modified_gmt":"2026-03-23T18:41:18","slug":"studenci-z-niepelnosprawnoscia","status":"publish","type":"page","link":"https:\/\/pb.edu.pl\/sjo\/dla-studenta\/studenci-z-niepelnosprawnoscia\/","title":{"rendered":"Studenci z niepe\u0142nosprawno\u015bci\u0105"},"content":{"rendered":"<div class=\"h3\">Opiekun Os\u00f3b z Niepe\u0142nosprawno\u015bciami w SJO PB<\/div>\n<p><strong>mgr Anna Kalisz<\/strong><br \/>\nul. Zwierzyniecka 16, CNK, 2 pi\u0119tro, pok\u00f3j 5<br \/>\n<i class=\"fa fa-mobile\" aria-hidden=\"true\"><\/i> 85 746 913869<br \/>\n<i class=\"fa fa-envelope-o\" aria-hidden=\"true\"><\/i> <a href=\"#\" rel=\"nofollow\"  onclick=\"this.href='mailto:' + 'a.kalisz' + '@' + 'pb.edu.pl'\">a.kalisz [at] pb.edu.pl<\/a>\n<p>Adres strony uczelnianej: <a href=\"https:\/\/pb.edu.pl\/bon\/\">Studenci z niepe\u0142nosprawno\u015bci\u0105 PB<\/a><\/p>\n","protected":false},"excerpt":{"rendered":"<p>Opiekun Os\u00f3b z Niepe\u0142nosprawno\u015bciami w SJO PB mgr Anna Kalisz ul. Zwierzyniecka 16, CNK, 2<\/p>\n","protected":false},"author":2,"featured_media":0,"parent":16,"menu_order":9,"comment_status":"closed","ping_status":"closed","template":"","meta":{"_acf_changed":false,"ngg_post_thumbnail":0,"footnotes":""},"class_list":["post-8202","page","type-page","status-publish","hentry"],"acf":[],"yoast_head":"<!-- This site is optimized with the Yoast SEO plugin v27.0 - https:\/\/yoast.com\/product\/yoast-seo-wordpress\/ -->\n<title>Studenci z niepe\u0142nosprawno\u015bci\u0105 - Studium J\u0119zyk\u00f3w Obcych<\/title>\n<meta name=\"description\" content=\"Opiekun Os\u00f3b z Niepe\u0142nosprawno\u015bciami w SJO PB mgr Anna Kalisz ul. Zwierzyniecka 16, CNK, 2 pi\u0119tro, pok\u00f3j 5 85 746 913869 Adres strony uczelnianej:\" \/>\n<meta name=\"robots\" content=\"index, follow, max-snippet:-1, max-image-preview:large, max-video-preview:-1\" \/>\n<link rel=\"canonical\" href=\"https:\/\/pb.edu.pl\/sjo\/dla-studenta\/studenci-z-niepelnosprawnoscia\/\" \/>\n<meta property=\"og:locale\" content=\"pl_PL\" \/>\n<meta property=\"og:type\" content=\"article\" \/>\n<meta property=\"og:title\" content=\"Studenci z niepe\u0142nosprawno\u015bci\u0105 - Studium J\u0119zyk\u00f3w Obcych\" \/>\n<meta property=\"og:description\" content=\"Opiekun Os\u00f3b z Niepe\u0142nosprawno\u015bciami w SJO PB mgr Anna Kalisz ul. Zwierzyniecka 16, CNK, 2 pi\u0119tro, pok\u00f3j 5 85 746 913869 Adres strony uczelnianej:\" \/>\n<meta property=\"og:url\" content=\"https:\/\/pb.edu.pl\/sjo\/dla-studenta\/studenci-z-niepelnosprawnoscia\/\" \/>\n<meta property=\"og:site_name\" content=\"Studium J\u0119zyk\u00f3w Obcych\" \/>\n<meta property=\"article:modified_time\" content=\"2026-03-23T18:41:18+00:00\" \/>\n<meta name=\"twitter:label1\" content=\"Szacowany czas czytania\" \/>\n\t<meta name=\"twitter:data1\" content=\"1 minuta\" \/>\n<script type=\"application\/ld+json\" class=\"yoast-schema-graph\">{\"@context\":\"https:\/\/schema.org\",\"@graph\":[{\"@type\":\"WebPage\",\"@id\":\"https:\/\/pb.edu.pl\/sjo\/dla-studenta\/studenci-z-niepelnosprawnoscia\/\",\"url\":\"https:\/\/pb.edu.pl\/sjo\/dla-studenta\/studenci-z-niepelnosprawnoscia\/\",\"name\":\"Studenci z niepe\u0142nosprawno\u015bci\u0105 - Studium J\u0119zyk\u00f3w Obcych\",\"isPartOf\":{\"@id\":\"https:\/\/pb.edu.pl\/sjo\/#website\"},\"datePublished\":\"2020-06-15T21:47:58+00:00\",\"dateModified\":\"2026-03-23T18:41:18+00:00\",\"description\":\"Opiekun Os\u00f3b z Niepe\u0142nosprawno\u015bciami w SJO PB mgr Anna Kalisz ul. Zwierzyniecka 16, CNK, 2 pi\u0119tro, pok\u00f3j 5 85 746 913869 Adres strony uczelnianej:\",\"breadcrumb\":{\"@id\":\"https:\/\/pb.edu.pl\/sjo\/dla-studenta\/studenci-z-niepelnosprawnoscia\/#breadcrumb\"},\"inLanguage\":\"pl-PL\",\"potentialAction\":[{\"@type\":\"ReadAction\",\"target\":[\"https:\/\/pb.edu.pl\/sjo\/dla-studenta\/studenci-z-niepelnosprawnoscia\/\"]}]},{\"@type\":\"BreadcrumbList\",\"@id\":\"https:\/\/pb.edu.pl\/sjo\/dla-studenta\/studenci-z-niepelnosprawnoscia\/#breadcrumb\",\"itemListElement\":[{\"@type\":\"ListItem\",\"position\":1,\"name\":\"Home\",\"item\":\"https:\/\/pb.edu.pl\/sjo\/\"},{\"@type\":\"ListItem\",\"position\":2,\"name\":\"Studiuj\u0119 w PB\",\"item\":\"https:\/\/pb.edu.pl\/sjo\/dla-studenta\/\"},{\"@type\":\"ListItem\",\"position\":3,\"name\":\"Studenci z niepe\u0142nosprawno\u015bci\u0105\"}]},{\"@type\":\"WebSite\",\"@id\":\"https:\/\/pb.edu.pl\/sjo\/#website\",\"url\":\"https:\/\/pb.edu.pl\/sjo\/\",\"name\":\"Studium J\u0119zyk\u00f3w Obcych\",\"description\":\"\",\"potentialAction\":[{\"@type\":\"SearchAction\",\"target\":{\"@type\":\"EntryPoint\",\"urlTemplate\":\"https:\/\/pb.edu.pl\/sjo\/?s={search_term_string}\"},\"query-input\":{\"@type\":\"PropertyValueSpecification\",\"valueRequired\":true,\"valueName\":\"search_term_string\"}}],\"inLanguage\":\"pl-PL\"}]}<\/script>\n<!-- \/ Yoast SEO plugin. -->","yoast_head_json":{"title":"Studenci z niepe\u0142nosprawno\u015bci\u0105 - Studium J\u0119zyk\u00f3w Obcych","description":"Opiekun Os\u00f3b z Niepe\u0142nosprawno\u015bciami w SJO PB mgr Anna Kalisz ul. Zwierzyniecka 16, CNK, 2 pi\u0119tro, pok\u00f3j 5 85 746 913869 Adres strony uczelnianej:","robots":{"index":"index","follow":"follow","max-snippet":"max-snippet:-1","max-image-preview":"max-image-preview:large","max-video-preview":"max-video-preview:-1"},"canonical":"https:\/\/pb.edu.pl\/sjo\/dla-studenta\/studenci-z-niepelnosprawnoscia\/","og_locale":"pl_PL","og_type":"article","og_title":"Studenci z niepe\u0142nosprawno\u015bci\u0105 - Studium J\u0119zyk\u00f3w Obcych","og_description":"Opiekun Os\u00f3b z Niepe\u0142nosprawno\u015bciami w SJO PB mgr Anna Kalisz ul. Zwierzyniecka 16, CNK, 2 pi\u0119tro, pok\u00f3j 5 85 746 913869 Adres strony uczelnianej:","og_url":"https:\/\/pb.edu.pl\/sjo\/dla-studenta\/studenci-z-niepelnosprawnoscia\/","og_site_name":"Studium J\u0119zyk\u00f3w Obcych","article_modified_time":"2026-03-23T18:41:18+00:00","twitter_misc":{"Szacowany czas czytania":"1 minuta"},"schema":{"@context":"https:\/\/schema.org","@graph":[{"@type":"WebPage","@id":"https:\/\/pb.edu.pl\/sjo\/dla-studenta\/studenci-z-niepelnosprawnoscia\/","url":"https:\/\/pb.edu.pl\/sjo\/dla-studenta\/studenci-z-niepelnosprawnoscia\/","name":"Studenci z niepe\u0142nosprawno\u015bci\u0105 - Studium J\u0119zyk\u00f3w Obcych","isPartOf":{"@id":"https:\/\/pb.edu.pl\/sjo\/#website"},"datePublished":"2020-06-15T21:47:58+00:00","dateModified":"2026-03-23T18:41:18+00:00","description":"Opiekun Os\u00f3b z Niepe\u0142nosprawno\u015bciami w SJO PB mgr Anna Kalisz ul. Zwierzyniecka 16, CNK, 2 pi\u0119tro, pok\u00f3j 5 85 746 913869 Adres strony uczelnianej:","breadcrumb":{"@id":"https:\/\/pb.edu.pl\/sjo\/dla-studenta\/studenci-z-niepelnosprawnoscia\/#breadcrumb"},"inLanguage":"pl-PL","potentialAction":[{"@type":"ReadAction","target":["https:\/\/pb.edu.pl\/sjo\/dla-studenta\/studenci-z-niepelnosprawnoscia\/"]}]},{"@type":"BreadcrumbList","@id":"https:\/\/pb.edu.pl\/sjo\/dla-studenta\/studenci-z-niepelnosprawnoscia\/#breadcrumb","itemListElement":[{"@type":"ListItem","position":1,"name":"Home","item":"https:\/\/pb.edu.pl\/sjo\/"},{"@type":"ListItem","position":2,"name":"Studiuj\u0119 w PB","item":"https:\/\/pb.edu.pl\/sjo\/dla-studenta\/"},{"@type":"ListItem","position":3,"name":"Studenci z niepe\u0142nosprawno\u015bci\u0105"}]},{"@type":"WebSite","@id":"https:\/\/pb.edu.pl\/sjo\/#website","url":"https:\/\/pb.edu.pl\/sjo\/","name":"Studium J\u0119zyk\u00f3w Obcych","description":"","potentialAction":[{"@type":"SearchAction","target":{"@type":"EntryPoint","urlTemplate":"https:\/\/pb.edu.pl\/sjo\/?s={search_term_string}"},"query-input":{"@type":"PropertyValueSpecification","valueRequired":true,"valueName":"search_term_string"}}],"inLanguage":"pl-PL"}]}},"_links":{"self":[{"href":"https:\/\/pb.edu.pl\/sjo\/wp-json\/wp\/v2\/pages\/8202","targetHints":{"allow":["GET"]}}],"collection":[{"href":"https:\/\/pb.edu.pl\/sjo\/wp-json\/wp\/v2\/pages"}],"about":[{"href":"https:\/\/pb.edu.pl\/sjo\/wp-json\/wp\/v2\/types\/page"}],"author":[{"embeddable":true,"href":"https:\/\/pb.edu.pl\/sjo\/wp-json\/wp\/v2\/users\/2"}],"replies":[{"embeddable":true,"href":"https:\/\/pb.edu.pl\/sjo\/wp-json\/wp\/v2\/comments?post=8202"}],"version-history":[{"count":1,"href":"https:\/\/pb.edu.pl\/sjo\/wp-json\/wp\/v2\/pages\/8202\/revisions"}],"predecessor-version":[{"id":31131,"href":"https:\/\/pb.edu.pl\/sjo\/wp-json\/wp\/v2\/pages\/8202\/revisions\/31131"}],"up":[{"embeddable":true,"href":"https:\/\/pb.edu.pl\/sjo\/wp-json\/wp\/v2\/pages\/16"}],"wp:attachment":[{"href":"https:\/\/pb.edu.pl\/sjo\/wp-json\/wp\/v2\/media?parent=8202"}],"curies":[{"name":"wp","href":"https:\/\/api.w.org\/{rel}","templated":true}]}}

Studenci z niepełnosprawnością

<div class="h3">Opiekun Osób z Niepełnosprawnościami w SJO PB</div>
<p><strong>mgr Anna Kalisz</strong><br />
ul. Zwierzyniecka 16, CNK, 2 piętro, pokój 5<br />
<i class="fa fa-mobile" aria-hidden="true"></i> 85 746 913869<br />
<i class="fa fa-envelope-o" aria-hidden="true"></i> <a href="#" rel="nofollow"  onclick="this.href='mailto:' + 'a.kalisz' + '@' + 'pb.edu.pl'">a.kalisz [at] pb.edu.pl</a>
<p>Adres strony uczelnianej: <a href="https://pb.edu.pl/bon/">Studenci z niepełnosprawnością PB</a></p>

<p>Opiekun Osób z Niepełnosprawnościami w SJO PB mgr Anna Kalisz ul. Zwierzyniecka 16, CNK, 2</p>

<!-- This site is optimized with the Yoast SEO plugin v27.0 - https://yoast.com/product/yoast-seo-wordpress/ -->
<title>Studenci z niepełnosprawnością - Studium Języków Obcych</title>
<meta name="description" content="Opiekun Osób z Niepełnosprawnościami w SJO PB mgr Anna Kalisz ul. Zwierzyniecka 16, CNK, 2 piętro, pokój 5 85 746 913869 Adres strony uczelnianej:" />
<meta name="robots" content="index, follow, max-snippet:-1, max-image-preview:large, max-video-preview:-1" />
<link rel="canonical" href="https://pb.edu.pl/sjo/dla-studenta/studenci-z-niepelnosprawnoscia/" />
<meta property="og:locale" content="pl_PL" />
<meta property="og:type" content="article" />
<meta property="og:title" content="Studenci z niepełnosprawnością - Studium Języków Obcych" />
<meta property="og:description" content="Opiekun Osób z Niepełnosprawnościami w SJO PB mgr Anna Kalisz ul. Zwierzyniecka 16, CNK, 2 piętro, pokój 5 85 746 913869 Adres strony uczelnianej:" />
<meta property="og:url" content="https://pb.edu.pl/sjo/dla-studenta/studenci-z-niepelnosprawnoscia/" />
<meta property="og:site_name" content="Studium Języków Obcych" />
<meta property="article:modified_time" content="2026-03-23T18:41:18+00:00" />
<meta name="twitter:label1" content="Szacowany czas czytania" />
	<meta name="twitter:data1" content="1 minuta" />
<script type="application/ld+json" class="yoast-schema-graph">{"@context":"https://schema.org","@graph":[{"@type":"WebPage","@id":"https://pb.edu.pl/sjo/dla-studenta/studenci-z-niepelnosprawnoscia/","url":"https://pb.edu.pl/sjo/dla-studenta/studenci-z-niepelnosprawnoscia/","name":"Studenci z niepełnosprawnością - Studium Języków Obcych","isPartOf":{"@id":"https://pb.edu.pl/sjo/#website"},"datePublished":"2020-06-15T21:47:58+00:00","dateModified":"2026-03-23T18:41:18+00:00","description":"Opiekun Osób z Niepełnosprawnościami w SJO PB mgr Anna Kalisz ul. Zwierzyniecka 16, CNK, 2 piętro, pokój 5 85 746 913869 Adres strony uczelnianej:","breadcrumb":{"@id":"https://pb.edu.pl/sjo/dla-studenta/studenci-z-niepelnosprawnoscia/#breadcrumb"},"inLanguage":"pl-PL","potentialAction":[{"@type":"ReadAction","target":["https://pb.edu.pl/sjo/dla-studenta/studenci-z-niepelnosprawnoscia/"]}]},{"@type":"BreadcrumbList","@id":"https://pb.edu.pl/sjo/dla-studenta/studenci-z-niepelnosprawnoscia/#breadcrumb","itemListElement":[{"@type":"ListItem","position":1,"name":"Home","item":"https://pb.edu.pl/sjo/"},{"@type":"ListItem","position":2,"name":"Studiuję w PB","item":"https://pb.edu.pl/sjo/dla-studenta/"},{"@type":"ListItem","position":3,"name":"Studenci z niepełnosprawnością"}]},{"@type":"WebSite","@id":"https://pb.edu.pl/sjo/#website","url":"https://pb.edu.pl/sjo/","name":"Studium Języków Obcych","description":"","potentialAction":[{"@type":"SearchAction","target":{"@type":"EntryPoint","urlTemplate":"https://pb.edu.pl/sjo/?s={search_term_string}"},"query-input":{"@type":"PropertyValueSpecification","valueRequired":true,"valueName":"search_term_string"}}],"inLanguage":"pl-PL"}]}</script>
<!-- / Yoast SEO plugin. -->

Studenci z niepełnosprawnością - Studium Języków Obcych

Opiekun Osób z Niepełnosprawnościami w SJO PB mgr Anna Kalisz ul. Zwierzyniecka 16, CNK, 2 piętro, pokój 5 85 746 913869 Adres strony uczelnianej:

Studium Języków Obcych

Studiuję w PB
