{"id":791,"date":"2017-11-30T21:49:51","date_gmt":"2017-11-30T20:49:51","guid":{"rendered":"https:\/\/pb.edu.pl\/sjo\/?page_id=791"},"modified":"2017-11-30T22:15:29","modified_gmt":"2017-11-30T21:15:29","slug":"jak-zaprzyjaznic-sie-z-pamiecia","status":"publish","type":"page","link":"https:\/\/pb.edu.pl\/sjo\/wydarzenia-sjo\/wydarzenia-archiwum\/szkolimy-sie\/jak-zaprzyjaznic-sie-z-pamiecia\/","title":{"rendered":"Jak zaprzyja\u017ani\u0107 si\u0119 z pami\u0119ci\u0105"},"content":{"rendered":"<p>14 marca 2017 w SJO odby\u0142o si\u0119 szkolenie 'Jak zaprzyja\u017ani\u0107 si\u0119 z pami\u0119ci\u0105&#8217;, kt\u00f3re przeprowadzi\u0142a trenerka umiej\u0119tno\u015bci poznawczych z Instytutu Szkole\u0144 i Doradztwa, pani Edyta Madej. Ciekawa tematyka zgromadzi\u0142a liczne grono pracownik\u00f3w Studium. W szkoleniu udzia\u0142 wzi\u0119li: mgr Halina Bramska, mgr Benigma Chaniewska, mgr Sylwia Dobkowska, mgr Anna Kalisz, mgr Irena Kami\u0144ska, mgr in\u017c. Edyta Kiersnowska, mgr Anna Kry\u0144ska, mgr Ma\u0142gorzata Komarewska, mgr Tomasz Lange, dr Ewa Ligocka, mgr Wojciech Rogalski, mgr Liliana Sienkiewicz, mgr Maciej \u015aleszy\u0144ski, mgr Urszula Socho\u0144-Okruszko, mgr Janusz Suchocki, mgr Dorota Szuper-Jakubiuk, dr Marek Weber.<\/p>\n<p>G\u0142\u00f3wnym celem szkolenia by\u0142o przedstawienie r\u00f3\u017cnorodnych metod zapami\u0119tywania i korzy\u015bci p\u0142yn\u0105cych ze stosowania mnemotechnik &#8211; sposob\u00f3w poprawiania ludzkiej pami\u0119ci. Prelegentka skupi\u0142a si\u0119 g\u0142\u00f3wnie na mo\u017cliwo\u015bciach wykorzystania my\u015blenia wizualnego w nauczaniu j\u0119zyk\u00f3w obcych. Zaprezentowa\u0142a przydatne mnemotechniki: Map\u0119 My\u015bli, Literoobrazy, \u0141a\u0144cuchow\u0105 Metod\u0119 Skojarze\u0144 i Technik\u0119 S\u0142\u00f3w Zast\u0119pczych, oraz przedstawi\u0142a mo\u017cliwo\u015bci ich zastosowania w procesie nauczania j\u0119zyk\u00f3w. Po cz\u0119\u015bci teoretycznej nadszed\u0142 czas na praktyk\u0119. Uczestnicy pod okiem trenerki, stosuj\u0105c zaprezentowane wcze\u015bniej techniki, starali si\u0119 zapami\u0119ta\u0107 podane im informacje. Rezultaty by\u0142y zaskakuj\u0105ce. Wszyscy zgodnie stwierdzili, \u017ce to naprawd\u0119 dzia\u0142a!<\/p>\n<p>&nbsp;<\/p>\n<div id='gallery-1' class='gallery galleryid-791 gallery-columns-2 gallery-size-full'><figure class='gallery-item'>\n\t\t\t<div class='gallery-icon landscape'>\n\t\t\t\t<a href='https:\/\/pb.edu.pl\/sjo\/wp-content\/uploads\/sites\/9\/2017\/11\/szkolenie_pamiec_1.jpg'><img loading=\"lazy\" decoding=\"async\" width=\"720\" height=\"480\" src=\"https:\/\/pb.edu.pl\/sjo\/wp-content\/uploads\/sites\/9\/2017\/11\/szkolenie_pamiec_1.jpg\" class=\"attachment-full size-full\" alt=\"prowadz\u0105ca warsztaty\" srcset=\"https:\/\/pb.edu.pl\/sjo\/wp-content\/uploads\/sites\/9\/2017\/11\/szkolenie_pamiec_1.jpg 720w, https:\/\/pb.edu.pl\/sjo\/wp-content\/uploads\/sites\/9\/2017\/11\/szkolenie_pamiec_1-300x200.jpg 300w, https:\/\/pb.edu.pl\/sjo\/wp-content\/uploads\/sites\/9\/2017\/11\/szkolenie_pamiec_1-480x320.jpg 480w\" sizes=\"auto, (max-width: 720px) 100vw, 720px\" \/><\/a>\n\t\t\t<\/div><\/figure><figure class='gallery-item'>\n\t\t\t<div class='gallery-icon landscape'>\n\t\t\t\t<a href='https:\/\/pb.edu.pl\/sjo\/wp-content\/uploads\/sites\/9\/2017\/11\/szkolenie_pamiec_4.jpg'><img loading=\"lazy\" decoding=\"async\" width=\"720\" height=\"480\" src=\"https:\/\/pb.edu.pl\/sjo\/wp-content\/uploads\/sites\/9\/2017\/11\/szkolenie_pamiec_4.jpg\" class=\"attachment-full size-full\" alt=\"uczestnicy warsztat\u00f3w\" srcset=\"https:\/\/pb.edu.pl\/sjo\/wp-content\/uploads\/sites\/9\/2017\/11\/szkolenie_pamiec_4.jpg 720w, https:\/\/pb.edu.pl\/sjo\/wp-content\/uploads\/sites\/9\/2017\/11\/szkolenie_pamiec_4-300x200.jpg 300w, https:\/\/pb.edu.pl\/sjo\/wp-content\/uploads\/sites\/9\/2017\/11\/szkolenie_pamiec_4-480x320.jpg 480w\" sizes=\"auto, (max-width: 720px) 100vw, 720px\" \/><\/a>\n\t\t\t<\/div><\/figure><figure class='gallery-item'>\n\t\t\t<div class='gallery-icon landscape'>\n\t\t\t\t<a href='https:\/\/pb.edu.pl\/sjo\/wp-content\/uploads\/sites\/9\/2017\/11\/szkolenie_pamiec_5.jpg'><img loading=\"lazy\" decoding=\"async\" width=\"720\" height=\"480\" src=\"https:\/\/pb.edu.pl\/sjo\/wp-content\/uploads\/sites\/9\/2017\/11\/szkolenie_pamiec_5.jpg\" class=\"attachment-full size-full\" alt=\"uczestnicy warsztat\u00f3w\" srcset=\"https:\/\/pb.edu.pl\/sjo\/wp-content\/uploads\/sites\/9\/2017\/11\/szkolenie_pamiec_5.jpg 720w, https:\/\/pb.edu.pl\/sjo\/wp-content\/uploads\/sites\/9\/2017\/11\/szkolenie_pamiec_5-300x200.jpg 300w, https:\/\/pb.edu.pl\/sjo\/wp-content\/uploads\/sites\/9\/2017\/11\/szkolenie_pamiec_5-480x320.jpg 480w\" sizes=\"auto, (max-width: 720px) 100vw, 720px\" \/><\/a>\n\t\t\t<\/div><\/figure><figure class='gallery-item'>\n\t\t\t<div class='gallery-icon landscape'>\n\t\t\t\t<a href='https:\/\/pb.edu.pl\/sjo\/wp-content\/uploads\/sites\/9\/2017\/11\/szkolenie_pamiec_6.jpg'><img loading=\"lazy\" decoding=\"async\" width=\"720\" height=\"480\" src=\"https:\/\/pb.edu.pl\/sjo\/wp-content\/uploads\/sites\/9\/2017\/11\/szkolenie_pamiec_6.jpg\" class=\"attachment-full size-full\" alt=\"uczestnicy warsztat\u00f3w\" srcset=\"https:\/\/pb.edu.pl\/sjo\/wp-content\/uploads\/sites\/9\/2017\/11\/szkolenie_pamiec_6.jpg 720w, https:\/\/pb.edu.pl\/sjo\/wp-content\/uploads\/sites\/9\/2017\/11\/szkolenie_pamiec_6-300x200.jpg 300w, https:\/\/pb.edu.pl\/sjo\/wp-content\/uploads\/sites\/9\/2017\/11\/szkolenie_pamiec_6-480x320.jpg 480w\" sizes=\"auto, (max-width: 720px) 100vw, 720px\" \/><\/a>\n\t\t\t<\/div><\/figure><figure class='gallery-item'>\n\t\t\t<div class='gallery-icon landscape'>\n\t\t\t\t<a href='https:\/\/pb.edu.pl\/sjo\/wp-content\/uploads\/sites\/9\/2017\/11\/szkolenie_pamiec_7.jpg'><img loading=\"lazy\" decoding=\"async\" width=\"720\" height=\"480\" src=\"https:\/\/pb.edu.pl\/sjo\/wp-content\/uploads\/sites\/9\/2017\/11\/szkolenie_pamiec_7.jpg\" class=\"attachment-full size-full\" alt=\"uczestnicy warsztat\u00f3w\" srcset=\"https:\/\/pb.edu.pl\/sjo\/wp-content\/uploads\/sites\/9\/2017\/11\/szkolenie_pamiec_7.jpg 720w, https:\/\/pb.edu.pl\/sjo\/wp-content\/uploads\/sites\/9\/2017\/11\/szkolenie_pamiec_7-300x200.jpg 300w, https:\/\/pb.edu.pl\/sjo\/wp-content\/uploads\/sites\/9\/2017\/11\/szkolenie_pamiec_7-480x320.jpg 480w\" sizes=\"auto, (max-width: 720px) 100vw, 720px\" \/><\/a>\n\t\t\t<\/div><\/figure><figure class='gallery-item'>\n\t\t\t<div class='gallery-icon landscape'>\n\t\t\t\t<a href='https:\/\/pb.edu.pl\/sjo\/wp-content\/uploads\/sites\/9\/2017\/11\/szkolenie_pamiec_3.jpg'><img loading=\"lazy\" decoding=\"async\" width=\"720\" height=\"480\" src=\"https:\/\/pb.edu.pl\/sjo\/wp-content\/uploads\/sites\/9\/2017\/11\/szkolenie_pamiec_3.jpg\" class=\"attachment-full size-full\" alt=\"uczestnicy warsztat\u00f3w\" srcset=\"https:\/\/pb.edu.pl\/sjo\/wp-content\/uploads\/sites\/9\/2017\/11\/szkolenie_pamiec_3.jpg 720w, https:\/\/pb.edu.pl\/sjo\/wp-content\/uploads\/sites\/9\/2017\/11\/szkolenie_pamiec_3-300x200.jpg 300w, https:\/\/pb.edu.pl\/sjo\/wp-content\/uploads\/sites\/9\/2017\/11\/szkolenie_pamiec_3-480x320.jpg 480w\" sizes=\"auto, (max-width: 720px) 100vw, 720px\" \/><\/a>\n\t\t\t<\/div><\/figure>\n\t\t<\/div>\n\n","protected":false},"excerpt":{"rendered":"<p>14 marca 2017 w SJO odby\u0142o si\u0119 szkolenie 'Jak zaprzyja\u017ani\u0107 si\u0119 z pami\u0119ci\u0105&#8217;, kt\u00f3re przeprowadzi\u0142a<\/p>\n","protected":false},"author":6,"featured_media":0,"parent":768,"menu_order":0,"comment_status":"closed","ping_status":"closed","template":"","meta":{"_acf_changed":false,"ngg_post_thumbnail":0,"footnotes":""},"class_list":["post-791","page","type-page","status-publish","hentry"],"acf":[],"yoast_head":"<!-- This site is optimized with the Yoast SEO plugin v27.0 - https:\/\/yoast.com\/product\/yoast-seo-wordpress\/ -->\n<title>Jak zaprzyja\u017ani\u0107 si\u0119 z pami\u0119ci\u0105 - Studium J\u0119zyk\u00f3w Obcych<\/title>\n<meta name=\"description\" content=\"14 marca 2017 w SJO odby\u0142o si\u0119 szkolenie &#039;Jak zaprzyja\u017ani\u0107 si\u0119 z pami\u0119ci\u0105&#039;, kt\u00f3re przeprowadzi\u0142a trenerka umiej\u0119tno\u015bci poznawczych z Instytutu Szkole\u0144 i\" \/>\n<meta name=\"robots\" content=\"index, follow, max-snippet:-1, max-image-preview:large, max-video-preview:-1\" \/>\n<link rel=\"canonical\" href=\"https:\/\/pb.edu.pl\/sjo\/wydarzenia-sjo\/wydarzenia-archiwum\/szkolimy-sie\/jak-zaprzyjaznic-sie-z-pamiecia\/\" \/>\n<meta property=\"og:locale\" content=\"pl_PL\" \/>\n<meta property=\"og:type\" content=\"article\" \/>\n<meta property=\"og:title\" content=\"Jak zaprzyja\u017ani\u0107 si\u0119 z pami\u0119ci\u0105 - Studium J\u0119zyk\u00f3w Obcych\" \/>\n<meta property=\"og:description\" content=\"14 marca 2017 w SJO odby\u0142o si\u0119 szkolenie &#039;Jak zaprzyja\u017ani\u0107 si\u0119 z pami\u0119ci\u0105&#039;, kt\u00f3re przeprowadzi\u0142a trenerka umiej\u0119tno\u015bci poznawczych z Instytutu Szkole\u0144 i\" \/>\n<meta property=\"og:url\" content=\"https:\/\/pb.edu.pl\/sjo\/wydarzenia-sjo\/wydarzenia-archiwum\/szkolimy-sie\/jak-zaprzyjaznic-sie-z-pamiecia\/\" \/>\n<meta property=\"og:site_name\" content=\"Studium J\u0119zyk\u00f3w Obcych\" \/>\n<meta property=\"article:modified_time\" content=\"2017-11-30T21:15:29+00:00\" \/>\n<meta property=\"og:image\" content=\"https:\/\/pb.edu.pl\/sjo\/wp-content\/uploads\/sites\/9\/2017\/11\/szkolenie_pamiec_1.jpg\" \/>\n<meta name=\"twitter:label1\" content=\"Szacowany czas czytania\" \/>\n\t<meta name=\"twitter:data1\" content=\"1 minuta\" \/>\n<script type=\"application\/ld+json\" class=\"yoast-schema-graph\">{\"@context\":\"https:\/\/schema.org\",\"@graph\":[{\"@type\":\"WebPage\",\"@id\":\"https:\/\/pb.edu.pl\/sjo\/wydarzenia-sjo\/wydarzenia-archiwum\/szkolimy-sie\/jak-zaprzyjaznic-sie-z-pamiecia\/\",\"url\":\"https:\/\/pb.edu.pl\/sjo\/wydarzenia-sjo\/wydarzenia-archiwum\/szkolimy-sie\/jak-zaprzyjaznic-sie-z-pamiecia\/\",\"name\":\"Jak zaprzyja\u017ani\u0107 si\u0119 z pami\u0119ci\u0105 - Studium J\u0119zyk\u00f3w Obcych\",\"isPartOf\":{\"@id\":\"https:\/\/pb.edu.pl\/sjo\/#website\"},\"datePublished\":\"2017-11-30T20:49:51+00:00\",\"dateModified\":\"2017-11-30T21:15:29+00:00\",\"description\":\"14 marca 2017 w SJO odby\u0142o si\u0119 szkolenie 'Jak zaprzyja\u017ani\u0107 si\u0119 z pami\u0119ci\u0105', kt\u00f3re przeprowadzi\u0142a trenerka umiej\u0119tno\u015bci poznawczych z Instytutu Szkole\u0144 i\",\"breadcrumb\":{\"@id\":\"https:\/\/pb.edu.pl\/sjo\/wydarzenia-sjo\/wydarzenia-archiwum\/szkolimy-sie\/jak-zaprzyjaznic-sie-z-pamiecia\/#breadcrumb\"},\"inLanguage\":\"pl-PL\",\"potentialAction\":[{\"@type\":\"ReadAction\",\"target\":[\"https:\/\/pb.edu.pl\/sjo\/wydarzenia-sjo\/wydarzenia-archiwum\/szkolimy-sie\/jak-zaprzyjaznic-sie-z-pamiecia\/\"]}]},{\"@type\":\"BreadcrumbList\",\"@id\":\"https:\/\/pb.edu.pl\/sjo\/wydarzenia-sjo\/wydarzenia-archiwum\/szkolimy-sie\/jak-zaprzyjaznic-sie-z-pamiecia\/#breadcrumb\",\"itemListElement\":[{\"@type\":\"ListItem\",\"position\":1,\"name\":\"Home\",\"item\":\"https:\/\/pb.edu.pl\/sjo\/\"},{\"@type\":\"ListItem\",\"position\":2,\"name\":\"Wydarzenia SJO\",\"item\":\"https:\/\/pb.edu.pl\/sjo\/wydarzenia-sjo\/\"},{\"@type\":\"ListItem\",\"position\":3,\"name\":\"Wydarzenia\",\"item\":\"https:\/\/pb.edu.pl\/sjo\/wydarzenia-sjo\/wydarzenia-archiwum\/\"},{\"@type\":\"ListItem\",\"position\":4,\"name\":\"Szkolimy si\u0119\",\"item\":\"https:\/\/pb.edu.pl\/sjo\/wydarzenia-sjo\/wydarzenia-archiwum\/szkolimy-sie\/\"},{\"@type\":\"ListItem\",\"position\":5,\"name\":\"Jak zaprzyja\u017ani\u0107 si\u0119 z pami\u0119ci\u0105\"}]},{\"@type\":\"WebSite\",\"@id\":\"https:\/\/pb.edu.pl\/sjo\/#website\",\"url\":\"https:\/\/pb.edu.pl\/sjo\/\",\"name\":\"Studium J\u0119zyk\u00f3w Obcych\",\"description\":\"\",\"potentialAction\":[{\"@type\":\"SearchAction\",\"target\":{\"@type\":\"EntryPoint\",\"urlTemplate\":\"https:\/\/pb.edu.pl\/sjo\/?s={search_term_string}\"},\"query-input\":{\"@type\":\"PropertyValueSpecification\",\"valueRequired\":true,\"valueName\":\"search_term_string\"}}],\"inLanguage\":\"pl-PL\"}]}<\/script>\n<!-- \/ Yoast SEO plugin. -->","yoast_head_json":{"title":"Jak zaprzyja\u017ani\u0107 si\u0119 z pami\u0119ci\u0105 - Studium J\u0119zyk\u00f3w Obcych","description":"14 marca 2017 w SJO odby\u0142o si\u0119 szkolenie 'Jak zaprzyja\u017ani\u0107 si\u0119 z pami\u0119ci\u0105', kt\u00f3re przeprowadzi\u0142a trenerka umiej\u0119tno\u015bci poznawczych z Instytutu Szkole\u0144 i","robots":{"index":"index","follow":"follow","max-snippet":"max-snippet:-1","max-image-preview":"max-image-preview:large","max-video-preview":"max-video-preview:-1"},"canonical":"https:\/\/pb.edu.pl\/sjo\/wydarzenia-sjo\/wydarzenia-archiwum\/szkolimy-sie\/jak-zaprzyjaznic-sie-z-pamiecia\/","og_locale":"pl_PL","og_type":"article","og_title":"Jak zaprzyja\u017ani\u0107 si\u0119 z pami\u0119ci\u0105 - Studium J\u0119zyk\u00f3w Obcych","og_description":"14 marca 2017 w SJO odby\u0142o si\u0119 szkolenie 'Jak zaprzyja\u017ani\u0107 si\u0119 z pami\u0119ci\u0105', kt\u00f3re przeprowadzi\u0142a trenerka umiej\u0119tno\u015bci poznawczych z Instytutu Szkole\u0144 i","og_url":"https:\/\/pb.edu.pl\/sjo\/wydarzenia-sjo\/wydarzenia-archiwum\/szkolimy-sie\/jak-zaprzyjaznic-sie-z-pamiecia\/","og_site_name":"Studium J\u0119zyk\u00f3w Obcych","article_modified_time":"2017-11-30T21:15:29+00:00","og_image":[{"url":"https:\/\/pb.edu.pl\/sjo\/wp-content\/uploads\/sites\/9\/2017\/11\/szkolenie_pamiec_1.jpg","type":"","width":"","height":""}],"twitter_misc":{"Szacowany czas czytania":"1 minuta"},"schema":{"@context":"https:\/\/schema.org","@graph":[{"@type":"WebPage","@id":"https:\/\/pb.edu.pl\/sjo\/wydarzenia-sjo\/wydarzenia-archiwum\/szkolimy-sie\/jak-zaprzyjaznic-sie-z-pamiecia\/","url":"https:\/\/pb.edu.pl\/sjo\/wydarzenia-sjo\/wydarzenia-archiwum\/szkolimy-sie\/jak-zaprzyjaznic-sie-z-pamiecia\/","name":"Jak zaprzyja\u017ani\u0107 si\u0119 z pami\u0119ci\u0105 - Studium J\u0119zyk\u00f3w Obcych","isPartOf":{"@id":"https:\/\/pb.edu.pl\/sjo\/#website"},"datePublished":"2017-11-30T20:49:51+00:00","dateModified":"2017-11-30T21:15:29+00:00","description":"14 marca 2017 w SJO odby\u0142o si\u0119 szkolenie 'Jak zaprzyja\u017ani\u0107 si\u0119 z pami\u0119ci\u0105', kt\u00f3re przeprowadzi\u0142a trenerka umiej\u0119tno\u015bci poznawczych z Instytutu Szkole\u0144 i","breadcrumb":{"@id":"https:\/\/pb.edu.pl\/sjo\/wydarzenia-sjo\/wydarzenia-archiwum\/szkolimy-sie\/jak-zaprzyjaznic-sie-z-pamiecia\/#breadcrumb"},"inLanguage":"pl-PL","potentialAction":[{"@type":"ReadAction","target":["https:\/\/pb.edu.pl\/sjo\/wydarzenia-sjo\/wydarzenia-archiwum\/szkolimy-sie\/jak-zaprzyjaznic-sie-z-pamiecia\/"]}]},{"@type":"BreadcrumbList","@id":"https:\/\/pb.edu.pl\/sjo\/wydarzenia-sjo\/wydarzenia-archiwum\/szkolimy-sie\/jak-zaprzyjaznic-sie-z-pamiecia\/#breadcrumb","itemListElement":[{"@type":"ListItem","position":1,"name":"Home","item":"https:\/\/pb.edu.pl\/sjo\/"},{"@type":"ListItem","position":2,"name":"Wydarzenia SJO","item":"https:\/\/pb.edu.pl\/sjo\/wydarzenia-sjo\/"},{"@type":"ListItem","position":3,"name":"Wydarzenia","item":"https:\/\/pb.edu.pl\/sjo\/wydarzenia-sjo\/wydarzenia-archiwum\/"},{"@type":"ListItem","position":4,"name":"Szkolimy si\u0119","item":"https:\/\/pb.edu.pl\/sjo\/wydarzenia-sjo\/wydarzenia-archiwum\/szkolimy-sie\/"},{"@type":"ListItem","position":5,"name":"Jak zaprzyja\u017ani\u0107 si\u0119 z pami\u0119ci\u0105"}]},{"@type":"WebSite","@id":"https:\/\/pb.edu.pl\/sjo\/#website","url":"https:\/\/pb.edu.pl\/sjo\/","name":"Studium J\u0119zyk\u00f3w Obcych","description":"","potentialAction":[{"@type":"SearchAction","target":{"@type":"EntryPoint","urlTemplate":"https:\/\/pb.edu.pl\/sjo\/?s={search_term_string}"},"query-input":{"@type":"PropertyValueSpecification","valueRequired":true,"valueName":"search_term_string"}}],"inLanguage":"pl-PL"}]}},"_links":{"self":[{"href":"https:\/\/pb.edu.pl\/sjo\/wp-json\/wp\/v2\/pages\/791","targetHints":{"allow":["GET"]}}],"collection":[{"href":"https:\/\/pb.edu.pl\/sjo\/wp-json\/wp\/v2\/pages"}],"about":[{"href":"https:\/\/pb.edu.pl\/sjo\/wp-json\/wp\/v2\/types\/page"}],"author":[{"embeddable":true,"href":"https:\/\/pb.edu.pl\/sjo\/wp-json\/wp\/v2\/users\/6"}],"replies":[{"embeddable":true,"href":"https:\/\/pb.edu.pl\/sjo\/wp-json\/wp\/v2\/comments?post=791"}],"version-history":[{"count":0,"href":"https:\/\/pb.edu.pl\/sjo\/wp-json\/wp\/v2\/pages\/791\/revisions"}],"up":[{"embeddable":true,"href":"https:\/\/pb.edu.pl\/sjo\/wp-json\/wp\/v2\/pages\/768"}],"wp:attachment":[{"href":"https:\/\/pb.edu.pl\/sjo\/wp-json\/wp\/v2\/media?parent=791"}],"curies":[{"name":"wp","href":"https:\/\/api.w.org\/{rel}","templated":true}]}}