{"id":7223,"date":"2019-10-01T00:54:18","date_gmt":"2019-09-30T22:54:18","guid":{"rendered":"https:\/\/pb.edu.pl\/sjo\/?page_id=7223"},"modified":"2019-10-01T01:00:27","modified_gmt":"2019-09-30T23:00:27","slug":"quiz-1","status":"publish","type":"page","link":"https:\/\/pb.edu.pl\/sjo\/dla-studenta\/ciekawe-uzyteczne\/ciekawostki-2\/quiz-1\/","title":{"rendered":"Quiz 1"},"content":{"rendered":"<p><strong>Ile jest czas\u00f3w w j\u0119zyku angielskim?<\/strong><\/p>\n<p>&nbsp;&nbsp; a) 2<\/p>\n<p>&nbsp;&nbsp; b) 8<\/p>\n<p>&nbsp;&nbsp; c) 13<\/p>\n<p>&nbsp;&nbsp; d) nawet m\u00f3j nauczyciel tego nie wie<\/p>\n<p>&nbsp;<\/p>\n<p>Odp: a) 2<\/p>\n<p>W j\u0119zyku angielskim s\u0105 tylko dwa czasy gramatyczne (morfologiczne) \u2013 tj. formy czasownika, kt\u00f3re sytuuj\u0105 dan\u0105 czynno\u015b\u0107 w czasie (tera\u017aniejszy &#8211; np. <em>I <strong>go<\/strong><\/em> oraz przesz\u0142y \u2013 <em>I <strong>went<\/strong><\/em>). Je\u015bli trudno w to uwierzy\u0107, to warto spr\u00f3bowa\u0107 wymy\u015bli\u0107 inn\u0105 form\u0119 tego czasownika (lub dowolnego innego) tak, jak mo\u017cemy to zrobi\u0107 dla polskiego czasownika <em>i\u015b\u0107<\/em>: <em>id\u0119<\/em>, <em>poszed\u0142em<\/em>, <em>p\u00f3jd\u0119<\/em>. Mo\u017cna te\u017c przeczyta\u0107 o tym <a href=\"https:\/\/en.wikipedia.org\/wiki\/Grammatical_tense#English\">w Wikipedii<\/a>.<\/p>\n<p>Nie znaczy to oczywi\u015bcie, \u017ce po angielsku nie da si\u0119 wyra\u017ca\u0107 przysz\u0142o\u015bci. R\u00f3wnie\u017c w polskim niepotrzebna jest forma czasu przysz\u0142ego, aby zakomunikowa\u0107 co\u015b o przysz\u0142o\u015bci: &nbsp;<\/p>\n<p><em>Jutro nie <strong>id\u0119<\/strong> na wyk\u0142ady.<\/em><\/p>\n<p>To, co potocznie nazywamy w j\u0119zyku angielskim czasami (czego nie potrafimy si\u0119 doliczy\u0107 i z czym cz\u0119sto mamy problem) to s\u0105 <em>aspekty<\/em>, kt\u00f3re wyst\u0119puj\u0105 w wielu j\u0119zykach i zazwyczaj sprawiaj\u0105 du\u017ce problemy ucz\u0105cym si\u0119 nich (tak jak polski aspekt <sub>\u00ad\u00ad\u00ad\u00ad<\/sub>\u2013 dokonany i niedokonany \u2013 jest&nbsp; wielkim problemem dla ucz\u0105cych si\u0119 j\u0119zyka polskiego).<\/p>\n<p>Ostatecznie jednak nie jest ich tak du\u017co i z pewno\u015bci\u0105 dadz\u0105 si\u0119 opanowa\u0107, je\u015bli tylko b\u0119dziemy np. ogl\u0105dali du\u017co seriali.<\/p>\n<p>MC<\/p>\n","protected":false},"excerpt":{"rendered":"<p>Ile jest czas\u00f3w w j\u0119zyku angielskim? &nbsp;&nbsp; a) 2 &nbsp;&nbsp; b) 8 &nbsp;&nbsp; c) 13<\/p>\n","protected":false},"author":6,"featured_media":0,"parent":7216,"menu_order":1,"comment_status":"closed","ping_status":"closed","template":"","meta":{"_acf_changed":false,"ngg_post_thumbnail":0,"footnotes":""},"class_list":["post-7223","page","type-page","status-publish","hentry"],"acf":[],"yoast_head":"<!-- This site is optimized with the Yoast SEO plugin v27.0 - https:\/\/yoast.com\/product\/yoast-seo-wordpress\/ -->\n<title>Quiz 1 - Studium J\u0119zyk\u00f3w Obcych<\/title>\n<meta name=\"description\" content=\"Ile jest czas\u00f3w w j\u0119zyku angielskim? &nbsp;&nbsp; a) 2 &nbsp;&nbsp; b) 8 &nbsp;&nbsp; c) 13 &nbsp;&nbsp; d) nawet m\u00f3j nauczyciel tego nie wie &nbsp; Odp:\" \/>\n<meta name=\"robots\" content=\"index, follow, max-snippet:-1, max-image-preview:large, max-video-preview:-1\" \/>\n<link rel=\"canonical\" href=\"https:\/\/pb.edu.pl\/sjo\/dla-studenta\/ciekawe-uzyteczne\/ciekawostki-2\/quiz-1\/\" \/>\n<meta property=\"og:locale\" content=\"pl_PL\" \/>\n<meta property=\"og:type\" content=\"article\" \/>\n<meta property=\"og:title\" content=\"Quiz 1 - Studium J\u0119zyk\u00f3w Obcych\" \/>\n<meta property=\"og:description\" content=\"Ile jest czas\u00f3w w j\u0119zyku angielskim? &nbsp;&nbsp; a) 2 &nbsp;&nbsp; b) 8 &nbsp;&nbsp; c) 13 &nbsp;&nbsp; d) nawet m\u00f3j nauczyciel tego nie wie &nbsp; Odp:\" \/>\n<meta property=\"og:url\" content=\"https:\/\/pb.edu.pl\/sjo\/dla-studenta\/ciekawe-uzyteczne\/ciekawostki-2\/quiz-1\/\" \/>\n<meta property=\"og:site_name\" content=\"Studium J\u0119zyk\u00f3w Obcych\" \/>\n<meta property=\"article:modified_time\" content=\"2019-09-30T23:00:27+00:00\" \/>\n<meta name=\"twitter:label1\" content=\"Szacowany czas czytania\" \/>\n\t<meta name=\"twitter:data1\" content=\"1 minuta\" \/>\n<script type=\"application\/ld+json\" class=\"yoast-schema-graph\">{\"@context\":\"https:\/\/schema.org\",\"@graph\":[{\"@type\":\"WebPage\",\"@id\":\"https:\/\/pb.edu.pl\/sjo\/dla-studenta\/ciekawe-uzyteczne\/ciekawostki-2\/quiz-1\/\",\"url\":\"https:\/\/pb.edu.pl\/sjo\/dla-studenta\/ciekawe-uzyteczne\/ciekawostki-2\/quiz-1\/\",\"name\":\"Quiz 1 - Studium J\u0119zyk\u00f3w Obcych\",\"isPartOf\":{\"@id\":\"https:\/\/pb.edu.pl\/sjo\/#website\"},\"datePublished\":\"2019-09-30T22:54:18+00:00\",\"dateModified\":\"2019-09-30T23:00:27+00:00\",\"description\":\"Ile jest czas\u00f3w w j\u0119zyku angielskim? &nbsp;&nbsp; a) 2 &nbsp;&nbsp; b) 8 &nbsp;&nbsp; c) 13 &nbsp;&nbsp; d) nawet m\u00f3j nauczyciel tego nie wie &nbsp; Odp:\",\"breadcrumb\":{\"@id\":\"https:\/\/pb.edu.pl\/sjo\/dla-studenta\/ciekawe-uzyteczne\/ciekawostki-2\/quiz-1\/#breadcrumb\"},\"inLanguage\":\"pl-PL\",\"potentialAction\":[{\"@type\":\"ReadAction\",\"target\":[\"https:\/\/pb.edu.pl\/sjo\/dla-studenta\/ciekawe-uzyteczne\/ciekawostki-2\/quiz-1\/\"]}]},{\"@type\":\"BreadcrumbList\",\"@id\":\"https:\/\/pb.edu.pl\/sjo\/dla-studenta\/ciekawe-uzyteczne\/ciekawostki-2\/quiz-1\/#breadcrumb\",\"itemListElement\":[{\"@type\":\"ListItem\",\"position\":1,\"name\":\"Home\",\"item\":\"https:\/\/pb.edu.pl\/sjo\/\"},{\"@type\":\"ListItem\",\"position\":2,\"name\":\"Studiuj\u0119 w PB\",\"item\":\"https:\/\/pb.edu.pl\/sjo\/dla-studenta\/\"},{\"@type\":\"ListItem\",\"position\":3,\"name\":\"Ciekawe i u\u017cyteczne\",\"item\":\"https:\/\/pb.edu.pl\/sjo\/dla-studenta\/ciekawe-uzyteczne\/\"},{\"@type\":\"ListItem\",\"position\":4,\"name\":\"Ciekawostki\",\"item\":\"https:\/\/pb.edu.pl\/sjo\/dla-studenta\/ciekawe-uzyteczne\/ciekawostki-2\/\"},{\"@type\":\"ListItem\",\"position\":5,\"name\":\"Quiz 1\"}]},{\"@type\":\"WebSite\",\"@id\":\"https:\/\/pb.edu.pl\/sjo\/#website\",\"url\":\"https:\/\/pb.edu.pl\/sjo\/\",\"name\":\"Studium J\u0119zyk\u00f3w Obcych\",\"description\":\"\",\"potentialAction\":[{\"@type\":\"SearchAction\",\"target\":{\"@type\":\"EntryPoint\",\"urlTemplate\":\"https:\/\/pb.edu.pl\/sjo\/?s={search_term_string}\"},\"query-input\":{\"@type\":\"PropertyValueSpecification\",\"valueRequired\":true,\"valueName\":\"search_term_string\"}}],\"inLanguage\":\"pl-PL\"}]}<\/script>\n<!-- \/ Yoast SEO plugin. -->","yoast_head_json":{"title":"Quiz 1 - Studium J\u0119zyk\u00f3w Obcych","description":"Ile jest czas\u00f3w w j\u0119zyku angielskim? &nbsp;&nbsp; a) 2 &nbsp;&nbsp; b) 8 &nbsp;&nbsp; c) 13 &nbsp;&nbsp; d) nawet m\u00f3j nauczyciel tego nie wie &nbsp; Odp:","robots":{"index":"index","follow":"follow","max-snippet":"max-snippet:-1","max-image-preview":"max-image-preview:large","max-video-preview":"max-video-preview:-1"},"canonical":"https:\/\/pb.edu.pl\/sjo\/dla-studenta\/ciekawe-uzyteczne\/ciekawostki-2\/quiz-1\/","og_locale":"pl_PL","og_type":"article","og_title":"Quiz 1 - Studium J\u0119zyk\u00f3w Obcych","og_description":"Ile jest czas\u00f3w w j\u0119zyku angielskim? &nbsp;&nbsp; a) 2 &nbsp;&nbsp; b) 8 &nbsp;&nbsp; c) 13 &nbsp;&nbsp; d) nawet m\u00f3j nauczyciel tego nie wie &nbsp; Odp:","og_url":"https:\/\/pb.edu.pl\/sjo\/dla-studenta\/ciekawe-uzyteczne\/ciekawostki-2\/quiz-1\/","og_site_name":"Studium J\u0119zyk\u00f3w Obcych","article_modified_time":"2019-09-30T23:00:27+00:00","twitter_misc":{"Szacowany czas czytania":"1 minuta"},"schema":{"@context":"https:\/\/schema.org","@graph":[{"@type":"WebPage","@id":"https:\/\/pb.edu.pl\/sjo\/dla-studenta\/ciekawe-uzyteczne\/ciekawostki-2\/quiz-1\/","url":"https:\/\/pb.edu.pl\/sjo\/dla-studenta\/ciekawe-uzyteczne\/ciekawostki-2\/quiz-1\/","name":"Quiz 1 - Studium J\u0119zyk\u00f3w Obcych","isPartOf":{"@id":"https:\/\/pb.edu.pl\/sjo\/#website"},"datePublished":"2019-09-30T22:54:18+00:00","dateModified":"2019-09-30T23:00:27+00:00","description":"Ile jest czas\u00f3w w j\u0119zyku angielskim? &nbsp;&nbsp; a) 2 &nbsp;&nbsp; b) 8 &nbsp;&nbsp; c) 13 &nbsp;&nbsp; d) nawet m\u00f3j nauczyciel tego nie wie &nbsp; Odp:","breadcrumb":{"@id":"https:\/\/pb.edu.pl\/sjo\/dla-studenta\/ciekawe-uzyteczne\/ciekawostki-2\/quiz-1\/#breadcrumb"},"inLanguage":"pl-PL","potentialAction":[{"@type":"ReadAction","target":["https:\/\/pb.edu.pl\/sjo\/dla-studenta\/ciekawe-uzyteczne\/ciekawostki-2\/quiz-1\/"]}]},{"@type":"BreadcrumbList","@id":"https:\/\/pb.edu.pl\/sjo\/dla-studenta\/ciekawe-uzyteczne\/ciekawostki-2\/quiz-1\/#breadcrumb","itemListElement":[{"@type":"ListItem","position":1,"name":"Home","item":"https:\/\/pb.edu.pl\/sjo\/"},{"@type":"ListItem","position":2,"name":"Studiuj\u0119 w PB","item":"https:\/\/pb.edu.pl\/sjo\/dla-studenta\/"},{"@type":"ListItem","position":3,"name":"Ciekawe i u\u017cyteczne","item":"https:\/\/pb.edu.pl\/sjo\/dla-studenta\/ciekawe-uzyteczne\/"},{"@type":"ListItem","position":4,"name":"Ciekawostki","item":"https:\/\/pb.edu.pl\/sjo\/dla-studenta\/ciekawe-uzyteczne\/ciekawostki-2\/"},{"@type":"ListItem","position":5,"name":"Quiz 1"}]},{"@type":"WebSite","@id":"https:\/\/pb.edu.pl\/sjo\/#website","url":"https:\/\/pb.edu.pl\/sjo\/","name":"Studium J\u0119zyk\u00f3w Obcych","description":"","potentialAction":[{"@type":"SearchAction","target":{"@type":"EntryPoint","urlTemplate":"https:\/\/pb.edu.pl\/sjo\/?s={search_term_string}"},"query-input":{"@type":"PropertyValueSpecification","valueRequired":true,"valueName":"search_term_string"}}],"inLanguage":"pl-PL"}]}},"_links":{"self":[{"href":"https:\/\/pb.edu.pl\/sjo\/wp-json\/wp\/v2\/pages\/7223","targetHints":{"allow":["GET"]}}],"collection":[{"href":"https:\/\/pb.edu.pl\/sjo\/wp-json\/wp\/v2\/pages"}],"about":[{"href":"https:\/\/pb.edu.pl\/sjo\/wp-json\/wp\/v2\/types\/page"}],"author":[{"embeddable":true,"href":"https:\/\/pb.edu.pl\/sjo\/wp-json\/wp\/v2\/users\/6"}],"replies":[{"embeddable":true,"href":"https:\/\/pb.edu.pl\/sjo\/wp-json\/wp\/v2\/comments?post=7223"}],"version-history":[{"count":0,"href":"https:\/\/pb.edu.pl\/sjo\/wp-json\/wp\/v2\/pages\/7223\/revisions"}],"up":[{"embeddable":true,"href":"https:\/\/pb.edu.pl\/sjo\/wp-json\/wp\/v2\/pages\/7216"}],"wp:attachment":[{"href":"https:\/\/pb.edu.pl\/sjo\/wp-json\/wp\/v2\/media?parent=7223"}],"curies":[{"name":"wp","href":"https:\/\/api.w.org\/{rel}","templated":true}]}}