{"id":6510,"date":"2019-02-28T11:46:46","date_gmt":"2019-02-28T10:46:46","guid":{"rendered":"https:\/\/pb.edu.pl\/sjo\/?page_id=6510"},"modified":"2025-06-04T20:29:39","modified_gmt":"2025-06-04T18:29:39","slug":"certyfikat-polski","status":"publish","type":"page","link":"https:\/\/pb.edu.pl\/sjo\/certyfikat-polski\/","title":{"rendered":"Certyfikat Polski w Centrum J\u0119zyka i Kultury Polskiej POLISH LAB"},"content":{"rendered":"<div><span style=\"font-family: verdana, geneva, sans-serif;font-size: 12pt\">Szanowni Pa\u0144stwo,<\/span><\/div>\n<div>&nbsp;<\/div>\n<div><span style=\"font-family: verdana, geneva, sans-serif;font-size: 12pt\">uruchomiona zosta\u0142a nowa strona Centrum J\u0119zyka i Kultury Polskiej POLISH LAB: <span style=\"color: #3366ff\"><a style=\"color: #3366ff\" href=\"https:\/\/pb.edu.pl\/sjo\/polish-lab\/\" rel=\"nofollow noopener noreferrer\">https:\/\/pb.edu.pl\/sjo\/polish-lab\/<\/a><\/span>&nbsp; &nbsp;<\/span><\/div>\n<div><span style=\"font-family: verdana, geneva, sans-serif;font-size: 12pt\">Zach\u0119camy do zapoznania si\u0119 z nami \ud83d\ude42<\/span><\/div>\n<div>&nbsp;<\/div>\n<div><span style=\"color: #ff0000;font-family: verdana, geneva, sans-serif;font-size: 12pt\">Wszystkie aktualne informacje dotycz\u0105ce egzamin\u00f3w z j\u0119zyka polskiego znajd\u0105 Pa\u0144stwo na: <a href=\"https:\/\/pb.edu.pl\/sjo\/polish-lab\/egzaminy\/\"><span style=\"color: #0000ff\">https:\/\/pb.edu.pl\/sjo\/polish-lab\/egzaminy\/<\/span><\/a><\/span><\/div>\n<div>&nbsp;<\/div>\n<div>&nbsp;<\/div>\n<div><span style=\"font-family: verdana, geneva, sans-serif;font-size: 12pt\">Zapraszamy.<\/span><\/div>\n","protected":false},"excerpt":{"rendered":"<p>Szanowni Pa\u0144stwo, &nbsp; uruchomiona zosta\u0142a nowa strona Centrum J\u0119zyka i Kultury Polskiej POLISH LAB: https:\/\/pb.edu.pl\/sjo\/polish-lab\/&nbsp;<\/p>\n","protected":false},"author":6,"featured_media":0,"parent":0,"menu_order":0,"comment_status":"closed","ping_status":"closed","template":"","meta":{"_acf_changed":false,"ngg_post_thumbnail":0,"footnotes":""},"class_list":["post-6510","page","type-page","status-publish","hentry"],"acf":[],"yoast_head":"<!-- This site is optimized with the Yoast SEO plugin v27.0 - https:\/\/yoast.com\/product\/yoast-seo-wordpress\/ -->\n<title>Certyfikat Polski w Centrum J\u0119zyka i Kultury Polskiej POLISH LAB - Studium J\u0119zyk\u00f3w Obcych<\/title>\n<meta name=\"description\" content=\"Szanowni Pa\u0144stwo, &nbsp; uruchomiona zosta\u0142a nowa strona Centrum J\u0119zyka i Kultury Polskiej POLISH LAB: https:\/\/pb.edu.pl\/sjo\/polish-lab\/&nbsp; &nbsp;\" \/>\n<meta name=\"robots\" content=\"index, follow, max-snippet:-1, max-image-preview:large, max-video-preview:-1\" \/>\n<link rel=\"canonical\" href=\"https:\/\/pb.edu.pl\/sjo\/certyfikat-polski\/\" \/>\n<meta property=\"og:locale\" content=\"pl_PL\" \/>\n<meta property=\"og:type\" content=\"article\" \/>\n<meta property=\"og:title\" content=\"Certyfikat Polski w Centrum J\u0119zyka i Kultury Polskiej POLISH LAB - Studium J\u0119zyk\u00f3w Obcych\" \/>\n<meta property=\"og:description\" content=\"Szanowni Pa\u0144stwo, &nbsp; uruchomiona zosta\u0142a nowa strona Centrum J\u0119zyka i Kultury Polskiej POLISH LAB: https:\/\/pb.edu.pl\/sjo\/polish-lab\/&nbsp; &nbsp;\" \/>\n<meta property=\"og:url\" content=\"https:\/\/pb.edu.pl\/sjo\/certyfikat-polski\/\" \/>\n<meta property=\"og:site_name\" content=\"Studium J\u0119zyk\u00f3w Obcych\" \/>\n<meta property=\"article:modified_time\" content=\"2025-06-04T18:29:39+00:00\" \/>\n<meta name=\"twitter:label1\" content=\"Szacowany czas czytania\" \/>\n\t<meta name=\"twitter:data1\" content=\"1 minuta\" \/>\n<script type=\"application\/ld+json\" class=\"yoast-schema-graph\">{\"@context\":\"https:\/\/schema.org\",\"@graph\":[{\"@type\":\"WebPage\",\"@id\":\"https:\/\/pb.edu.pl\/sjo\/certyfikat-polski\/\",\"url\":\"https:\/\/pb.edu.pl\/sjo\/certyfikat-polski\/\",\"name\":\"Certyfikat Polski w Centrum J\u0119zyka i Kultury Polskiej POLISH LAB - Studium J\u0119zyk\u00f3w Obcych\",\"isPartOf\":{\"@id\":\"https:\/\/pb.edu.pl\/sjo\/#website\"},\"datePublished\":\"2019-02-28T10:46:46+00:00\",\"dateModified\":\"2025-06-04T18:29:39+00:00\",\"description\":\"Szanowni Pa\u0144stwo, &nbsp; uruchomiona zosta\u0142a nowa strona Centrum J\u0119zyka i Kultury Polskiej POLISH LAB: https:\/\/pb.edu.pl\/sjo\/polish-lab\/&nbsp; &nbsp;\",\"breadcrumb\":{\"@id\":\"https:\/\/pb.edu.pl\/sjo\/certyfikat-polski\/#breadcrumb\"},\"inLanguage\":\"pl-PL\",\"potentialAction\":[{\"@type\":\"ReadAction\",\"target\":[\"https:\/\/pb.edu.pl\/sjo\/certyfikat-polski\/\"]}]},{\"@type\":\"BreadcrumbList\",\"@id\":\"https:\/\/pb.edu.pl\/sjo\/certyfikat-polski\/#breadcrumb\",\"itemListElement\":[{\"@type\":\"ListItem\",\"position\":1,\"name\":\"Home\",\"item\":\"https:\/\/pb.edu.pl\/sjo\/\"},{\"@type\":\"ListItem\",\"position\":2,\"name\":\"Certyfikat Polski w Centrum J\u0119zyka i Kultury Polskiej POLISH LAB\"}]},{\"@type\":\"WebSite\",\"@id\":\"https:\/\/pb.edu.pl\/sjo\/#website\",\"url\":\"https:\/\/pb.edu.pl\/sjo\/\",\"name\":\"Studium J\u0119zyk\u00f3w Obcych\",\"description\":\"\",\"potentialAction\":[{\"@type\":\"SearchAction\",\"target\":{\"@type\":\"EntryPoint\",\"urlTemplate\":\"https:\/\/pb.edu.pl\/sjo\/?s={search_term_string}\"},\"query-input\":{\"@type\":\"PropertyValueSpecification\",\"valueRequired\":true,\"valueName\":\"search_term_string\"}}],\"inLanguage\":\"pl-PL\"}]}<\/script>\n<!-- \/ Yoast SEO plugin. -->","yoast_head_json":{"title":"Certyfikat Polski w Centrum J\u0119zyka i Kultury Polskiej POLISH LAB - Studium J\u0119zyk\u00f3w Obcych","description":"Szanowni Pa\u0144stwo, &nbsp; uruchomiona zosta\u0142a nowa strona Centrum J\u0119zyka i Kultury Polskiej POLISH LAB: https:\/\/pb.edu.pl\/sjo\/polish-lab\/&nbsp; &nbsp;","robots":{"index":"index","follow":"follow","max-snippet":"max-snippet:-1","max-image-preview":"max-image-preview:large","max-video-preview":"max-video-preview:-1"},"canonical":"https:\/\/pb.edu.pl\/sjo\/certyfikat-polski\/","og_locale":"pl_PL","og_type":"article","og_title":"Certyfikat Polski w Centrum J\u0119zyka i Kultury Polskiej POLISH LAB - Studium J\u0119zyk\u00f3w Obcych","og_description":"Szanowni Pa\u0144stwo, &nbsp; uruchomiona zosta\u0142a nowa strona Centrum J\u0119zyka i Kultury Polskiej POLISH LAB: https:\/\/pb.edu.pl\/sjo\/polish-lab\/&nbsp; &nbsp;","og_url":"https:\/\/pb.edu.pl\/sjo\/certyfikat-polski\/","og_site_name":"Studium J\u0119zyk\u00f3w Obcych","article_modified_time":"2025-06-04T18:29:39+00:00","twitter_misc":{"Szacowany czas czytania":"1 minuta"},"schema":{"@context":"https:\/\/schema.org","@graph":[{"@type":"WebPage","@id":"https:\/\/pb.edu.pl\/sjo\/certyfikat-polski\/","url":"https:\/\/pb.edu.pl\/sjo\/certyfikat-polski\/","name":"Certyfikat Polski w Centrum J\u0119zyka i Kultury Polskiej POLISH LAB - Studium J\u0119zyk\u00f3w Obcych","isPartOf":{"@id":"https:\/\/pb.edu.pl\/sjo\/#website"},"datePublished":"2019-02-28T10:46:46+00:00","dateModified":"2025-06-04T18:29:39+00:00","description":"Szanowni Pa\u0144stwo, &nbsp; uruchomiona zosta\u0142a nowa strona Centrum J\u0119zyka i Kultury Polskiej POLISH LAB: https:\/\/pb.edu.pl\/sjo\/polish-lab\/&nbsp; &nbsp;","breadcrumb":{"@id":"https:\/\/pb.edu.pl\/sjo\/certyfikat-polski\/#breadcrumb"},"inLanguage":"pl-PL","potentialAction":[{"@type":"ReadAction","target":["https:\/\/pb.edu.pl\/sjo\/certyfikat-polski\/"]}]},{"@type":"BreadcrumbList","@id":"https:\/\/pb.edu.pl\/sjo\/certyfikat-polski\/#breadcrumb","itemListElement":[{"@type":"ListItem","position":1,"name":"Home","item":"https:\/\/pb.edu.pl\/sjo\/"},{"@type":"ListItem","position":2,"name":"Certyfikat Polski w Centrum J\u0119zyka i Kultury Polskiej POLISH LAB"}]},{"@type":"WebSite","@id":"https:\/\/pb.edu.pl\/sjo\/#website","url":"https:\/\/pb.edu.pl\/sjo\/","name":"Studium J\u0119zyk\u00f3w Obcych","description":"","potentialAction":[{"@type":"SearchAction","target":{"@type":"EntryPoint","urlTemplate":"https:\/\/pb.edu.pl\/sjo\/?s={search_term_string}"},"query-input":{"@type":"PropertyValueSpecification","valueRequired":true,"valueName":"search_term_string"}}],"inLanguage":"pl-PL"}]}},"_links":{"self":[{"href":"https:\/\/pb.edu.pl\/sjo\/wp-json\/wp\/v2\/pages\/6510","targetHints":{"allow":["GET"]}}],"collection":[{"href":"https:\/\/pb.edu.pl\/sjo\/wp-json\/wp\/v2\/pages"}],"about":[{"href":"https:\/\/pb.edu.pl\/sjo\/wp-json\/wp\/v2\/types\/page"}],"author":[{"embeddable":true,"href":"https:\/\/pb.edu.pl\/sjo\/wp-json\/wp\/v2\/users\/6"}],"replies":[{"embeddable":true,"href":"https:\/\/pb.edu.pl\/sjo\/wp-json\/wp\/v2\/comments?post=6510"}],"version-history":[{"count":0,"href":"https:\/\/pb.edu.pl\/sjo\/wp-json\/wp\/v2\/pages\/6510\/revisions"}],"wp:attachment":[{"href":"https:\/\/pb.edu.pl\/sjo\/wp-json\/wp\/v2\/media?parent=6510"}],"curies":[{"name":"wp","href":"https:\/\/api.w.org\/{rel}","templated":true}]}}