{"id":6035,"date":"2018-11-28T22:54:06","date_gmt":"2018-11-28T21:54:06","guid":{"rendered":"https:\/\/pb.edu.pl\/sjo\/?page_id=6035"},"modified":"2018-11-29T00:18:20","modified_gmt":"2018-11-28T23:18:20","slug":"barcelonatech","status":"publish","type":"page","link":"https:\/\/pb.edu.pl\/sjo\/dla-pracownika\/wspolpraca-z-zagranica\/barcelonatech\/","title":{"rendered":"BarcelonaTech"},"content":{"rendered":"<p><strong>Barcelona, 6-10<sup>th<\/sup> May 2013<\/strong><\/p>\n<p><strong>International Staff Training Week <\/strong><\/p>\n<p><strong>Universitat Polit\u00e8cnica de Catalunya<\/strong>&nbsp;<strong>BarcelonaTech<\/strong><\/p>\n<p><strong><img loading=\"lazy\" decoding=\"async\" class=\"wp-image-6046 alignleft\" src=\"https:\/\/pb.edu.pl\/sjo\/wp-content\/uploads\/sites\/9\/2018\/11\/Barcelona-1.jpg\" alt=\"logo UPC\" width=\"244\" height=\"245\" srcset=\"https:\/\/pb.edu.pl\/sjo\/wp-content\/uploads\/sites\/9\/2018\/11\/Barcelona-1.jpg 480w, https:\/\/pb.edu.pl\/sjo\/wp-content\/uploads\/sites\/9\/2018\/11\/Barcelona-1-300x300.jpg 300w\" sizes=\"auto, (max-width: 244px) 100vw, 244px\" \/><\/strong><\/p>\n<p><strong>&nbsp;<\/strong>Barcelona to miasto o niepowtarzalnej atmosferze. Ka\u017cdy, kto cho\u0107 troch\u0119 czuje si\u0119 \u201eartyst\u0105\u201d, znajdzie tu co\u015b dla siebie. Miejsce to wydaje si\u0119 by\u0107 wprost wymarzone &nbsp;do studiowania, zw\u0142aszcza dla student\u00f3w Architektury.<\/p>\n<p>Universitat Polit\u00e8cnica de Catalunya&nbsp;BarcelonaTech jest najwi\u0119ksz\u0105 uczelni\u0105 techniczn\u0105 w Katalonii. Naczelnym celem instytucji jest internacjonalizacja. W por\u00f3wnaniu z innymi hiszpa\u0144skimi uczelniami technicznymi, UPC posiada najwi\u0119ksz\u0105 liczb\u0119 zagranicznych doktorant\u00f3w i zagranicznych student\u00f3w studi\u00f3w magisterskich. Na UPC studiuje ok. 30 tys. student\u00f3w, uczelnia zatrudnia ok. 3 tys. profesor\u00f3w i naukowc\u00f3w. W sk\u0142ad uczelni wchodzi 20 szk\u00f3\u0142 po\u0142o\u017conych w Barcelonie, Castelldefels, Manresa, Saint Cugar del Valles, Terrassa, Igualda, Vilanova i la Geltrui i w Mataro oraz 14 wydzia\u0142\u00f3w. Nam uda\u0142o si\u0119 odwiedzi\u0107 Barcelona North Campus oraz Castelldefels Campus. W ci\u0105gu ca\u0142ego pobytu opiekowa\u0142y si\u0119 nami: Lluisa Romanillos \u2013 Head of the Staff Mobility Office Institutional and Internationalization Office, Silvia Moros \u2013 ze Staff Mobility Office Institutional and Internationalization Office i Anna Maria Fabregas Punti \u2013 ze Staff Mobility Unit.<\/p>\n<p>\u0141\u0105cznie na szkoleniu by\u0142o 24 uczestnik\u00f3w z: Polski, Niemiec, Szwecji, W\u0142och, S\u0142owenii, Turcji, Cypru, Estonii, Finlandii, Austrii, Grecji i Portugalii. Prezentacje poszczeg\u00f3lnych uczelni podzielone by\u0142y na 2 dni. Nasz\u0105 szczeg\u00f3ln\u0105 uwag\u0119 zwr\u00f3ci\u0142y wyst\u0105pienia przedstawicieli University of Maribor (S\u0142owenia), Laurea University of Applied Sciences (Finlandia) oraz Ingolstadt University of Applied Sciences (Niemcy). Po wst\u0119pnych rozmowach my\u015blimy, \u017ce uda si\u0119 podpisa\u0107 umowy bilateralne z ww. instytucjami. Ciekaw\u0105 form\u0105 integracji uczestnik\u00f3w by\u0142a kolacja powitalna, na kt\u00f3rej mo\u017cna by\u0142o skosztowa\u0107 tradycyjnych przysmak\u00f3w przywiezionych przez wszystkich uczestnik\u00f3w szkolenia.<\/p>\n<p>Rzecz\u0105 godn\u0105 uwagi by\u0142a bardzo profesjonalna organizacja obs\u0142ugi go\u015bci zagranicznych. Grupy by\u0142y sprawnie przekazywane pomi\u0119dzy jednostkami. Byli\u015bmy oprowadzani przez pracownik\u00f3w najlepiej zorientowanych w funkcjonowaniu danej jednostki. Ciekawy by\u0142 r\u00f3wnie\u017c wyk\u0142ad na temat katalo\u0144skiej kultury i j\u0119zyka. Przedostatniego dnia pobytu zostali\u015bmy podzieleni na mniejsze grupy i udali\u015bmy si\u0119 na spotkania w r\u00f3\u017cnych jednostkach, m.in.: Library, Communications\/Press, International Office in the ETSEIB (Engineering School), Academic Unit of a Faculty, Laboratory of Computational Methods, Center for Transfer of Technology.<\/p>\n<p>Magdalena Opacka mia\u0142a okazj\u0119 zobaczy\u0107 centralne &nbsp;biuro International Relations Office ETSEIB, ja natomiast spotka\u0142am si\u0119 z pracownikami The Language and Terminology Service \u2013 z pani\u0105 Ruth Murray i panem Jordi Pujol Nadan, kt\u00f3rzy opowiedzieli o specyfice swojej pracy. Centrum J\u0119zykowe (The Language and Terminology Service) \u015bwiadczy us\u0142ugi j\u0119zykowe zar\u00f3wno studentom, jak i pracownikom uczelni. Specyfik\u0105 serwisu j\u0119zykowego jest pomoc w nauce i pos\u0142ugiwaniu si\u0119 j\u0119zykiem\u2026 katalo\u0144skim, poniewa\u017c znaczna cz\u0119\u015b\u0107 zaj\u0119\u0107 prowadzona jest w obu j\u0119zykach: katalo\u0144skim i hiszpa\u0144skim. Z j\u0119zyk\u00f3w obcych najwi\u0119ksz\u0105 popularno\u015bci\u0105, co nie dziwi, cieszy si\u0119 j\u0119zyk angielski \u2013 coraz wi\u0119cej zaj\u0119\u0107 jest prowadzonych w tym j\u0119zyku, jak r\u00f3wnie\u017c oferowana jest opieka j\u0119zykowa wszystkim pracownikom uczelni oraz studentom i nauczycielom akademickim przyje\u017cd\u017caj\u0105cym z zagranicy.<\/p>\n<p>Nasz wyjazd uwa\u017camy za niezwykle owocny. Mia\u0142y\u015bmy okazj\u0119 zaobserwowa\u0107 wiele nowych rozwi\u0105za\u0144, kt\u00f3re by\u0107 mo\u017ce uda nam si\u0119 wdro\u017cy\u0107 w naszych jednostkach &nbsp;(np. organizacja wizyt go\u015bci zagranicznych, przewodnik dla student\u00f3w zagranicznych, metody promocji wyjazd\u00f3w zagranicznych, rozszerzenie us\u0142ug j\u0119zykowych). Wizyta w UPC da\u0142a nam mo\u017cliwo\u015b\u0107 poznania innych metod organizacji pracy i nawi\u0105zania nieformalnych kontakt\u00f3w, zar\u00f3wno z pracownikami ww. instytucji, &nbsp;jak i z innymi uczestnikami szkolenia. Wszystko to jest niezwykle wa\u017cne w naszej codziennej pracy.<\/p>\n<p><em>Adios<\/em>, Magdalena Opacka &amp; Wioletta Omelianiuk<\/p>\n<div id='gallery-1' class='gallery galleryid-6035 gallery-columns-2 gallery-size-full'><figure class='gallery-item'>\n\t\t\t<div class='gallery-icon landscape'>\n\t\t\t\t<a href='https:\/\/pb.edu.pl\/sjo\/dla-pracownika\/wspolpraca-z-zagranica\/barcelonatech\/bacrecola-2\/'><img loading=\"lazy\" decoding=\"async\" width=\"1152\" height=\"768\" src=\"https:\/\/pb.edu.pl\/sjo\/wp-content\/uploads\/sites\/9\/2018\/11\/Bacrecola-2.jpg\" class=\"attachment-full size-full\" alt=\"\" srcset=\"https:\/\/pb.edu.pl\/sjo\/wp-content\/uploads\/sites\/9\/2018\/11\/Bacrecola-2.jpg 1152w, https:\/\/pb.edu.pl\/sjo\/wp-content\/uploads\/sites\/9\/2018\/11\/Bacrecola-2-300x200.jpg 300w, https:\/\/pb.edu.pl\/sjo\/wp-content\/uploads\/sites\/9\/2018\/11\/Bacrecola-2-768x512.jpg 768w, https:\/\/pb.edu.pl\/sjo\/wp-content\/uploads\/sites\/9\/2018\/11\/Bacrecola-2-1024x683.jpg 1024w, https:\/\/pb.edu.pl\/sjo\/wp-content\/uploads\/sites\/9\/2018\/11\/Bacrecola-2-480x320.jpg 480w\" sizes=\"auto, (max-width: 1152px) 100vw, 1152px\" \/><\/a>\n\t\t\t<\/div><\/figure><figure class='gallery-item'>\n\t\t\t<div class='gallery-icon landscape'>\n\t\t\t\t<a href='https:\/\/pb.edu.pl\/sjo\/dla-pracownika\/wspolpraca-z-zagranica\/barcelonatech\/barcelona-3\/'><img loading=\"lazy\" decoding=\"async\" width=\"1152\" height=\"768\" src=\"https:\/\/pb.edu.pl\/sjo\/wp-content\/uploads\/sites\/9\/2018\/11\/Barcelona-3.jpg\" class=\"attachment-full size-full\" alt=\"\" srcset=\"https:\/\/pb.edu.pl\/sjo\/wp-content\/uploads\/sites\/9\/2018\/11\/Barcelona-3.jpg 1152w, https:\/\/pb.edu.pl\/sjo\/wp-content\/uploads\/sites\/9\/2018\/11\/Barcelona-3-300x200.jpg 300w, https:\/\/pb.edu.pl\/sjo\/wp-content\/uploads\/sites\/9\/2018\/11\/Barcelona-3-768x512.jpg 768w, https:\/\/pb.edu.pl\/sjo\/wp-content\/uploads\/sites\/9\/2018\/11\/Barcelona-3-1024x683.jpg 1024w, https:\/\/pb.edu.pl\/sjo\/wp-content\/uploads\/sites\/9\/2018\/11\/Barcelona-3-480x320.jpg 480w\" sizes=\"auto, (max-width: 1152px) 100vw, 1152px\" \/><\/a>\n\t\t\t<\/div><\/figure><figure class='gallery-item'>\n\t\t\t<div class='gallery-icon landscape'>\n\t\t\t\t<a href='https:\/\/pb.edu.pl\/sjo\/dla-pracownika\/wspolpraca-z-zagranica\/barcelonatech\/barceolna-4\/'><img loading=\"lazy\" decoding=\"async\" width=\"1152\" height=\"768\" src=\"https:\/\/pb.edu.pl\/sjo\/wp-content\/uploads\/sites\/9\/2018\/11\/Barceolna-4.jpg\" class=\"attachment-full size-full\" alt=\"\" srcset=\"https:\/\/pb.edu.pl\/sjo\/wp-content\/uploads\/sites\/9\/2018\/11\/Barceolna-4.jpg 1152w, https:\/\/pb.edu.pl\/sjo\/wp-content\/uploads\/sites\/9\/2018\/11\/Barceolna-4-300x200.jpg 300w, https:\/\/pb.edu.pl\/sjo\/wp-content\/uploads\/sites\/9\/2018\/11\/Barceolna-4-768x512.jpg 768w, https:\/\/pb.edu.pl\/sjo\/wp-content\/uploads\/sites\/9\/2018\/11\/Barceolna-4-1024x683.jpg 1024w, https:\/\/pb.edu.pl\/sjo\/wp-content\/uploads\/sites\/9\/2018\/11\/Barceolna-4-480x320.jpg 480w\" sizes=\"auto, (max-width: 1152px) 100vw, 1152px\" \/><\/a>\n\t\t\t<\/div><\/figure><figure class='gallery-item'>\n\t\t\t<div class='gallery-icon landscape'>\n\t\t\t\t<a href='https:\/\/pb.edu.pl\/sjo\/dla-pracownika\/wspolpraca-z-zagranica\/barcelonatech\/barcelona-5\/'><img loading=\"lazy\" decoding=\"async\" width=\"1152\" height=\"768\" src=\"https:\/\/pb.edu.pl\/sjo\/wp-content\/uploads\/sites\/9\/2018\/11\/Barcelona-5.jpg\" class=\"attachment-full size-full\" alt=\"\" srcset=\"https:\/\/pb.edu.pl\/sjo\/wp-content\/uploads\/sites\/9\/2018\/11\/Barcelona-5.jpg 1152w, https:\/\/pb.edu.pl\/sjo\/wp-content\/uploads\/sites\/9\/2018\/11\/Barcelona-5-300x200.jpg 300w, https:\/\/pb.edu.pl\/sjo\/wp-content\/uploads\/sites\/9\/2018\/11\/Barcelona-5-768x512.jpg 768w, https:\/\/pb.edu.pl\/sjo\/wp-content\/uploads\/sites\/9\/2018\/11\/Barcelona-5-1024x683.jpg 1024w, https:\/\/pb.edu.pl\/sjo\/wp-content\/uploads\/sites\/9\/2018\/11\/Barcelona-5-480x320.jpg 480w\" sizes=\"auto, (max-width: 1152px) 100vw, 1152px\" \/><\/a>\n\t\t\t<\/div><\/figure>\n\t\t<\/div>\n\n","protected":false},"excerpt":{"rendered":"<p>Barcelona, 6-10th May 2013 International Staff Training Week Universitat Polit\u00e8cnica de Catalunya&nbsp;BarcelonaTech &nbsp;Barcelona to miasto<\/p>\n","protected":false},"author":6,"featured_media":0,"parent":5020,"menu_order":0,"comment_status":"closed","ping_status":"closed","template":"","meta":{"_acf_changed":false,"ngg_post_thumbnail":0,"footnotes":""},"class_list":["post-6035","page","type-page","status-publish","hentry"],"acf":[],"yoast_head":"<!-- This site is optimized with the Yoast SEO plugin v27.0 - https:\/\/yoast.com\/product\/yoast-seo-wordpress\/ -->\n<title>BarcelonaTech - Studium J\u0119zyk\u00f3w Obcych<\/title>\n<meta name=\"description\" content=\"Barcelona, 6-10th May 2013 International Staff Training Week Universitat Polit\u00e8cnica de Catalunya&nbsp;BarcelonaTech &nbsp;Barcelona to miasto o\" \/>\n<meta name=\"robots\" content=\"index, follow, max-snippet:-1, max-image-preview:large, max-video-preview:-1\" \/>\n<link rel=\"canonical\" href=\"https:\/\/pb.edu.pl\/sjo\/dla-pracownika\/wspolpraca-z-zagranica\/barcelonatech\/\" \/>\n<meta property=\"og:locale\" content=\"pl_PL\" \/>\n<meta property=\"og:type\" content=\"article\" \/>\n<meta property=\"og:title\" content=\"BarcelonaTech - Studium J\u0119zyk\u00f3w Obcych\" \/>\n<meta property=\"og:description\" content=\"Barcelona, 6-10th May 2013 International Staff Training Week Universitat Polit\u00e8cnica de Catalunya&nbsp;BarcelonaTech &nbsp;Barcelona to miasto o\" \/>\n<meta property=\"og:url\" content=\"https:\/\/pb.edu.pl\/sjo\/dla-pracownika\/wspolpraca-z-zagranica\/barcelonatech\/\" \/>\n<meta property=\"og:site_name\" content=\"Studium J\u0119zyk\u00f3w Obcych\" \/>\n<meta property=\"article:modified_time\" content=\"2018-11-28T23:18:20+00:00\" \/>\n<meta property=\"og:image\" content=\"https:\/\/pb.edu.pl\/sjo\/wp-content\/uploads\/sites\/9\/2018\/11\/Bacrecola-2.jpg\" \/>\n<meta name=\"twitter:label1\" content=\"Szacowany czas czytania\" \/>\n\t<meta name=\"twitter:data1\" content=\"3 minuty\" \/>\n<script type=\"application\/ld+json\" class=\"yoast-schema-graph\">{\"@context\":\"https:\/\/schema.org\",\"@graph\":[{\"@type\":\"WebPage\",\"@id\":\"https:\/\/pb.edu.pl\/sjo\/dla-pracownika\/wspolpraca-z-zagranica\/barcelonatech\/\",\"url\":\"https:\/\/pb.edu.pl\/sjo\/dla-pracownika\/wspolpraca-z-zagranica\/barcelonatech\/\",\"name\":\"BarcelonaTech - Studium J\u0119zyk\u00f3w Obcych\",\"isPartOf\":{\"@id\":\"https:\/\/pb.edu.pl\/sjo\/#website\"},\"primaryImageOfPage\":{\"@id\":\"https:\/\/pb.edu.pl\/sjo\/dla-pracownika\/wspolpraca-z-zagranica\/barcelonatech\/#primaryimage\"},\"image\":{\"@id\":\"https:\/\/pb.edu.pl\/sjo\/dla-pracownika\/wspolpraca-z-zagranica\/barcelonatech\/#primaryimage\"},\"thumbnailUrl\":\"https:\/\/pb.edu.pl\/sjo\/wp-content\/uploads\/sites\/9\/2018\/11\/Barcelona-1.jpg\",\"datePublished\":\"2018-11-28T21:54:06+00:00\",\"dateModified\":\"2018-11-28T23:18:20+00:00\",\"description\":\"Barcelona, 6-10th May 2013 International Staff Training Week Universitat Polit\u00e8cnica de Catalunya&nbsp;BarcelonaTech &nbsp;Barcelona to miasto o\",\"breadcrumb\":{\"@id\":\"https:\/\/pb.edu.pl\/sjo\/dla-pracownika\/wspolpraca-z-zagranica\/barcelonatech\/#breadcrumb\"},\"inLanguage\":\"pl-PL\",\"potentialAction\":[{\"@type\":\"ReadAction\",\"target\":[\"https:\/\/pb.edu.pl\/sjo\/dla-pracownika\/wspolpraca-z-zagranica\/barcelonatech\/\"]}]},{\"@type\":\"ImageObject\",\"inLanguage\":\"pl-PL\",\"@id\":\"https:\/\/pb.edu.pl\/sjo\/dla-pracownika\/wspolpraca-z-zagranica\/barcelonatech\/#primaryimage\",\"url\":\"https:\/\/pb.edu.pl\/sjo\/wp-content\/uploads\/sites\/9\/2018\/11\/Barcelona-1.jpg\",\"contentUrl\":\"https:\/\/pb.edu.pl\/sjo\/wp-content\/uploads\/sites\/9\/2018\/11\/Barcelona-1.jpg\",\"width\":480,\"height\":481,\"caption\":\"logo UPC\"},{\"@type\":\"BreadcrumbList\",\"@id\":\"https:\/\/pb.edu.pl\/sjo\/dla-pracownika\/wspolpraca-z-zagranica\/barcelonatech\/#breadcrumb\",\"itemListElement\":[{\"@type\":\"ListItem\",\"position\":1,\"name\":\"Home\",\"item\":\"https:\/\/pb.edu.pl\/sjo\/\"},{\"@type\":\"ListItem\",\"position\":2,\"name\":\"Pracuj\u0119 w PB\",\"item\":\"https:\/\/pb.edu.pl\/sjo\/dla-pracownika\/\"},{\"@type\":\"ListItem\",\"position\":3,\"name\":\"Wsp\u00f3\u0142praca z zagranic\u0105\",\"item\":\"https:\/\/pb.edu.pl\/sjo\/dla-pracownika\/wspolpraca-z-zagranica\/\"},{\"@type\":\"ListItem\",\"position\":4,\"name\":\"BarcelonaTech\"}]},{\"@type\":\"WebSite\",\"@id\":\"https:\/\/pb.edu.pl\/sjo\/#website\",\"url\":\"https:\/\/pb.edu.pl\/sjo\/\",\"name\":\"Studium J\u0119zyk\u00f3w Obcych\",\"description\":\"\",\"potentialAction\":[{\"@type\":\"SearchAction\",\"target\":{\"@type\":\"EntryPoint\",\"urlTemplate\":\"https:\/\/pb.edu.pl\/sjo\/?s={search_term_string}\"},\"query-input\":{\"@type\":\"PropertyValueSpecification\",\"valueRequired\":true,\"valueName\":\"search_term_string\"}}],\"inLanguage\":\"pl-PL\"}]}<\/script>\n<!-- \/ Yoast SEO plugin. -->","yoast_head_json":{"title":"BarcelonaTech - Studium J\u0119zyk\u00f3w Obcych","description":"Barcelona, 6-10th May 2013 International Staff Training Week Universitat Polit\u00e8cnica de Catalunya&nbsp;BarcelonaTech &nbsp;Barcelona to miasto o","robots":{"index":"index","follow":"follow","max-snippet":"max-snippet:-1","max-image-preview":"max-image-preview:large","max-video-preview":"max-video-preview:-1"},"canonical":"https:\/\/pb.edu.pl\/sjo\/dla-pracownika\/wspolpraca-z-zagranica\/barcelonatech\/","og_locale":"pl_PL","og_type":"article","og_title":"BarcelonaTech - Studium J\u0119zyk\u00f3w Obcych","og_description":"Barcelona, 6-10th May 2013 International Staff Training Week Universitat Polit\u00e8cnica de Catalunya&nbsp;BarcelonaTech &nbsp;Barcelona to miasto o","og_url":"https:\/\/pb.edu.pl\/sjo\/dla-pracownika\/wspolpraca-z-zagranica\/barcelonatech\/","og_site_name":"Studium J\u0119zyk\u00f3w Obcych","article_modified_time":"2018-11-28T23:18:20+00:00","og_image":[{"url":"https:\/\/pb.edu.pl\/sjo\/wp-content\/uploads\/sites\/9\/2018\/11\/Bacrecola-2.jpg","type":"","width":"","height":""}],"twitter_misc":{"Szacowany czas czytania":"3 minuty"},"schema":{"@context":"https:\/\/schema.org","@graph":[{"@type":"WebPage","@id":"https:\/\/pb.edu.pl\/sjo\/dla-pracownika\/wspolpraca-z-zagranica\/barcelonatech\/","url":"https:\/\/pb.edu.pl\/sjo\/dla-pracownika\/wspolpraca-z-zagranica\/barcelonatech\/","name":"BarcelonaTech - Studium J\u0119zyk\u00f3w Obcych","isPartOf":{"@id":"https:\/\/pb.edu.pl\/sjo\/#website"},"primaryImageOfPage":{"@id":"https:\/\/pb.edu.pl\/sjo\/dla-pracownika\/wspolpraca-z-zagranica\/barcelonatech\/#primaryimage"},"image":{"@id":"https:\/\/pb.edu.pl\/sjo\/dla-pracownika\/wspolpraca-z-zagranica\/barcelonatech\/#primaryimage"},"thumbnailUrl":"https:\/\/pb.edu.pl\/sjo\/wp-content\/uploads\/sites\/9\/2018\/11\/Barcelona-1.jpg","datePublished":"2018-11-28T21:54:06+00:00","dateModified":"2018-11-28T23:18:20+00:00","description":"Barcelona, 6-10th May 2013 International Staff Training Week Universitat Polit\u00e8cnica de Catalunya&nbsp;BarcelonaTech &nbsp;Barcelona to miasto o","breadcrumb":{"@id":"https:\/\/pb.edu.pl\/sjo\/dla-pracownika\/wspolpraca-z-zagranica\/barcelonatech\/#breadcrumb"},"inLanguage":"pl-PL","potentialAction":[{"@type":"ReadAction","target":["https:\/\/pb.edu.pl\/sjo\/dla-pracownika\/wspolpraca-z-zagranica\/barcelonatech\/"]}]},{"@type":"ImageObject","inLanguage":"pl-PL","@id":"https:\/\/pb.edu.pl\/sjo\/dla-pracownika\/wspolpraca-z-zagranica\/barcelonatech\/#primaryimage","url":"https:\/\/pb.edu.pl\/sjo\/wp-content\/uploads\/sites\/9\/2018\/11\/Barcelona-1.jpg","contentUrl":"https:\/\/pb.edu.pl\/sjo\/wp-content\/uploads\/sites\/9\/2018\/11\/Barcelona-1.jpg","width":480,"height":481,"caption":"logo UPC"},{"@type":"BreadcrumbList","@id":"https:\/\/pb.edu.pl\/sjo\/dla-pracownika\/wspolpraca-z-zagranica\/barcelonatech\/#breadcrumb","itemListElement":[{"@type":"ListItem","position":1,"name":"Home","item":"https:\/\/pb.edu.pl\/sjo\/"},{"@type":"ListItem","position":2,"name":"Pracuj\u0119 w PB","item":"https:\/\/pb.edu.pl\/sjo\/dla-pracownika\/"},{"@type":"ListItem","position":3,"name":"Wsp\u00f3\u0142praca z zagranic\u0105","item":"https:\/\/pb.edu.pl\/sjo\/dla-pracownika\/wspolpraca-z-zagranica\/"},{"@type":"ListItem","position":4,"name":"BarcelonaTech"}]},{"@type":"WebSite","@id":"https:\/\/pb.edu.pl\/sjo\/#website","url":"https:\/\/pb.edu.pl\/sjo\/","name":"Studium J\u0119zyk\u00f3w Obcych","description":"","potentialAction":[{"@type":"SearchAction","target":{"@type":"EntryPoint","urlTemplate":"https:\/\/pb.edu.pl\/sjo\/?s={search_term_string}"},"query-input":{"@type":"PropertyValueSpecification","valueRequired":true,"valueName":"search_term_string"}}],"inLanguage":"pl-PL"}]}},"_links":{"self":[{"href":"https:\/\/pb.edu.pl\/sjo\/wp-json\/wp\/v2\/pages\/6035","targetHints":{"allow":["GET"]}}],"collection":[{"href":"https:\/\/pb.edu.pl\/sjo\/wp-json\/wp\/v2\/pages"}],"about":[{"href":"https:\/\/pb.edu.pl\/sjo\/wp-json\/wp\/v2\/types\/page"}],"author":[{"embeddable":true,"href":"https:\/\/pb.edu.pl\/sjo\/wp-json\/wp\/v2\/users\/6"}],"replies":[{"embeddable":true,"href":"https:\/\/pb.edu.pl\/sjo\/wp-json\/wp\/v2\/comments?post=6035"}],"version-history":[{"count":0,"href":"https:\/\/pb.edu.pl\/sjo\/wp-json\/wp\/v2\/pages\/6035\/revisions"}],"up":[{"embeddable":true,"href":"https:\/\/pb.edu.pl\/sjo\/wp-json\/wp\/v2\/pages\/5020"}],"wp:attachment":[{"href":"https:\/\/pb.edu.pl\/sjo\/wp-json\/wp\/v2\/media?parent=6035"}],"curies":[{"name":"wp","href":"https:\/\/api.w.org\/{rel}","templated":true}]}}