{"id":5657,"date":"2018-10-01T22:49:31","date_gmt":"2018-10-01T20:49:31","guid":{"rendered":"https:\/\/pb.edu.pl\/sjo\/?page_id=5657"},"modified":"2018-11-19T00:40:40","modified_gmt":"2018-11-18T23:40:40","slug":"xv-cercles-international-conference","status":"publish","type":"page","link":"https:\/\/pb.edu.pl\/sjo\/wydarzenia-sjo\/wydarzenia-archiwum\/xv-cercles-international-conference\/","title":{"rendered":"XV CercleS International Conference"},"content":{"rendered":"<p><strong>XV CercleS International Conference, Politechnika Pozna\u0144ska, 6-8 wrze\u015bnia 2018<\/strong><\/p>\n<p>&nbsp;<\/p>\n<p>CercleS to europejska organizacja skupiaj\u0105ca niemal 300 jednostek uczelni wy\u017cszych zajmuj\u0105cych si\u0119 nauczaniem j\u0119zyk\u00f3w. Jej celem jest zapewnianie najwy\u017cszych standard\u00f3w w nauczaniu j\u0119zyk\u00f3w, wspieranie bada\u0144 naukowych i promowanie wsp\u00f3\u0142pracy miedzy studiami j\u0119zyk\u00f3w obcych.<\/p>\n<p>W tegorocznej mi\u0119dzynarodowej konferencji zatytu\u0142owanej <em>Broad Perspectives on Language Education in the Globalized World,<\/em> uczestniczyli nauczyciele j\u0119zyk\u00f3w obcych z 20 kraj\u00f3w, w tym tak\u017ce z Japonii i Hongkongu.<\/p>\n<p>Gospodarzem konferencji by\u0142o Centrum J\u0119zyk\u00f3w i Komunikacji Politechniki Pozna\u0144skiej.<\/p>\n<p>Na bardzo bogaty program konferencji z\u0142o\u017cy\u0142o si\u0119 ponad sto wyst\u0105pie\u0144 w formie sesji plenarnych, prezentacji, warsztat\u00f3w i poster\u00f3w. Wyst\u0105pienia zosta\u0142y podzielone na sekcje tematyczne:<\/p>\n<ul>\n<li>Facing new challenges in foreign language teaching: Millennials on the threshold<\/li>\n<li>Intercultural awareness: City, culture &amp; language<\/li>\n<li>Language teaching in tertiary education: Towards educating fully-fledged global communicators<\/li>\n<li>Managing Language Centres<\/li>\n<li>Prevailing trends in teaching adult learners: Andragogy 2.0<\/li>\n<li>Specialist knowledge and LSP: Focusing on professionalization<\/li>\n<li>The fourth Industrial Revolution in the classroom: The role of e-learning and new media in language acquisition<\/li>\n<\/ul>\n<p>Prelegentami byli g\u0142\u00f3wnie nauczyciele j\u0119zyka angielskiego, ale tak\u017ce przedstawiciele pracodawc\u00f3w, wy\u017cszych uczelni, wydawnictw, organizacji europejskich.<\/p>\n<p>Konferencja by\u0142a znakomit\u0105 okazj\u0105 do poznania nowych pomys\u0142\u00f3w, rozwi\u0105za\u0144, wymiany do\u015bwiadcze\u0144 oraz nawi\u0105zania cennych kontakt\u00f3w.<\/p>\n<p>&nbsp;<\/p>\n<p>W konferencji wzi\u0119\u0142a udzia\u0142 mgr Dorota \u015aleszy\u0144ska.<\/p>\n<p>Mgr Wioletta Omelianiuk i mgr Maciej \u015aleszy\u0144ski uczestniczyli w tworzeniu plakatu ACERT prezentowanego na konferencji.<\/p>\n<p>&nbsp;<\/p>\n<div id='gallery-1' class='gallery galleryid-5657 gallery-columns-2 gallery-size-full'><figure class='gallery-item'>\n\t\t\t<div class='gallery-icon landscape'>\n\t\t\t\t<a href='https:\/\/pb.edu.pl\/sjo\/wp-content\/uploads\/sites\/9\/2018\/10\/Pozna\u0144-2018-1.jpg'><img loading=\"lazy\" decoding=\"async\" width=\"1160\" height=\"768\" src=\"https:\/\/pb.edu.pl\/sjo\/wp-content\/uploads\/sites\/9\/2018\/10\/Pozna\u0144-2018-1.jpg\" class=\"attachment-full size-full\" alt=\"XV CercleS International Conference\" srcset=\"https:\/\/pb.edu.pl\/sjo\/wp-content\/uploads\/sites\/9\/2018\/10\/Pozna\u0144-2018-1.jpg 1160w, https:\/\/pb.edu.pl\/sjo\/wp-content\/uploads\/sites\/9\/2018\/10\/Pozna\u0144-2018-1-300x199.jpg 300w, https:\/\/pb.edu.pl\/sjo\/wp-content\/uploads\/sites\/9\/2018\/10\/Pozna\u0144-2018-1-768x508.jpg 768w, https:\/\/pb.edu.pl\/sjo\/wp-content\/uploads\/sites\/9\/2018\/10\/Pozna\u0144-2018-1-1024x678.jpg 1024w\" sizes=\"auto, (max-width: 1160px) 100vw, 1160px\" \/><\/a>\n\t\t\t<\/div><\/figure><figure class='gallery-item'>\n\t\t\t<div class='gallery-icon landscape'>\n\t\t\t\t<a href='https:\/\/pb.edu.pl\/sjo\/wp-content\/uploads\/sites\/9\/2018\/10\/Pozna\u0144-2018-2.jpg'><img loading=\"lazy\" decoding=\"async\" width=\"1159\" height=\"768\" src=\"https:\/\/pb.edu.pl\/sjo\/wp-content\/uploads\/sites\/9\/2018\/10\/Pozna\u0144-2018-2.jpg\" class=\"attachment-full size-full\" alt=\"XV CercleS International Conference\" srcset=\"https:\/\/pb.edu.pl\/sjo\/wp-content\/uploads\/sites\/9\/2018\/10\/Pozna\u0144-2018-2.jpg 1159w, https:\/\/pb.edu.pl\/sjo\/wp-content\/uploads\/sites\/9\/2018\/10\/Pozna\u0144-2018-2-300x199.jpg 300w, https:\/\/pb.edu.pl\/sjo\/wp-content\/uploads\/sites\/9\/2018\/10\/Pozna\u0144-2018-2-768x509.jpg 768w, https:\/\/pb.edu.pl\/sjo\/wp-content\/uploads\/sites\/9\/2018\/10\/Pozna\u0144-2018-2-1024x679.jpg 1024w\" sizes=\"auto, (max-width: 1159px) 100vw, 1159px\" \/><\/a>\n\t\t\t<\/div><\/figure><figure class='gallery-item'>\n\t\t\t<div class='gallery-icon landscape'>\n\t\t\t\t<a href='https:\/\/pb.edu.pl\/sjo\/wp-content\/uploads\/sites\/9\/2018\/10\/Pozna\u0144-2018-3.jpg'><img loading=\"lazy\" decoding=\"async\" width=\"1160\" height=\"768\" src=\"https:\/\/pb.edu.pl\/sjo\/wp-content\/uploads\/sites\/9\/2018\/10\/Pozna\u0144-2018-3.jpg\" class=\"attachment-full size-full\" alt=\"XV CercleS International Conference\" srcset=\"https:\/\/pb.edu.pl\/sjo\/wp-content\/uploads\/sites\/9\/2018\/10\/Pozna\u0144-2018-3.jpg 1160w, https:\/\/pb.edu.pl\/sjo\/wp-content\/uploads\/sites\/9\/2018\/10\/Pozna\u0144-2018-3-300x199.jpg 300w, https:\/\/pb.edu.pl\/sjo\/wp-content\/uploads\/sites\/9\/2018\/10\/Pozna\u0144-2018-3-768x508.jpg 768w, https:\/\/pb.edu.pl\/sjo\/wp-content\/uploads\/sites\/9\/2018\/10\/Pozna\u0144-2018-3-1024x678.jpg 1024w\" sizes=\"auto, (max-width: 1160px) 100vw, 1160px\" \/><\/a>\n\t\t\t<\/div><\/figure><figure class='gallery-item'>\n\t\t\t<div class='gallery-icon landscape'>\n\t\t\t\t<a href='https:\/\/pb.edu.pl\/sjo\/wp-content\/uploads\/sites\/9\/2018\/10\/Pozna\u0144-2018-4.jpg'><img loading=\"lazy\" decoding=\"async\" width=\"1159\" height=\"768\" src=\"https:\/\/pb.edu.pl\/sjo\/wp-content\/uploads\/sites\/9\/2018\/10\/Pozna\u0144-2018-4.jpg\" class=\"attachment-full size-full\" alt=\"XV CercleS International Conference\" srcset=\"https:\/\/pb.edu.pl\/sjo\/wp-content\/uploads\/sites\/9\/2018\/10\/Pozna\u0144-2018-4.jpg 1159w, https:\/\/pb.edu.pl\/sjo\/wp-content\/uploads\/sites\/9\/2018\/10\/Pozna\u0144-2018-4-300x199.jpg 300w, https:\/\/pb.edu.pl\/sjo\/wp-content\/uploads\/sites\/9\/2018\/10\/Pozna\u0144-2018-4-768x509.jpg 768w, https:\/\/pb.edu.pl\/sjo\/wp-content\/uploads\/sites\/9\/2018\/10\/Pozna\u0144-2018-4-1024x679.jpg 1024w\" sizes=\"auto, (max-width: 1159px) 100vw, 1159px\" \/><\/a>\n\t\t\t<\/div><\/figure><figure class='gallery-item'>\n\t\t\t<div class='gallery-icon landscape'>\n\t\t\t\t<a href='https:\/\/pb.edu.pl\/sjo\/wp-content\/uploads\/sites\/9\/2018\/10\/Pozna\u0144-2018-5.jpg'><img loading=\"lazy\" decoding=\"async\" width=\"1160\" height=\"768\" src=\"https:\/\/pb.edu.pl\/sjo\/wp-content\/uploads\/sites\/9\/2018\/10\/Pozna\u0144-2018-5.jpg\" class=\"attachment-full size-full\" alt=\"XV CercleS International Conference\" srcset=\"https:\/\/pb.edu.pl\/sjo\/wp-content\/uploads\/sites\/9\/2018\/10\/Pozna\u0144-2018-5.jpg 1160w, https:\/\/pb.edu.pl\/sjo\/wp-content\/uploads\/sites\/9\/2018\/10\/Pozna\u0144-2018-5-300x199.jpg 300w, https:\/\/pb.edu.pl\/sjo\/wp-content\/uploads\/sites\/9\/2018\/10\/Pozna\u0144-2018-5-768x508.jpg 768w, https:\/\/pb.edu.pl\/sjo\/wp-content\/uploads\/sites\/9\/2018\/10\/Pozna\u0144-2018-5-1024x678.jpg 1024w\" sizes=\"auto, (max-width: 1160px) 100vw, 1160px\" \/><\/a>\n\t\t\t<\/div><\/figure><figure class='gallery-item'>\n\t\t\t<div class='gallery-icon landscape'>\n\t\t\t\t<a href='https:\/\/pb.edu.pl\/sjo\/wp-content\/uploads\/sites\/9\/2018\/10\/Pozna\u0144-2018-6.jpg'><img loading=\"lazy\" decoding=\"async\" width=\"1160\" height=\"768\" src=\"https:\/\/pb.edu.pl\/sjo\/wp-content\/uploads\/sites\/9\/2018\/10\/Pozna\u0144-2018-6.jpg\" class=\"attachment-full size-full\" alt=\"XV CercleS International Conference\" srcset=\"https:\/\/pb.edu.pl\/sjo\/wp-content\/uploads\/sites\/9\/2018\/10\/Pozna\u0144-2018-6.jpg 1160w, https:\/\/pb.edu.pl\/sjo\/wp-content\/uploads\/sites\/9\/2018\/10\/Pozna\u0144-2018-6-300x199.jpg 300w, https:\/\/pb.edu.pl\/sjo\/wp-content\/uploads\/sites\/9\/2018\/10\/Pozna\u0144-2018-6-768x508.jpg 768w, https:\/\/pb.edu.pl\/sjo\/wp-content\/uploads\/sites\/9\/2018\/10\/Pozna\u0144-2018-6-1024x678.jpg 1024w\" sizes=\"auto, (max-width: 1160px) 100vw, 1160px\" \/><\/a>\n\t\t\t<\/div><\/figure><figure class='gallery-item'>\n\t\t\t<div class='gallery-icon landscape'>\n\t\t\t\t<a href='https:\/\/pb.edu.pl\/sjo\/wp-content\/uploads\/sites\/9\/2018\/10\/Pozna\u0144-2018-7.jpg'><img loading=\"lazy\" decoding=\"async\" width=\"1160\" height=\"768\" src=\"https:\/\/pb.edu.pl\/sjo\/wp-content\/uploads\/sites\/9\/2018\/10\/Pozna\u0144-2018-7.jpg\" class=\"attachment-full size-full\" alt=\"XV CercleS International Conference\" srcset=\"https:\/\/pb.edu.pl\/sjo\/wp-content\/uploads\/sites\/9\/2018\/10\/Pozna\u0144-2018-7.jpg 1160w, https:\/\/pb.edu.pl\/sjo\/wp-content\/uploads\/sites\/9\/2018\/10\/Pozna\u0144-2018-7-300x199.jpg 300w, https:\/\/pb.edu.pl\/sjo\/wp-content\/uploads\/sites\/9\/2018\/10\/Pozna\u0144-2018-7-768x508.jpg 768w, https:\/\/pb.edu.pl\/sjo\/wp-content\/uploads\/sites\/9\/2018\/10\/Pozna\u0144-2018-7-1024x678.jpg 1024w\" sizes=\"auto, (max-width: 1160px) 100vw, 1160px\" \/><\/a>\n\t\t\t<\/div><\/figure><figure class='gallery-item'>\n\t\t\t<div class='gallery-icon landscape'>\n\t\t\t\t<a href='https:\/\/pb.edu.pl\/sjo\/wp-content\/uploads\/sites\/9\/2018\/10\/Pozna\u0144-2018-8.jpg'><img loading=\"lazy\" decoding=\"async\" width=\"1160\" height=\"768\" src=\"https:\/\/pb.edu.pl\/sjo\/wp-content\/uploads\/sites\/9\/2018\/10\/Pozna\u0144-2018-8.jpg\" class=\"attachment-full size-full\" alt=\"XV CercleS International Conference\" srcset=\"https:\/\/pb.edu.pl\/sjo\/wp-content\/uploads\/sites\/9\/2018\/10\/Pozna\u0144-2018-8.jpg 1160w, https:\/\/pb.edu.pl\/sjo\/wp-content\/uploads\/sites\/9\/2018\/10\/Pozna\u0144-2018-8-300x199.jpg 300w, https:\/\/pb.edu.pl\/sjo\/wp-content\/uploads\/sites\/9\/2018\/10\/Pozna\u0144-2018-8-768x508.jpg 768w, https:\/\/pb.edu.pl\/sjo\/wp-content\/uploads\/sites\/9\/2018\/10\/Pozna\u0144-2018-8-1024x678.jpg 1024w\" sizes=\"auto, (max-width: 1160px) 100vw, 1160px\" \/><\/a>\n\t\t\t<\/div><\/figure>\n\t\t<\/div>\n\n<p><img loading=\"lazy\" decoding=\"async\" class=\"alignnone size-full wp-image-5873\" src=\"https:\/\/pb.edu.pl\/sjo\/wp-content\/uploads\/sites\/9\/2018\/11\/Poster.jpg\" alt=\"poster na XV CercleS International Conference\" width=\"2492\" height=\"3508\" srcset=\"https:\/\/pb.edu.pl\/sjo\/wp-content\/uploads\/sites\/9\/2018\/11\/Poster.jpg 2492w, https:\/\/pb.edu.pl\/sjo\/wp-content\/uploads\/sites\/9\/2018\/11\/Poster-213x300.jpg 213w, https:\/\/pb.edu.pl\/sjo\/wp-content\/uploads\/sites\/9\/2018\/11\/Poster-768x1081.jpg 768w, https:\/\/pb.edu.pl\/sjo\/wp-content\/uploads\/sites\/9\/2018\/11\/Poster-727x1024.jpg 727w\" sizes=\"auto, (max-width: 2492px) 100vw, 2492px\" \/><\/p>\n","protected":false},"excerpt":{"rendered":"<p>XV CercleS International Conference, Politechnika Pozna\u0144ska, 6-8 wrze\u015bnia 2018 &nbsp; CercleS to europejska organizacja skupiaj\u0105ca<\/p>\n","protected":false},"author":6,"featured_media":0,"parent":137,"menu_order":0,"comment_status":"closed","ping_status":"closed","template":"","meta":{"_acf_changed":false,"ngg_post_thumbnail":0,"footnotes":""},"class_list":["post-5657","page","type-page","status-publish","hentry"],"acf":[],"yoast_head":"<!-- This site is optimized with the Yoast SEO plugin v27.0 - https:\/\/yoast.com\/product\/yoast-seo-wordpress\/ -->\n<title>XV CercleS International Conference - Studium J\u0119zyk\u00f3w Obcych<\/title>\n<meta name=\"description\" content=\"XV CercleS International Conference, Politechnika Pozna\u0144ska, 6-8 wrze\u015bnia 2018 &nbsp; CercleS to europejska organizacja skupiaj\u0105ca niemal 300 jednostek\" \/>\n<meta name=\"robots\" content=\"index, follow, max-snippet:-1, max-image-preview:large, max-video-preview:-1\" \/>\n<link rel=\"canonical\" href=\"https:\/\/pb.edu.pl\/sjo\/wydarzenia-sjo\/wydarzenia-archiwum\/xv-cercles-international-conference\/\" \/>\n<meta property=\"og:locale\" content=\"pl_PL\" \/>\n<meta property=\"og:type\" content=\"article\" \/>\n<meta property=\"og:title\" content=\"XV CercleS International Conference - Studium J\u0119zyk\u00f3w Obcych\" \/>\n<meta property=\"og:description\" content=\"XV CercleS International Conference, Politechnika Pozna\u0144ska, 6-8 wrze\u015bnia 2018 &nbsp; CercleS to europejska organizacja skupiaj\u0105ca niemal 300 jednostek\" \/>\n<meta property=\"og:url\" content=\"https:\/\/pb.edu.pl\/sjo\/wydarzenia-sjo\/wydarzenia-archiwum\/xv-cercles-international-conference\/\" \/>\n<meta property=\"og:site_name\" content=\"Studium J\u0119zyk\u00f3w Obcych\" \/>\n<meta property=\"article:modified_time\" content=\"2018-11-18T23:40:40+00:00\" \/>\n<meta property=\"og:image\" content=\"https:\/\/pb.edu.pl\/sjo\/wp-content\/uploads\/sites\/9\/2018\/10\/Pozna\u0144-2018-1.jpg\" \/>\n<meta name=\"twitter:label1\" content=\"Szacowany czas czytania\" \/>\n\t<meta name=\"twitter:data1\" content=\"1 minuta\" \/>\n<script type=\"application\/ld+json\" class=\"yoast-schema-graph\">{\"@context\":\"https:\/\/schema.org\",\"@graph\":[{\"@type\":\"WebPage\",\"@id\":\"https:\/\/pb.edu.pl\/sjo\/wydarzenia-sjo\/wydarzenia-archiwum\/xv-cercles-international-conference\/\",\"url\":\"https:\/\/pb.edu.pl\/sjo\/wydarzenia-sjo\/wydarzenia-archiwum\/xv-cercles-international-conference\/\",\"name\":\"XV CercleS International Conference - Studium J\u0119zyk\u00f3w Obcych\",\"isPartOf\":{\"@id\":\"https:\/\/pb.edu.pl\/sjo\/#website\"},\"primaryImageOfPage\":{\"@id\":\"https:\/\/pb.edu.pl\/sjo\/wydarzenia-sjo\/wydarzenia-archiwum\/xv-cercles-international-conference\/#primaryimage\"},\"image\":{\"@id\":\"https:\/\/pb.edu.pl\/sjo\/wydarzenia-sjo\/wydarzenia-archiwum\/xv-cercles-international-conference\/#primaryimage\"},\"thumbnailUrl\":\"https:\/\/pb.edu.pl\/sjo\/wp-content\/uploads\/sites\/9\/2018\/11\/Poster.jpg\",\"datePublished\":\"2018-10-01T20:49:31+00:00\",\"dateModified\":\"2018-11-18T23:40:40+00:00\",\"description\":\"XV CercleS International Conference, Politechnika Pozna\u0144ska, 6-8 wrze\u015bnia 2018 &nbsp; CercleS to europejska organizacja skupiaj\u0105ca niemal 300 jednostek\",\"breadcrumb\":{\"@id\":\"https:\/\/pb.edu.pl\/sjo\/wydarzenia-sjo\/wydarzenia-archiwum\/xv-cercles-international-conference\/#breadcrumb\"},\"inLanguage\":\"pl-PL\",\"potentialAction\":[{\"@type\":\"ReadAction\",\"target\":[\"https:\/\/pb.edu.pl\/sjo\/wydarzenia-sjo\/wydarzenia-archiwum\/xv-cercles-international-conference\/\"]}]},{\"@type\":\"ImageObject\",\"inLanguage\":\"pl-PL\",\"@id\":\"https:\/\/pb.edu.pl\/sjo\/wydarzenia-sjo\/wydarzenia-archiwum\/xv-cercles-international-conference\/#primaryimage\",\"url\":\"https:\/\/pb.edu.pl\/sjo\/wp-content\/uploads\/sites\/9\/2018\/11\/Poster.jpg\",\"contentUrl\":\"https:\/\/pb.edu.pl\/sjo\/wp-content\/uploads\/sites\/9\/2018\/11\/Poster.jpg\",\"width\":2492,\"height\":3508,\"caption\":\"poster na XV CercleS International Conference\"},{\"@type\":\"BreadcrumbList\",\"@id\":\"https:\/\/pb.edu.pl\/sjo\/wydarzenia-sjo\/wydarzenia-archiwum\/xv-cercles-international-conference\/#breadcrumb\",\"itemListElement\":[{\"@type\":\"ListItem\",\"position\":1,\"name\":\"Home\",\"item\":\"https:\/\/pb.edu.pl\/sjo\/\"},{\"@type\":\"ListItem\",\"position\":2,\"name\":\"Wydarzenia SJO\",\"item\":\"https:\/\/pb.edu.pl\/sjo\/wydarzenia-sjo\/\"},{\"@type\":\"ListItem\",\"position\":3,\"name\":\"Wydarzenia\",\"item\":\"https:\/\/pb.edu.pl\/sjo\/wydarzenia-sjo\/wydarzenia-archiwum\/\"},{\"@type\":\"ListItem\",\"position\":4,\"name\":\"XV CercleS International Conference\"}]},{\"@type\":\"WebSite\",\"@id\":\"https:\/\/pb.edu.pl\/sjo\/#website\",\"url\":\"https:\/\/pb.edu.pl\/sjo\/\",\"name\":\"Studium J\u0119zyk\u00f3w Obcych\",\"description\":\"\",\"potentialAction\":[{\"@type\":\"SearchAction\",\"target\":{\"@type\":\"EntryPoint\",\"urlTemplate\":\"https:\/\/pb.edu.pl\/sjo\/?s={search_term_string}\"},\"query-input\":{\"@type\":\"PropertyValueSpecification\",\"valueRequired\":true,\"valueName\":\"search_term_string\"}}],\"inLanguage\":\"pl-PL\"}]}<\/script>\n<!-- \/ Yoast SEO plugin. -->","yoast_head_json":{"title":"XV CercleS International Conference - Studium J\u0119zyk\u00f3w Obcych","description":"XV CercleS International Conference, Politechnika Pozna\u0144ska, 6-8 wrze\u015bnia 2018 &nbsp; CercleS to europejska organizacja skupiaj\u0105ca niemal 300 jednostek","robots":{"index":"index","follow":"follow","max-snippet":"max-snippet:-1","max-image-preview":"max-image-preview:large","max-video-preview":"max-video-preview:-1"},"canonical":"https:\/\/pb.edu.pl\/sjo\/wydarzenia-sjo\/wydarzenia-archiwum\/xv-cercles-international-conference\/","og_locale":"pl_PL","og_type":"article","og_title":"XV CercleS International Conference - Studium J\u0119zyk\u00f3w Obcych","og_description":"XV CercleS International Conference, Politechnika Pozna\u0144ska, 6-8 wrze\u015bnia 2018 &nbsp; CercleS to europejska organizacja skupiaj\u0105ca niemal 300 jednostek","og_url":"https:\/\/pb.edu.pl\/sjo\/wydarzenia-sjo\/wydarzenia-archiwum\/xv-cercles-international-conference\/","og_site_name":"Studium J\u0119zyk\u00f3w Obcych","article_modified_time":"2018-11-18T23:40:40+00:00","og_image":[{"url":"https:\/\/pb.edu.pl\/sjo\/wp-content\/uploads\/sites\/9\/2018\/10\/Pozna\u0144-2018-1.jpg","type":"","width":"","height":""}],"twitter_misc":{"Szacowany czas czytania":"1 minuta"},"schema":{"@context":"https:\/\/schema.org","@graph":[{"@type":"WebPage","@id":"https:\/\/pb.edu.pl\/sjo\/wydarzenia-sjo\/wydarzenia-archiwum\/xv-cercles-international-conference\/","url":"https:\/\/pb.edu.pl\/sjo\/wydarzenia-sjo\/wydarzenia-archiwum\/xv-cercles-international-conference\/","name":"XV CercleS International Conference - Studium J\u0119zyk\u00f3w Obcych","isPartOf":{"@id":"https:\/\/pb.edu.pl\/sjo\/#website"},"primaryImageOfPage":{"@id":"https:\/\/pb.edu.pl\/sjo\/wydarzenia-sjo\/wydarzenia-archiwum\/xv-cercles-international-conference\/#primaryimage"},"image":{"@id":"https:\/\/pb.edu.pl\/sjo\/wydarzenia-sjo\/wydarzenia-archiwum\/xv-cercles-international-conference\/#primaryimage"},"thumbnailUrl":"https:\/\/pb.edu.pl\/sjo\/wp-content\/uploads\/sites\/9\/2018\/11\/Poster.jpg","datePublished":"2018-10-01T20:49:31+00:00","dateModified":"2018-11-18T23:40:40+00:00","description":"XV CercleS International Conference, Politechnika Pozna\u0144ska, 6-8 wrze\u015bnia 2018 &nbsp; CercleS to europejska organizacja skupiaj\u0105ca niemal 300 jednostek","breadcrumb":{"@id":"https:\/\/pb.edu.pl\/sjo\/wydarzenia-sjo\/wydarzenia-archiwum\/xv-cercles-international-conference\/#breadcrumb"},"inLanguage":"pl-PL","potentialAction":[{"@type":"ReadAction","target":["https:\/\/pb.edu.pl\/sjo\/wydarzenia-sjo\/wydarzenia-archiwum\/xv-cercles-international-conference\/"]}]},{"@type":"ImageObject","inLanguage":"pl-PL","@id":"https:\/\/pb.edu.pl\/sjo\/wydarzenia-sjo\/wydarzenia-archiwum\/xv-cercles-international-conference\/#primaryimage","url":"https:\/\/pb.edu.pl\/sjo\/wp-content\/uploads\/sites\/9\/2018\/11\/Poster.jpg","contentUrl":"https:\/\/pb.edu.pl\/sjo\/wp-content\/uploads\/sites\/9\/2018\/11\/Poster.jpg","width":2492,"height":3508,"caption":"poster na XV CercleS International Conference"},{"@type":"BreadcrumbList","@id":"https:\/\/pb.edu.pl\/sjo\/wydarzenia-sjo\/wydarzenia-archiwum\/xv-cercles-international-conference\/#breadcrumb","itemListElement":[{"@type":"ListItem","position":1,"name":"Home","item":"https:\/\/pb.edu.pl\/sjo\/"},{"@type":"ListItem","position":2,"name":"Wydarzenia SJO","item":"https:\/\/pb.edu.pl\/sjo\/wydarzenia-sjo\/"},{"@type":"ListItem","position":3,"name":"Wydarzenia","item":"https:\/\/pb.edu.pl\/sjo\/wydarzenia-sjo\/wydarzenia-archiwum\/"},{"@type":"ListItem","position":4,"name":"XV CercleS International Conference"}]},{"@type":"WebSite","@id":"https:\/\/pb.edu.pl\/sjo\/#website","url":"https:\/\/pb.edu.pl\/sjo\/","name":"Studium J\u0119zyk\u00f3w Obcych","description":"","potentialAction":[{"@type":"SearchAction","target":{"@type":"EntryPoint","urlTemplate":"https:\/\/pb.edu.pl\/sjo\/?s={search_term_string}"},"query-input":{"@type":"PropertyValueSpecification","valueRequired":true,"valueName":"search_term_string"}}],"inLanguage":"pl-PL"}]}},"_links":{"self":[{"href":"https:\/\/pb.edu.pl\/sjo\/wp-json\/wp\/v2\/pages\/5657","targetHints":{"allow":["GET"]}}],"collection":[{"href":"https:\/\/pb.edu.pl\/sjo\/wp-json\/wp\/v2\/pages"}],"about":[{"href":"https:\/\/pb.edu.pl\/sjo\/wp-json\/wp\/v2\/types\/page"}],"author":[{"embeddable":true,"href":"https:\/\/pb.edu.pl\/sjo\/wp-json\/wp\/v2\/users\/6"}],"replies":[{"embeddable":true,"href":"https:\/\/pb.edu.pl\/sjo\/wp-json\/wp\/v2\/comments?post=5657"}],"version-history":[{"count":0,"href":"https:\/\/pb.edu.pl\/sjo\/wp-json\/wp\/v2\/pages\/5657\/revisions"}],"up":[{"embeddable":true,"href":"https:\/\/pb.edu.pl\/sjo\/wp-json\/wp\/v2\/pages\/137"}],"wp:attachment":[{"href":"https:\/\/pb.edu.pl\/sjo\/wp-json\/wp\/v2\/media?parent=5657"}],"curies":[{"name":"wp","href":"https:\/\/api.w.org\/{rel}","templated":true}]}}