{"id":497,"date":"2017-11-28T16:58:22","date_gmt":"2017-11-28T15:58:22","guid":{"rendered":"https:\/\/pb.edu.pl\/sjo\/?page_id=497"},"modified":"2017-11-28T17:02:43","modified_gmt":"2017-11-28T16:02:43","slug":"uczniowie-technikum-mechanicznego-w-sjo","status":"publish","type":"page","link":"https:\/\/pb.edu.pl\/sjo\/wydarzenia-sjo\/wydarzenia-archiwum\/uczniowie-technikum-mechanicznego-w-sjo\/","title":{"rendered":"Uczniowie Technikum Mechanicznego w SJO"},"content":{"rendered":"<p>14 maturzyst\u00f3w z&nbsp;bia\u0142ostockiego Zespo\u0142u Szk\u00f3\u0142 Mechanicznych Centrum Kszta\u0142cenia Praktycznego nr&nbsp;2&nbsp;odwiedzi\u0142o w&nbsp;\u015brod\u0119, 16&nbsp;listopada 2016, Politechnik\u0119 Bia\u0142ostock\u0105. Wzi\u0119li udzia\u0142 w&nbsp;lekcji pokazowej j\u0119zyka angielskiego i&nbsp;odwiedzili laboratoria Wydzia\u0142u Mechanicznego.<\/p>\n<p>Jak&nbsp;wygl\u0105daj\u0105 zaj\u0119cia w&nbsp;ramach lektorat\u00f3w na&nbsp;Politechnice Bia\u0142ostockiej? Z&nbsp;jakich metod korzystaj\u0105 nauczyciele akademiccy? Jak&nbsp;uczy\u0107 si\u0119&nbsp;angielskiego s\u0142ownictwa technicznego? Tego uczniowie dowiedzieli si\u0119&nbsp;podczas zaj\u0119\u0107 przygotowanych przez&nbsp;mgr Urszul\u0119 Socho\u0144-Okruszko ze&nbsp;Studium J\u0119zyk\u00f3w Obcych Politechniki Bia\u0142ostockiej.<\/p>\n<p>Maturzy\u015bci uczestniczyli w&nbsp;zaj\u0119ciach opartych o&nbsp;fragment programu nauczania j\u0119zyka angielskiego dla&nbsp;studi\u00f3w pierwszego stopnia na&nbsp;kierunku Mechanika i Budowa Maszyn. Poznali s\u0142ownictwo z&nbsp;zakresu budowy uk\u0142adu hamulcowego samochodu.<\/p>\n<p>&#8222;To pierwsze tego rodzaju zaj\u0119cia i&nbsp;my\u015bl\u0119, \u017ce&nbsp;warto je&nbsp;kontynuowa\u0107&#8221; \u2013&nbsp;stwierdza Urszula Socho\u0144-Okruszko. &#8222;Dopasowanie \u0107wicze\u0144 do&nbsp;profilu i&nbsp;poziomu klasy by\u0142o ciekawym do\u015bwiadczeniem, poniewa\u017c na&nbsp;Politechnice pracuj\u0119 na&nbsp;co&nbsp;dzie\u0144 ze&nbsp;studentami. Uczniowie byli na&nbsp;przyk\u0142ad zaskoczeni tym, \u017ce&nbsp;zwracam si\u0119&nbsp;do&nbsp;nich per&nbsp;pan. Uwa\u017cam, \u017ce&nbsp;tego typu lekcje to&nbsp;\u015bwietny spos\u00f3b na&nbsp;przybli\u017cenie uczniom Politechniki i&nbsp;zach\u0119cenia do&nbsp;rozszerzania swoich kompetencji j\u0119zykowych.&#8221;<\/p>\n<p>W&nbsp;zaj\u0119cia przeprowadzonych przez&nbsp;wyk\u0142adowc\u0119 SJO&nbsp;PB&nbsp;wzi\u0119\u0142a udzia\u0142 nauczycielka j\u0119zyka angielskiego w&nbsp;ZSM&nbsp;CKP&nbsp;nr&nbsp;2,&nbsp;mgr&nbsp;Ewelina Jaworowska. &#8222;Materia\u0142 j\u0119zykowy zwi\u0105zany z&nbsp;fachowym s\u0142ownictwem angielskim wprowadzili\u015bmy w&nbsp;tej&nbsp;klasie dopiero od&nbsp;wrze\u015bnia. Na&nbsp;lekcji w&nbsp;Studium J\u0119zyk\u00f3w Obcych moi&nbsp;uczniowie poradzili sobie jednak doskonale. To&nbsp;wielka zas\u0142uga \u015bwietnego poprowadzenia i&nbsp;przygotowania zaj\u0119\u0107 przez&nbsp;Pani\u0105 Socho\u0144-Okruszko. Uczniowie m\u00f3wili mi,&nbsp;\u017ce&nbsp;s\u0105&nbsp;bardzo zadowoleni.&#8221;<\/p>\n<p>Ze&nbsp;Studium J\u0119zyk\u00f3w Obcych maturzy\u015bci przeszli na&nbsp;Wydzia\u0142 Mechaniczny, gdzie odwiedzili trzy laboratoria: robot\u00f3w mobilnych, awioniki i&nbsp;nawigacji oraz pojazd\u00f3w samochodowych. Wizyta uczni\u00f3w Zespo\u0142u Szk\u00f3\u0142 Mechanicznych Centrum Kszta\u0142cenia Praktycznego Nr&nbsp;2&nbsp;im. \u015aw. J\u00f3zefa w&nbsp;Bia\u0142ymstoku na&nbsp;Politechnice Bia\u0142ostockiej odby\u0142a si\u0119&nbsp;w&nbsp;ramach umowy dotycz\u0105cej wsp\u00f3\u0142pracy pomi\u0119dzy tymi instytucjami.<\/p>\n<p>&nbsp;<\/p>\n<div id='gallery-1' class='gallery galleryid-497 gallery-columns-2 gallery-size-full'><figure class='gallery-item'>\n\t\t\t<div class='gallery-icon landscape'>\n\t\t\t\t<a href='https:\/\/pb.edu.pl\/sjo\/wp-content\/uploads\/sites\/9\/2017\/11\/technikum_w_sjo_1.jpg'><img loading=\"lazy\" decoding=\"async\" width=\"1000\" height=\"667\" src=\"https:\/\/pb.edu.pl\/sjo\/wp-content\/uploads\/sites\/9\/2017\/11\/technikum_w_sjo_1.jpg\" class=\"attachment-full size-full\" alt=\"uczniowie Technikum Mechanicznego w SJO\" srcset=\"https:\/\/pb.edu.pl\/sjo\/wp-content\/uploads\/sites\/9\/2017\/11\/technikum_w_sjo_1.jpg 1000w, https:\/\/pb.edu.pl\/sjo\/wp-content\/uploads\/sites\/9\/2017\/11\/technikum_w_sjo_1-300x200.jpg 300w, https:\/\/pb.edu.pl\/sjo\/wp-content\/uploads\/sites\/9\/2017\/11\/technikum_w_sjo_1-768x512.jpg 768w, https:\/\/pb.edu.pl\/sjo\/wp-content\/uploads\/sites\/9\/2017\/11\/technikum_w_sjo_1-480x320.jpg 480w\" sizes=\"auto, (max-width: 1000px) 100vw, 1000px\" \/><\/a>\n\t\t\t<\/div><\/figure><figure class='gallery-item'>\n\t\t\t<div class='gallery-icon landscape'>\n\t\t\t\t<a href='https:\/\/pb.edu.pl\/sjo\/wp-content\/uploads\/sites\/9\/2017\/11\/technikum_w_sjo_2.jpg'><img loading=\"lazy\" decoding=\"async\" width=\"1000\" height=\"667\" src=\"https:\/\/pb.edu.pl\/sjo\/wp-content\/uploads\/sites\/9\/2017\/11\/technikum_w_sjo_2.jpg\" class=\"attachment-full size-full\" alt=\"uczniowie Technikum Mechanicznego w SJO\" srcset=\"https:\/\/pb.edu.pl\/sjo\/wp-content\/uploads\/sites\/9\/2017\/11\/technikum_w_sjo_2.jpg 1000w, https:\/\/pb.edu.pl\/sjo\/wp-content\/uploads\/sites\/9\/2017\/11\/technikum_w_sjo_2-300x200.jpg 300w, https:\/\/pb.edu.pl\/sjo\/wp-content\/uploads\/sites\/9\/2017\/11\/technikum_w_sjo_2-768x512.jpg 768w, https:\/\/pb.edu.pl\/sjo\/wp-content\/uploads\/sites\/9\/2017\/11\/technikum_w_sjo_2-480x320.jpg 480w\" sizes=\"auto, (max-width: 1000px) 100vw, 1000px\" \/><\/a>\n\t\t\t<\/div><\/figure><figure class='gallery-item'>\n\t\t\t<div class='gallery-icon landscape'>\n\t\t\t\t<a href='https:\/\/pb.edu.pl\/sjo\/wp-content\/uploads\/sites\/9\/2017\/11\/technikum_w_sjo_4.jpg'><img loading=\"lazy\" decoding=\"async\" width=\"1000\" height=\"667\" src=\"https:\/\/pb.edu.pl\/sjo\/wp-content\/uploads\/sites\/9\/2017\/11\/technikum_w_sjo_4.jpg\" class=\"attachment-full size-full\" alt=\"uczniowie Technikum Mechanicznego w SJO\" srcset=\"https:\/\/pb.edu.pl\/sjo\/wp-content\/uploads\/sites\/9\/2017\/11\/technikum_w_sjo_4.jpg 1000w, https:\/\/pb.edu.pl\/sjo\/wp-content\/uploads\/sites\/9\/2017\/11\/technikum_w_sjo_4-300x200.jpg 300w, https:\/\/pb.edu.pl\/sjo\/wp-content\/uploads\/sites\/9\/2017\/11\/technikum_w_sjo_4-768x512.jpg 768w, https:\/\/pb.edu.pl\/sjo\/wp-content\/uploads\/sites\/9\/2017\/11\/technikum_w_sjo_4-480x320.jpg 480w\" sizes=\"auto, (max-width: 1000px) 100vw, 1000px\" \/><\/a>\n\t\t\t<\/div><\/figure><figure class='gallery-item'>\n\t\t\t<div class='gallery-icon landscape'>\n\t\t\t\t<a href='https:\/\/pb.edu.pl\/sjo\/wp-content\/uploads\/sites\/9\/2017\/11\/technikum_w_sjo_3.jpg'><img loading=\"lazy\" decoding=\"async\" width=\"1000\" height=\"667\" src=\"https:\/\/pb.edu.pl\/sjo\/wp-content\/uploads\/sites\/9\/2017\/11\/technikum_w_sjo_3.jpg\" class=\"attachment-full size-full\" alt=\"uczniowie Technikum Mechanicznego w SJO\" srcset=\"https:\/\/pb.edu.pl\/sjo\/wp-content\/uploads\/sites\/9\/2017\/11\/technikum_w_sjo_3.jpg 1000w, https:\/\/pb.edu.pl\/sjo\/wp-content\/uploads\/sites\/9\/2017\/11\/technikum_w_sjo_3-300x200.jpg 300w, https:\/\/pb.edu.pl\/sjo\/wp-content\/uploads\/sites\/9\/2017\/11\/technikum_w_sjo_3-768x512.jpg 768w, https:\/\/pb.edu.pl\/sjo\/wp-content\/uploads\/sites\/9\/2017\/11\/technikum_w_sjo_3-480x320.jpg 480w\" sizes=\"auto, (max-width: 1000px) 100vw, 1000px\" \/><\/a>\n\t\t\t<\/div><\/figure>\n\t\t<\/div>\n\n","protected":false},"excerpt":{"rendered":"<p>14 maturzyst\u00f3w z&nbsp;bia\u0142ostockiego Zespo\u0142u Szk\u00f3\u0142 Mechanicznych Centrum Kszta\u0142cenia Praktycznego nr&nbsp;2&nbsp;odwiedzi\u0142o w&nbsp;\u015brod\u0119, 16&nbsp;listopada 2016, Politechnik\u0119 Bia\u0142ostock\u0105.<\/p>\n","protected":false},"author":6,"featured_media":0,"parent":137,"menu_order":0,"comment_status":"closed","ping_status":"closed","template":"","meta":{"_acf_changed":false,"ngg_post_thumbnail":0,"footnotes":""},"class_list":["post-497","page","type-page","status-publish","hentry"],"acf":[],"yoast_head":"<!-- This site is optimized with the Yoast SEO plugin v27.0 - https:\/\/yoast.com\/product\/yoast-seo-wordpress\/ -->\n<title>Uczniowie Technikum Mechanicznego w SJO - Studium J\u0119zyk\u00f3w Obcych<\/title>\n<meta name=\"description\" content=\"14 maturzyst\u00f3w z&nbsp;bia\u0142ostockiego Zespo\u0142u Szk\u00f3\u0142 Mechanicznych Centrum Kszta\u0142cenia Praktycznego nr&nbsp;2&nbsp;odwiedzi\u0142o w&nbsp;\u015brod\u0119,\" \/>\n<meta name=\"robots\" content=\"index, follow, max-snippet:-1, max-image-preview:large, max-video-preview:-1\" \/>\n<link rel=\"canonical\" href=\"https:\/\/pb.edu.pl\/sjo\/wydarzenia-sjo\/wydarzenia-archiwum\/uczniowie-technikum-mechanicznego-w-sjo\/\" \/>\n<meta property=\"og:locale\" content=\"pl_PL\" \/>\n<meta property=\"og:type\" content=\"article\" \/>\n<meta property=\"og:title\" content=\"Uczniowie Technikum Mechanicznego w SJO - Studium J\u0119zyk\u00f3w Obcych\" \/>\n<meta property=\"og:description\" content=\"14 maturzyst\u00f3w z&nbsp;bia\u0142ostockiego Zespo\u0142u Szk\u00f3\u0142 Mechanicznych Centrum Kszta\u0142cenia Praktycznego nr&nbsp;2&nbsp;odwiedzi\u0142o w&nbsp;\u015brod\u0119,\" \/>\n<meta property=\"og:url\" content=\"https:\/\/pb.edu.pl\/sjo\/wydarzenia-sjo\/wydarzenia-archiwum\/uczniowie-technikum-mechanicznego-w-sjo\/\" \/>\n<meta property=\"og:site_name\" content=\"Studium J\u0119zyk\u00f3w Obcych\" \/>\n<meta property=\"article:modified_time\" content=\"2017-11-28T16:02:43+00:00\" \/>\n<meta property=\"og:image\" content=\"https:\/\/pb.edu.pl\/sjo\/wp-content\/uploads\/sites\/9\/2017\/11\/technikum_w_sjo_1.jpg\" \/>\n<meta name=\"twitter:label1\" content=\"Szacowany czas czytania\" \/>\n\t<meta name=\"twitter:data1\" content=\"2 minuty\" \/>\n<script type=\"application\/ld+json\" class=\"yoast-schema-graph\">{\"@context\":\"https:\/\/schema.org\",\"@graph\":[{\"@type\":\"WebPage\",\"@id\":\"https:\/\/pb.edu.pl\/sjo\/wydarzenia-sjo\/wydarzenia-archiwum\/uczniowie-technikum-mechanicznego-w-sjo\/\",\"url\":\"https:\/\/pb.edu.pl\/sjo\/wydarzenia-sjo\/wydarzenia-archiwum\/uczniowie-technikum-mechanicznego-w-sjo\/\",\"name\":\"Uczniowie Technikum Mechanicznego w SJO - Studium J\u0119zyk\u00f3w Obcych\",\"isPartOf\":{\"@id\":\"https:\/\/pb.edu.pl\/sjo\/#website\"},\"datePublished\":\"2017-11-28T15:58:22+00:00\",\"dateModified\":\"2017-11-28T16:02:43+00:00\",\"description\":\"14 maturzyst\u00f3w z&nbsp;bia\u0142ostockiego Zespo\u0142u Szk\u00f3\u0142 Mechanicznych Centrum Kszta\u0142cenia Praktycznego nr&nbsp;2&nbsp;odwiedzi\u0142o w&nbsp;\u015brod\u0119,\",\"breadcrumb\":{\"@id\":\"https:\/\/pb.edu.pl\/sjo\/wydarzenia-sjo\/wydarzenia-archiwum\/uczniowie-technikum-mechanicznego-w-sjo\/#breadcrumb\"},\"inLanguage\":\"pl-PL\",\"potentialAction\":[{\"@type\":\"ReadAction\",\"target\":[\"https:\/\/pb.edu.pl\/sjo\/wydarzenia-sjo\/wydarzenia-archiwum\/uczniowie-technikum-mechanicznego-w-sjo\/\"]}]},{\"@type\":\"BreadcrumbList\",\"@id\":\"https:\/\/pb.edu.pl\/sjo\/wydarzenia-sjo\/wydarzenia-archiwum\/uczniowie-technikum-mechanicznego-w-sjo\/#breadcrumb\",\"itemListElement\":[{\"@type\":\"ListItem\",\"position\":1,\"name\":\"Home\",\"item\":\"https:\/\/pb.edu.pl\/sjo\/\"},{\"@type\":\"ListItem\",\"position\":2,\"name\":\"Wydarzenia SJO\",\"item\":\"https:\/\/pb.edu.pl\/sjo\/wydarzenia-sjo\/\"},{\"@type\":\"ListItem\",\"position\":3,\"name\":\"Wydarzenia\",\"item\":\"https:\/\/pb.edu.pl\/sjo\/wydarzenia-sjo\/wydarzenia-archiwum\/\"},{\"@type\":\"ListItem\",\"position\":4,\"name\":\"Uczniowie Technikum Mechanicznego w SJO\"}]},{\"@type\":\"WebSite\",\"@id\":\"https:\/\/pb.edu.pl\/sjo\/#website\",\"url\":\"https:\/\/pb.edu.pl\/sjo\/\",\"name\":\"Studium J\u0119zyk\u00f3w Obcych\",\"description\":\"\",\"potentialAction\":[{\"@type\":\"SearchAction\",\"target\":{\"@type\":\"EntryPoint\",\"urlTemplate\":\"https:\/\/pb.edu.pl\/sjo\/?s={search_term_string}\"},\"query-input\":{\"@type\":\"PropertyValueSpecification\",\"valueRequired\":true,\"valueName\":\"search_term_string\"}}],\"inLanguage\":\"pl-PL\"}]}<\/script>\n<!-- \/ Yoast SEO plugin. -->","yoast_head_json":{"title":"Uczniowie Technikum Mechanicznego w SJO - Studium J\u0119zyk\u00f3w Obcych","description":"14 maturzyst\u00f3w z&nbsp;bia\u0142ostockiego Zespo\u0142u Szk\u00f3\u0142 Mechanicznych Centrum Kszta\u0142cenia Praktycznego nr&nbsp;2&nbsp;odwiedzi\u0142o w&nbsp;\u015brod\u0119,","robots":{"index":"index","follow":"follow","max-snippet":"max-snippet:-1","max-image-preview":"max-image-preview:large","max-video-preview":"max-video-preview:-1"},"canonical":"https:\/\/pb.edu.pl\/sjo\/wydarzenia-sjo\/wydarzenia-archiwum\/uczniowie-technikum-mechanicznego-w-sjo\/","og_locale":"pl_PL","og_type":"article","og_title":"Uczniowie Technikum Mechanicznego w SJO - Studium J\u0119zyk\u00f3w Obcych","og_description":"14 maturzyst\u00f3w z&nbsp;bia\u0142ostockiego Zespo\u0142u Szk\u00f3\u0142 Mechanicznych Centrum Kszta\u0142cenia Praktycznego nr&nbsp;2&nbsp;odwiedzi\u0142o w&nbsp;\u015brod\u0119,","og_url":"https:\/\/pb.edu.pl\/sjo\/wydarzenia-sjo\/wydarzenia-archiwum\/uczniowie-technikum-mechanicznego-w-sjo\/","og_site_name":"Studium J\u0119zyk\u00f3w Obcych","article_modified_time":"2017-11-28T16:02:43+00:00","og_image":[{"url":"https:\/\/pb.edu.pl\/sjo\/wp-content\/uploads\/sites\/9\/2017\/11\/technikum_w_sjo_1.jpg","type":"","width":"","height":""}],"twitter_misc":{"Szacowany czas czytania":"2 minuty"},"schema":{"@context":"https:\/\/schema.org","@graph":[{"@type":"WebPage","@id":"https:\/\/pb.edu.pl\/sjo\/wydarzenia-sjo\/wydarzenia-archiwum\/uczniowie-technikum-mechanicznego-w-sjo\/","url":"https:\/\/pb.edu.pl\/sjo\/wydarzenia-sjo\/wydarzenia-archiwum\/uczniowie-technikum-mechanicznego-w-sjo\/","name":"Uczniowie Technikum Mechanicznego w SJO - Studium J\u0119zyk\u00f3w Obcych","isPartOf":{"@id":"https:\/\/pb.edu.pl\/sjo\/#website"},"datePublished":"2017-11-28T15:58:22+00:00","dateModified":"2017-11-28T16:02:43+00:00","description":"14 maturzyst\u00f3w z&nbsp;bia\u0142ostockiego Zespo\u0142u Szk\u00f3\u0142 Mechanicznych Centrum Kszta\u0142cenia Praktycznego nr&nbsp;2&nbsp;odwiedzi\u0142o w&nbsp;\u015brod\u0119,","breadcrumb":{"@id":"https:\/\/pb.edu.pl\/sjo\/wydarzenia-sjo\/wydarzenia-archiwum\/uczniowie-technikum-mechanicznego-w-sjo\/#breadcrumb"},"inLanguage":"pl-PL","potentialAction":[{"@type":"ReadAction","target":["https:\/\/pb.edu.pl\/sjo\/wydarzenia-sjo\/wydarzenia-archiwum\/uczniowie-technikum-mechanicznego-w-sjo\/"]}]},{"@type":"BreadcrumbList","@id":"https:\/\/pb.edu.pl\/sjo\/wydarzenia-sjo\/wydarzenia-archiwum\/uczniowie-technikum-mechanicznego-w-sjo\/#breadcrumb","itemListElement":[{"@type":"ListItem","position":1,"name":"Home","item":"https:\/\/pb.edu.pl\/sjo\/"},{"@type":"ListItem","position":2,"name":"Wydarzenia SJO","item":"https:\/\/pb.edu.pl\/sjo\/wydarzenia-sjo\/"},{"@type":"ListItem","position":3,"name":"Wydarzenia","item":"https:\/\/pb.edu.pl\/sjo\/wydarzenia-sjo\/wydarzenia-archiwum\/"},{"@type":"ListItem","position":4,"name":"Uczniowie Technikum Mechanicznego w SJO"}]},{"@type":"WebSite","@id":"https:\/\/pb.edu.pl\/sjo\/#website","url":"https:\/\/pb.edu.pl\/sjo\/","name":"Studium J\u0119zyk\u00f3w Obcych","description":"","potentialAction":[{"@type":"SearchAction","target":{"@type":"EntryPoint","urlTemplate":"https:\/\/pb.edu.pl\/sjo\/?s={search_term_string}"},"query-input":{"@type":"PropertyValueSpecification","valueRequired":true,"valueName":"search_term_string"}}],"inLanguage":"pl-PL"}]}},"_links":{"self":[{"href":"https:\/\/pb.edu.pl\/sjo\/wp-json\/wp\/v2\/pages\/497","targetHints":{"allow":["GET"]}}],"collection":[{"href":"https:\/\/pb.edu.pl\/sjo\/wp-json\/wp\/v2\/pages"}],"about":[{"href":"https:\/\/pb.edu.pl\/sjo\/wp-json\/wp\/v2\/types\/page"}],"author":[{"embeddable":true,"href":"https:\/\/pb.edu.pl\/sjo\/wp-json\/wp\/v2\/users\/6"}],"replies":[{"embeddable":true,"href":"https:\/\/pb.edu.pl\/sjo\/wp-json\/wp\/v2\/comments?post=497"}],"version-history":[{"count":0,"href":"https:\/\/pb.edu.pl\/sjo\/wp-json\/wp\/v2\/pages\/497\/revisions"}],"up":[{"embeddable":true,"href":"https:\/\/pb.edu.pl\/sjo\/wp-json\/wp\/v2\/pages\/137"}],"wp:attachment":[{"href":"https:\/\/pb.edu.pl\/sjo\/wp-json\/wp\/v2\/media?parent=497"}],"curies":[{"name":"wp","href":"https:\/\/api.w.org\/{rel}","templated":true}]}}