{"id":485,"date":"2017-11-28T16:45:06","date_gmt":"2017-11-28T15:45:06","guid":{"rendered":"https:\/\/pb.edu.pl\/sjo\/?page_id=485"},"modified":"2023-11-24T12:28:42","modified_gmt":"2023-11-24T11:28:42","slug":"wtja-2016","status":"publish","type":"page","link":"https:\/\/pb.edu.pl\/sjo\/dla-studenta\/ciekawe-uzyteczne\/konkursy-jezykowe\/wtja-2016\/","title":{"rendered":"Wielki Test J\u0119zyka Angielskiego 2016"},"content":{"rendered":"<p><img loading=\"lazy\" decoding=\"async\" class=\"alignnone size-full wp-image-486\" src=\"https:\/\/pb.edu.pl\/sjo\/wp-content\/uploads\/sites\/9\/2017\/11\/WTJA2016.jpg\" alt=\"baner - Wielki Test J\u0119zyka Angielskiego\" width=\"1200\" height=\"412\" srcset=\"https:\/\/pb.edu.pl\/sjo\/wp-content\/uploads\/sites\/9\/2017\/11\/WTJA2016.jpg 1200w, https:\/\/pb.edu.pl\/sjo\/wp-content\/uploads\/sites\/9\/2017\/11\/WTJA2016-300x103.jpg 300w, https:\/\/pb.edu.pl\/sjo\/wp-content\/uploads\/sites\/9\/2017\/11\/WTJA2016-768x264.jpg 768w, https:\/\/pb.edu.pl\/sjo\/wp-content\/uploads\/sites\/9\/2017\/11\/WTJA2016-1024x352.jpg 1024w\" sizes=\"auto, (max-width: 1200px) 100vw, 1200px\" \/><\/p>\n<p>&nbsp;<\/p>\n<p><a href=\"https:\/\/www.youtube.com\/watch?v=NjXhjH3-uxQ&amp;feature=share\">Wielki Test J\u0119zyka Angielskiego &#8211; teaser<\/a><\/p>\n<p><a href=\"https:\/\/bialystok.tvp.pl\/27635654\/wielki-test-jezykowy\">TVP 3<\/a><\/p>\n<p>&nbsp;<\/p>\n<p><strong>W 56&nbsp;o\u015brodkach w&nbsp;kraju prawie 5700 Polak\u00f3w napisa\u0142o Wielki Test J\u0119zyka Angielskiego. Najwi\u0119cej os\u00f3b odwa\u017cy\u0142o si\u0119&nbsp;sprawdzi\u0107 swoje umiej\u0119tno\u015bci j\u0119zykowe w&nbsp;Krakowie, Wroc\u0142awiu, Tomaszowie Mazowieckim i\u2026 Bia\u0142ymstok<\/strong>u. Na&nbsp;jakim poziomie Bia\u0142ystok zna&nbsp;angielski? Jak&nbsp;wypada na&nbsp;tle&nbsp;kraju? Dowiedzieli\u015bmy si\u0119&nbsp;w&nbsp;pi\u0105tek, 16&nbsp;grudnia, podczas spotkania podsumowuj\u0105cego Wielki Test J\u0119zyka Angielskiego.<\/p>\n<p><strong>&#8222;Wielki Test J\u0119zyka Angielskiego 2016 pokaza\u0142, \u017ce&nbsp;Polska zna&nbsp;j\u0119zyk angielski na&nbsp;poziomie B1<\/strong>. Jest to&nbsp;poziom samodzielno\u015bci j\u0119zykowej. U\u017cytkownik rozumie i&nbsp;potrafi zinterpretowa\u0107 wi\u0119kszo\u015b\u0107 kierowanych do&nbsp;niego komunikat\u00f3w. Swobodnie, cho\u0107 nie&nbsp;bez&nbsp;b\u0142\u0119d\u00f3w, komunikuje si\u0119&nbsp;np. z&nbsp;obcokrajowcami. Trzeba podkre\u015bli\u0107, \u017ce&nbsp;na&nbsp;tym&nbsp;etapie znajomo\u015bci j\u0119zyka angielskiego bardzo wa\u017cne jest jego systematyczne u\u017cywanie i&nbsp;dalsze doskonalenie&#8221; \u2013&nbsp;informowa\u0142 Wojciech Kuczy\u0144ski, dyrektor ds. marketingu, cz\u0142onek zarz\u0105du Electrum, pomys\u0142odawca Testu.<\/p>\n<p><strong>W Bia\u0142ymstoku Wielki Test J\u0119zyka Angielskiego odby\u0142 si\u0119&nbsp;na&nbsp;Politechnice Bia\u0142ostockiej.<\/strong> To&nbsp;efekt wieloletniej wsp\u00f3\u0142pracy Wydzia\u0142u Elektrycznego i&nbsp;Electrum, firmy kt\u00f3ra koordynuje to&nbsp;og\u00f3lnopolskie wydarzenie edukacyjne.<\/p>\n<p>W&nbsp;niedziel\u0119 20&nbsp;listopada na&nbsp;auli Wydzia\u0142u Elektrycznego do&nbsp;Wielkiego Testu J\u0119zyka Angielskiego na&nbsp;Politechnice Bia\u0142ostockiej przyst\u0105pi\u0142o <strong>ponad&nbsp;200&nbsp;os\u00f3b<\/strong>:<\/p>\n<ul>\n<li>11&nbsp;os\u00f3b w&nbsp;grupie wiekowej 8-12 lat,<\/li>\n<li>31&nbsp;grupie wiekowej 13-17 lat,<\/li>\n<li>169&nbsp;grupie wiekowej 18+.<\/li>\n<\/ul>\n<p>&#8222;Ta frekwencja plasuje nas&nbsp;na&nbsp;czwartym miejscu w&nbsp;Polsce (za&nbsp;Krakowem, Wroc\u0142awiem i&nbsp;Tomaszowem Mazowieckim). W\u015br\u00f3d politechnik, kt\u00f3re wzi\u0119\u0142y udzia\u0142 w&nbsp;Te\u015bcie, jeste\u015bmy natomiast na&nbsp;miejscu pierwszym, zar\u00f3wno pod&nbsp;wzgl\u0119dem frekwencji,&nbsp;jak&nbsp;i&nbsp;osi\u0105gni\u0119tego&nbsp;wyniku&#8221; \u2013&nbsp;informowa\u0142a Prorektor ds. Kszta\u0142cenia i&nbsp;Wsp\u00f3\u0142pracy Mi\u0119dzynarodowej PB&nbsp;dr&nbsp;hab. in\u017c. Marta Kosior-Kazberuk, prof. PB.<\/p>\n<p><strong>U\u015bredniony wynik w&nbsp;skali CEFR dla&nbsp;Bia\u0142egostoku wynosi 69,&nbsp;co&nbsp;oznacza poziom B1+. <\/strong>Warto jednak podkre\u015bli\u0107, \u017ce&nbsp;wyniki osi\u0105gni\u0119te przez&nbsp;poszczeg\u00f3lne grupy wiekowe by\u0142y wy\u017csze. Testy TOEIC w&nbsp;grupie 18+ napisano na&nbsp;poziomie B2&nbsp;(75&nbsp;pkt.), TOEFL Junior \u2013&nbsp;tak\u017ce B2&nbsp;(43&nbsp;pkt.).<\/p>\n<p><strong>Podczas dzisiejszego spotkania gratulacje i&nbsp;certyfikaty odebra\u0142y osoby, kt\u00f3re napisa\u0142y test najlepiej.<\/strong> W&nbsp;grupie 18+ byli to: <strong>Sylwia Jurczak (studentka Wydzia\u0142u Informatyki PB), Katarzyna Radziszewska, dr&nbsp;\u0141ukasz Nazarko (Prodziekan ds.&nbsp;Wsp\u00f3\u0142pracy i&nbsp;Rozwoju Wydzia\u0142u Zarz\u0105dzania PB) i&nbsp;&nbsp;Marcin \u0141ytkowski. Ca\u0142a czw\u00f3rka napisa\u0142a test na&nbsp;99&nbsp;punkt\u00f3w, czyli na&nbsp;poziomie C1+! <\/strong>W grupie wiekowej junior\u00f3w (13-17 lat) najlepiej napisa\u0142a test <strong>Patrycja Markowska lat&nbsp;14&nbsp;(wynik 60&nbsp;pkt., poziom B2+)<\/strong>. <strong>W grupie najm\u0142odszej, 8-12 lat, najlepiej wypad\u0142 Aleksander Iwaniuk lat&nbsp;12.<\/strong><\/p>\n<p>&#8222;Bardzo dzi\u0119kuj\u0119, wszystkim osobom, kt\u00f3re przyczyni\u0142y si\u0119&nbsp;do&nbsp;sprawnego przeprowadzenia Testu na&nbsp;Politechnice. W&nbsp;szczeg\u00f3lno\u015bci mgr&nbsp;Wiolecie Omelianiuk, kierownik Studium J\u0119zyk\u00f3w Obcych i&nbsp;jej&nbsp;wsp\u00f3\u0142pracownikom, kt\u00f3rzy sprawdzali testy i&nbsp;czuwali nad&nbsp;merytoryczn\u0105 stron\u0105 przedsi\u0119wzi\u0119cia. Tak\u017ce pracownikom Wydzia\u0142u Elektrycznego, Prodziekanowi Wojciechowi Trzasce i&nbsp;Magdalenie Rogowskiej \u2013&nbsp;za&nbsp;organizacj\u0119 wydarzenia oraz studentom i&nbsp;doktorantom za&nbsp;przygotowanie imprez towarzysz\u0105cych.&#8221; \u2013&nbsp;m\u00f3wi\u0142 podczas spotkania Dziekan Wydzia\u0142u Elektrycznego dr&nbsp;hab. in\u017c. Miros\u0142aw \u015awiercz, prof. PB. Dziekan poda\u0142 te\u017c&nbsp;wyniki, uczelnianej rywalizacji o&nbsp;tytu\u0142 wydzia\u0142u Politechniki Bia\u0142ostockiej, kt\u00f3ry najlepiej pos\u0142uguje si\u0119&nbsp;j\u0119zykiem angielskim. &#8222;W tej&nbsp;konkurencji zachowali\u015bmy si\u0119&nbsp;jak&nbsp;wzorowy gospodarz, czyli wygrali\u015bmy j\u0105\u2026 Ale&nbsp;trzeba powiedzie\u0107, \u017ce&nbsp;r\u00f3\u017cnica mi\u0119dzy pierwszym i&nbsp;drugim miejscem to&nbsp;0,5 punktu. Gratuluj\u0119 Wydzia\u0142owi Zarz\u0105dzania oraz Wydzia\u0142owi Mechanicznemu znakomitej wiedzy i&nbsp;osi\u0105gni\u0119tych wynik\u00f3w.&#8221;<\/p>\n<p>Dziewi\u0119cioosobowa reprezentacja Wydzia\u0142u Elektrycznego napisa\u0142a test na&nbsp;u\u015bredniony wynik 92&nbsp;punkty, osi\u0105gaj\u0105c poziom C1. Drugie miejsce zaj\u0105\u0142 Wydzia\u0142 Zarz\u0105dzania (reprezentacja licz\u0105ca 9&nbsp;os\u00f3b, \u015brednia 91,4 punkta i&nbsp;poziom C1), trzecie Wydzia\u0142 Mechaniczny (reprezentacja licz\u0105ca 8&nbsp;os\u00f3b, \u015brednia 84,3 punkty i&nbsp;poziom B2+). Gratulacje i&nbsp;pami\u0105tkowe certyfikaty odebrali Prodziekan ds. Nauki Wydzia\u0142u Zarz\u0105dzania dr&nbsp;in\u017c. Katarzyna Halicka oraz Prodziekan ds. Wsp\u00f3\u0142pracy Wydzia\u0142u Mechanicznego dr&nbsp;hab. in\u017c. Zbigniew Kulesza.<\/p>\n<p>Partnerem WTJA jest ETS&nbsp;Global, kt\u00f3ry udost\u0119pni\u0142 20&nbsp;listopada profesjonalne testy b\u0119d\u0105ce podstaw\u0105 uzyskania uznawanych na&nbsp;ca\u0142ym \u015bwiecie certyfikat\u00f3w TOEIC\u00ae i&nbsp;TOEFL Junior\u00ae. Test TOEIC mo\u017cemy by\u0107&nbsp;pomocny przy ubieganiu si\u0119&nbsp;o&nbsp;prac\u0119, cz\u0119sto wymagany te\u017c&nbsp;jest w&nbsp;ramach awansu zawodowego. Natomiast najm\u0142odsi uczestnicy pisali testy j\u0119zykowe u\u0142o\u017cone przez&nbsp;Teddy Eddie.<\/p>\n<p>Wielki Test J\u0119zyka Angielskiego 2016 w&nbsp;Bia\u0142ymstoku odby\u0142 si\u0119&nbsp;pod&nbsp;patronatem Rektora PB. Patronat medialny nad&nbsp;wydarzeniem obj\u0119\u0142a Telewizja Polska Odzia\u0142 Bia\u0142ystok i&nbsp;Radio Akadera.<\/p>\nngg_shortcode_0_placeholder\n","protected":false},"excerpt":{"rendered":"<p>&nbsp; Wielki Test J\u0119zyka Angielskiego &#8211; teaser TVP 3 &nbsp; W 56&nbsp;o\u015brodkach w&nbsp;kraju prawie 5700<\/p>\n","protected":false},"author":6,"featured_media":0,"parent":103,"menu_order":0,"comment_status":"closed","ping_status":"closed","template":"","meta":{"_acf_changed":false,"ngg_post_thumbnail":0,"footnotes":""},"class_list":["post-485","page","type-page","status-publish","hentry"],"acf":[],"yoast_head":"<!-- This site is optimized with the Yoast SEO plugin v27.0 - https:\/\/yoast.com\/product\/yoast-seo-wordpress\/ -->\n<title>Wielki Test J\u0119zyka Angielskiego 2016 - Studium J\u0119zyk\u00f3w Obcych<\/title>\n<meta name=\"description\" content=\"&nbsp; Wielki Test J\u0119zyka Angielskiego - teaser TVP 3 &nbsp; W 56&nbsp;o\u015brodkach w&nbsp;kraju prawie 5700 Polak\u00f3w napisa\u0142o Wielki Test J\u0119zyka\" \/>\n<meta name=\"robots\" content=\"index, follow, max-snippet:-1, max-image-preview:large, max-video-preview:-1\" \/>\n<link rel=\"canonical\" href=\"https:\/\/pb.edu.pl\/sjo\/dla-studenta\/ciekawe-uzyteczne\/konkursy-jezykowe\/wtja-2016\/\" \/>\n<meta property=\"og:locale\" content=\"pl_PL\" \/>\n<meta property=\"og:type\" content=\"article\" \/>\n<meta property=\"og:title\" content=\"Wielki Test J\u0119zyka Angielskiego 2016 - Studium J\u0119zyk\u00f3w Obcych\" \/>\n<meta property=\"og:description\" content=\"&nbsp; Wielki Test J\u0119zyka Angielskiego - teaser TVP 3 &nbsp; W 56&nbsp;o\u015brodkach w&nbsp;kraju prawie 5700 Polak\u00f3w napisa\u0142o Wielki Test J\u0119zyka\" \/>\n<meta property=\"og:url\" content=\"https:\/\/pb.edu.pl\/sjo\/dla-studenta\/ciekawe-uzyteczne\/konkursy-jezykowe\/wtja-2016\/\" \/>\n<meta property=\"og:site_name\" content=\"Studium J\u0119zyk\u00f3w Obcych\" \/>\n<meta property=\"article:modified_time\" content=\"2023-11-24T11:28:42+00:00\" \/>\n<meta property=\"og:image\" content=\"https:\/\/pb.edu.pl\/sjo\/wp-content\/uploads\/sites\/9\/2017\/11\/WTJA2016.jpg\" \/>\n<meta name=\"twitter:label1\" content=\"Szacowany czas czytania\" \/>\n\t<meta name=\"twitter:data1\" content=\"5 minut\" \/>\n<script type=\"application\/ld+json\" class=\"yoast-schema-graph\">{\"@context\":\"https:\/\/schema.org\",\"@graph\":[{\"@type\":\"WebPage\",\"@id\":\"https:\/\/pb.edu.pl\/sjo\/dla-studenta\/ciekawe-uzyteczne\/konkursy-jezykowe\/wtja-2016\/\",\"url\":\"https:\/\/pb.edu.pl\/sjo\/dla-studenta\/ciekawe-uzyteczne\/konkursy-jezykowe\/wtja-2016\/\",\"name\":\"Wielki Test J\u0119zyka Angielskiego 2016 - Studium J\u0119zyk\u00f3w Obcych\",\"isPartOf\":{\"@id\":\"https:\/\/pb.edu.pl\/sjo\/#website\"},\"primaryImageOfPage\":{\"@id\":\"https:\/\/pb.edu.pl\/sjo\/dla-studenta\/ciekawe-uzyteczne\/konkursy-jezykowe\/wtja-2016\/#primaryimage\"},\"image\":{\"@id\":\"https:\/\/pb.edu.pl\/sjo\/dla-studenta\/ciekawe-uzyteczne\/konkursy-jezykowe\/wtja-2016\/#primaryimage\"},\"thumbnailUrl\":\"https:\/\/pb.edu.pl\/sjo\/wp-content\/uploads\/sites\/9\/2017\/11\/WTJA2016.jpg\",\"datePublished\":\"2017-11-28T15:45:06+00:00\",\"dateModified\":\"2023-11-24T11:28:42+00:00\",\"description\":\"&nbsp; Wielki Test J\u0119zyka Angielskiego - teaser TVP 3 &nbsp; W 56&nbsp;o\u015brodkach w&nbsp;kraju prawie 5700 Polak\u00f3w napisa\u0142o Wielki Test J\u0119zyka\",\"breadcrumb\":{\"@id\":\"https:\/\/pb.edu.pl\/sjo\/dla-studenta\/ciekawe-uzyteczne\/konkursy-jezykowe\/wtja-2016\/#breadcrumb\"},\"inLanguage\":\"pl-PL\",\"potentialAction\":[{\"@type\":\"ReadAction\",\"target\":[\"https:\/\/pb.edu.pl\/sjo\/dla-studenta\/ciekawe-uzyteczne\/konkursy-jezykowe\/wtja-2016\/\"]}]},{\"@type\":\"ImageObject\",\"inLanguage\":\"pl-PL\",\"@id\":\"https:\/\/pb.edu.pl\/sjo\/dla-studenta\/ciekawe-uzyteczne\/konkursy-jezykowe\/wtja-2016\/#primaryimage\",\"url\":\"https:\/\/pb.edu.pl\/sjo\/wp-content\/uploads\/sites\/9\/2017\/11\/WTJA2016.jpg\",\"contentUrl\":\"https:\/\/pb.edu.pl\/sjo\/wp-content\/uploads\/sites\/9\/2017\/11\/WTJA2016.jpg\",\"width\":1200,\"height\":412,\"caption\":\"baner - Wielki Test J\u0119zyka Angielskiego\"},{\"@type\":\"BreadcrumbList\",\"@id\":\"https:\/\/pb.edu.pl\/sjo\/dla-studenta\/ciekawe-uzyteczne\/konkursy-jezykowe\/wtja-2016\/#breadcrumb\",\"itemListElement\":[{\"@type\":\"ListItem\",\"position\":1,\"name\":\"Home\",\"item\":\"https:\/\/pb.edu.pl\/sjo\/\"},{\"@type\":\"ListItem\",\"position\":2,\"name\":\"Studiuj\u0119 w PB\",\"item\":\"https:\/\/pb.edu.pl\/sjo\/dla-studenta\/\"},{\"@type\":\"ListItem\",\"position\":3,\"name\":\"Ciekawe i u\u017cyteczne\",\"item\":\"https:\/\/pb.edu.pl\/sjo\/dla-studenta\/ciekawe-uzyteczne\/\"},{\"@type\":\"ListItem\",\"position\":4,\"name\":\"Konkursy j\u0119zykowe\",\"item\":\"https:\/\/pb.edu.pl\/sjo\/dla-studenta\/ciekawe-uzyteczne\/konkursy-jezykowe\/\"},{\"@type\":\"ListItem\",\"position\":5,\"name\":\"Wielki Test J\u0119zyka Angielskiego 2016\"}]},{\"@type\":\"WebSite\",\"@id\":\"https:\/\/pb.edu.pl\/sjo\/#website\",\"url\":\"https:\/\/pb.edu.pl\/sjo\/\",\"name\":\"Studium J\u0119zyk\u00f3w Obcych\",\"description\":\"\",\"potentialAction\":[{\"@type\":\"SearchAction\",\"target\":{\"@type\":\"EntryPoint\",\"urlTemplate\":\"https:\/\/pb.edu.pl\/sjo\/?s={search_term_string}\"},\"query-input\":{\"@type\":\"PropertyValueSpecification\",\"valueRequired\":true,\"valueName\":\"search_term_string\"}}],\"inLanguage\":\"pl-PL\"}]}<\/script>\n<!-- \/ Yoast SEO plugin. -->","yoast_head_json":{"title":"Wielki Test J\u0119zyka Angielskiego 2016 - Studium J\u0119zyk\u00f3w Obcych","description":"&nbsp; Wielki Test J\u0119zyka Angielskiego - teaser TVP 3 &nbsp; W 56&nbsp;o\u015brodkach w&nbsp;kraju prawie 5700 Polak\u00f3w napisa\u0142o Wielki Test J\u0119zyka","robots":{"index":"index","follow":"follow","max-snippet":"max-snippet:-1","max-image-preview":"max-image-preview:large","max-video-preview":"max-video-preview:-1"},"canonical":"https:\/\/pb.edu.pl\/sjo\/dla-studenta\/ciekawe-uzyteczne\/konkursy-jezykowe\/wtja-2016\/","og_locale":"pl_PL","og_type":"article","og_title":"Wielki Test J\u0119zyka Angielskiego 2016 - Studium J\u0119zyk\u00f3w Obcych","og_description":"&nbsp; Wielki Test J\u0119zyka Angielskiego - teaser TVP 3 &nbsp; W 56&nbsp;o\u015brodkach w&nbsp;kraju prawie 5700 Polak\u00f3w napisa\u0142o Wielki Test J\u0119zyka","og_url":"https:\/\/pb.edu.pl\/sjo\/dla-studenta\/ciekawe-uzyteczne\/konkursy-jezykowe\/wtja-2016\/","og_site_name":"Studium J\u0119zyk\u00f3w Obcych","article_modified_time":"2023-11-24T11:28:42+00:00","og_image":[{"url":"https:\/\/pb.edu.pl\/sjo\/wp-content\/uploads\/sites\/9\/2017\/11\/WTJA2016.jpg","type":"","width":"","height":""}],"twitter_misc":{"Szacowany czas czytania":"5 minut"},"schema":{"@context":"https:\/\/schema.org","@graph":[{"@type":"WebPage","@id":"https:\/\/pb.edu.pl\/sjo\/dla-studenta\/ciekawe-uzyteczne\/konkursy-jezykowe\/wtja-2016\/","url":"https:\/\/pb.edu.pl\/sjo\/dla-studenta\/ciekawe-uzyteczne\/konkursy-jezykowe\/wtja-2016\/","name":"Wielki Test J\u0119zyka Angielskiego 2016 - Studium J\u0119zyk\u00f3w Obcych","isPartOf":{"@id":"https:\/\/pb.edu.pl\/sjo\/#website"},"primaryImageOfPage":{"@id":"https:\/\/pb.edu.pl\/sjo\/dla-studenta\/ciekawe-uzyteczne\/konkursy-jezykowe\/wtja-2016\/#primaryimage"},"image":{"@id":"https:\/\/pb.edu.pl\/sjo\/dla-studenta\/ciekawe-uzyteczne\/konkursy-jezykowe\/wtja-2016\/#primaryimage"},"thumbnailUrl":"https:\/\/pb.edu.pl\/sjo\/wp-content\/uploads\/sites\/9\/2017\/11\/WTJA2016.jpg","datePublished":"2017-11-28T15:45:06+00:00","dateModified":"2023-11-24T11:28:42+00:00","description":"&nbsp; Wielki Test J\u0119zyka Angielskiego - teaser TVP 3 &nbsp; W 56&nbsp;o\u015brodkach w&nbsp;kraju prawie 5700 Polak\u00f3w napisa\u0142o Wielki Test J\u0119zyka","breadcrumb":{"@id":"https:\/\/pb.edu.pl\/sjo\/dla-studenta\/ciekawe-uzyteczne\/konkursy-jezykowe\/wtja-2016\/#breadcrumb"},"inLanguage":"pl-PL","potentialAction":[{"@type":"ReadAction","target":["https:\/\/pb.edu.pl\/sjo\/dla-studenta\/ciekawe-uzyteczne\/konkursy-jezykowe\/wtja-2016\/"]}]},{"@type":"ImageObject","inLanguage":"pl-PL","@id":"https:\/\/pb.edu.pl\/sjo\/dla-studenta\/ciekawe-uzyteczne\/konkursy-jezykowe\/wtja-2016\/#primaryimage","url":"https:\/\/pb.edu.pl\/sjo\/wp-content\/uploads\/sites\/9\/2017\/11\/WTJA2016.jpg","contentUrl":"https:\/\/pb.edu.pl\/sjo\/wp-content\/uploads\/sites\/9\/2017\/11\/WTJA2016.jpg","width":1200,"height":412,"caption":"baner - Wielki Test J\u0119zyka Angielskiego"},{"@type":"BreadcrumbList","@id":"https:\/\/pb.edu.pl\/sjo\/dla-studenta\/ciekawe-uzyteczne\/konkursy-jezykowe\/wtja-2016\/#breadcrumb","itemListElement":[{"@type":"ListItem","position":1,"name":"Home","item":"https:\/\/pb.edu.pl\/sjo\/"},{"@type":"ListItem","position":2,"name":"Studiuj\u0119 w PB","item":"https:\/\/pb.edu.pl\/sjo\/dla-studenta\/"},{"@type":"ListItem","position":3,"name":"Ciekawe i u\u017cyteczne","item":"https:\/\/pb.edu.pl\/sjo\/dla-studenta\/ciekawe-uzyteczne\/"},{"@type":"ListItem","position":4,"name":"Konkursy j\u0119zykowe","item":"https:\/\/pb.edu.pl\/sjo\/dla-studenta\/ciekawe-uzyteczne\/konkursy-jezykowe\/"},{"@type":"ListItem","position":5,"name":"Wielki Test J\u0119zyka Angielskiego 2016"}]},{"@type":"WebSite","@id":"https:\/\/pb.edu.pl\/sjo\/#website","url":"https:\/\/pb.edu.pl\/sjo\/","name":"Studium J\u0119zyk\u00f3w Obcych","description":"","potentialAction":[{"@type":"SearchAction","target":{"@type":"EntryPoint","urlTemplate":"https:\/\/pb.edu.pl\/sjo\/?s={search_term_string}"},"query-input":{"@type":"PropertyValueSpecification","valueRequired":true,"valueName":"search_term_string"}}],"inLanguage":"pl-PL"}]}},"_links":{"self":[{"href":"https:\/\/pb.edu.pl\/sjo\/wp-json\/wp\/v2\/pages\/485","targetHints":{"allow":["GET"]}}],"collection":[{"href":"https:\/\/pb.edu.pl\/sjo\/wp-json\/wp\/v2\/pages"}],"about":[{"href":"https:\/\/pb.edu.pl\/sjo\/wp-json\/wp\/v2\/types\/page"}],"author":[{"embeddable":true,"href":"https:\/\/pb.edu.pl\/sjo\/wp-json\/wp\/v2\/users\/6"}],"replies":[{"embeddable":true,"href":"https:\/\/pb.edu.pl\/sjo\/wp-json\/wp\/v2\/comments?post=485"}],"version-history":[{"count":0,"href":"https:\/\/pb.edu.pl\/sjo\/wp-json\/wp\/v2\/pages\/485\/revisions"}],"up":[{"embeddable":true,"href":"https:\/\/pb.edu.pl\/sjo\/wp-json\/wp\/v2\/pages\/103"}],"wp:attachment":[{"href":"https:\/\/pb.edu.pl\/sjo\/wp-json\/wp\/v2\/media?parent=485"}],"curies":[{"name":"wp","href":"https:\/\/api.w.org\/{rel}","templated":true}]}}