{"id":31483,"date":"2026-04-30T09:02:42","date_gmt":"2026-04-30T07:02:42","guid":{"rendered":"https:\/\/pb.edu.pl\/sjo\/?page_id=31483"},"modified":"2026-04-30T09:05:39","modified_gmt":"2026-04-30T07:05:39","slug":"konkurs-a-story-in-one-moment-glosowanie-na-nagrode-publicznosci","status":"publish","type":"page","link":"https:\/\/pb.edu.pl\/sjo\/wydarzenia-sjo\/konkurs-fotograficzno-jezykowy-a-story-in-one-moment\/konkurs-a-story-in-one-moment-glosowanie-na-nagrode-publicznosci\/","title":{"rendered":"\u201eA story in one moment\u201d &#8211; g\u0142osowanie na Nagrod\u0119 Publiczno\u015bci \/ Public Award vote"},"content":{"rendered":"<section class=\"text-token-text-primary w-full focus:outline-none [--shadow-height:45px] has-data-writing-block:pointer-events-none has-data-writing-block:-mt-(--shadow-height) has-data-writing-block:pt-(--shadow-height) [&amp;:has([data-writing-block])&gt;*]:pointer-events-auto R6Vx5W_threadScrollVars scroll-mb-[calc(var(--scroll-root-safe-area-inset-bottom,0px)+var(--thread-response-height))] scroll-mt-(--header-height)\" dir=\"auto\" data-turn-id=\"aaf06380-681b-4004-bcd5-6e84e7904c18\" data-testid=\"conversation-turn-51\" data-scroll-anchor=\"false\" data-turn=\"user\"><\/section>\n<section class=\"text-token-text-primary w-full focus:outline-none [--shadow-height:45px] has-data-writing-block:pointer-events-none has-data-writing-block:-mt-(--shadow-height) has-data-writing-block:pt-(--shadow-height) [&amp;:has([data-writing-block])&gt;*]:pointer-events-auto [content-visibility:auto] supports-[content-visibility:auto]:[contain-intrinsic-size:auto_100lvh] R6Vx5W_threadScrollVars scroll-mb-[calc(var(--scroll-root-safe-area-inset-bottom,0px)+var(--thread-response-height))] scroll-mt-[calc(var(--header-height)+min(200px,max(70px,20svh)))]\" dir=\"auto\" data-turn-id=\"request-69c128f1-8dc0-832c-9343-f12e69569d9f-18\" data-testid=\"conversation-turn-52\" data-scroll-anchor=\"false\" data-turn=\"assistant\">\n<div class=\"text-base my-auto mx-auto pb-10 [--thread-content-margin:var(--thread-content-margin-xs,calc(var(--spacing)*4))] @w-sm\/main:[--thread-content-margin:var(--thread-content-margin-sm,calc(var(--spacing)*6))] @w-lg\/main:[--thread-content-margin:var(--thread-content-margin-lg,calc(var(--spacing)*16))] px-(--thread-content-margin)\">\n<div class=\"[--thread-content-max-width:40rem] @w-lg\/main:[--thread-content-max-width:48rem] mx-auto max-w-(--thread-content-max-width) flex-1 group\/turn-messages focus-visible:outline-hidden relative flex w-full min-w-0 flex-col agent-turn\">\n<div class=\"flex max-w-full flex-col gap-4 grow\">\n<div class=\"min-h-8 text-message relative flex w-full flex-col items-end gap-2 text-start break-words whitespace-normal outline-none keyboard-focused:focus-ring [.text-message+&amp;]:mt-1\" dir=\"auto\" data-message-author-role=\"assistant\" data-message-id=\"5a830b4a-a7fc-4407-8d71-908c13146b6f\" data-message-model-slug=\"gpt-5-3\" data-turn-start-message=\"true\">\n<div class=\"flex w-full flex-col gap-1 empty:hidden\">\n<div class=\"markdown prose dark:prose-invert w-full wrap-break-word light markdown-new-styling\">\n<h2 data-section-id=\"u8vxw3\" data-start=\"0\" data-end=\"21\">\ud83c\uddf5\ud83c\uddf1 G\u0142osowanie<\/h2>\n<p data-start=\"23\" data-end=\"310\">Poni\u017cej prezentujemy wszystkie prace nades\u0142ane do 5. edycji konkursu fotograficzno-j\u0119zykowego \u201eA story in one moment\u201d wraz z opisami przygotowanymi przez uczestnik\u00f3w. Zach\u0119camy do zapoznania si\u0119 z galeri\u0105 i oddania g\u0142osu na swoj\u0105 ulubion\u0105 fotografi\u0119 w g\u0142osowaniu na Nagrod\u0119 Publiczno\u015bci.<\/p>\n<p data-start=\"312\" data-end=\"359\">\u27a1\ufe0f <strong>Formularz do g\u0142osowania dost\u0119pny jest <a href=\"https:\/\/forms.cloud.microsoft\/e\/S40kzCuijR\">tutaj<\/a>. G\u0142osowanie wymaga zalogowania si\u0119 kontem uczelnianym Office365.<\/strong><\/p>\n<p data-start=\"361\" data-end=\"422\">Przypominamy, \u017ce ka\u017cdy uczestnik mo\u017ce odda\u0107 tylko jeden g\u0142os.<\/p>\n<p data-start=\"424\" data-end=\"501\">G\u0142osowanie trwa do 7 maja 2026 r., a wyniki zostan\u0105 og\u0142oszone 12 maja 2026 r.<\/p>\n<hr data-start=\"503\" data-end=\"506\">\n<h2 data-section-id=\"iecoqu\" data-start=\"508\" data-end=\"531\">\ud83c\uddec\ud83c\udde7 Voting<\/h2>\n<p data-start=\"533\" data-end=\"813\">Below you can find all entries submitted to the 5th edition of the photography and language contest \u201cA story in one moment\u201d, together with descriptions prepared by the participants. We encourage you to browse the gallery and vote for your favourite photo in the Public Award vote.<\/p>\n<p data-start=\"815\" data-end=\"852\">\u27a1\ufe0f <strong>The voting form is available <a title=\"\" href=\"https:\/\/forms.cloud.microsoft\/e\/S40kzCuijR\">here<\/a>. Voting requires signing in with a university Office 365 account.<\/strong><\/p>\n<p data-start=\"854\" data-end=\"911\">Please note that each participant may cast only one vote. Voting requires signing in with a university Office 365 account.<\/p>\n<p data-start=\"913\" data-end=\"995\" data-is-last-node=\"\" data-is-only-node=\"\">Voting is open until 7 May 2026, and the results will be announced on 12 May 2026.<\/p>\n<\/div>\n<\/div>\n<\/div>\n<\/div>\n<\/div>\n<\/div>\n<\/section>\nngg_shortcode_0_placeholder\n","protected":false},"excerpt":{"rendered":"<p>\ud83c\uddf5\ud83c\uddf1 G\u0142osowanie Poni\u017cej prezentujemy wszystkie prace nades\u0142ane do 5. edycji konkursu fotograficzno-j\u0119zykowego \u201eA story in<\/p>\n","protected":false},"author":132,"featured_media":0,"parent":31118,"menu_order":0,"comment_status":"closed","ping_status":"closed","template":"","meta":{"_acf_changed":false,"ngg_post_thumbnail":0,"footnotes":""},"class_list":["post-31483","page","type-page","status-publish","hentry"],"acf":[],"yoast_head":"<!-- This site is optimized with the Yoast SEO plugin v27.0 - https:\/\/yoast.com\/product\/yoast-seo-wordpress\/ -->\n<title>\u201eA story in one moment\u201d - g\u0142osowanie na Nagrod\u0119 Publiczno\u015bci \/ Public Award vote - Studium J\u0119zyk\u00f3w Obcych<\/title>\n<meta name=\"description\" content=\"\ud83c\uddf5\ud83c\uddf1 G\u0142osowanie Poni\u017cej prezentujemy wszystkie prace nades\u0142ane do 5. edycji konkursu fotograficzno-j\u0119zykowego \u201eA story in one moment\u201d wraz z opisami\" \/>\n<meta name=\"robots\" content=\"index, follow, max-snippet:-1, max-image-preview:large, max-video-preview:-1\" \/>\n<link rel=\"canonical\" href=\"https:\/\/pb.edu.pl\/sjo\/wydarzenia-sjo\/konkurs-fotograficzno-jezykowy-a-story-in-one-moment\/konkurs-a-story-in-one-moment-glosowanie-na-nagrode-publicznosci\/\" \/>\n<meta property=\"og:locale\" content=\"pl_PL\" \/>\n<meta property=\"og:type\" content=\"article\" \/>\n<meta property=\"og:title\" content=\"\u201eA story in one moment\u201d - g\u0142osowanie na Nagrod\u0119 Publiczno\u015bci \/ Public Award vote - Studium J\u0119zyk\u00f3w Obcych\" \/>\n<meta property=\"og:description\" content=\"\ud83c\uddf5\ud83c\uddf1 G\u0142osowanie Poni\u017cej prezentujemy wszystkie prace nades\u0142ane do 5. edycji konkursu fotograficzno-j\u0119zykowego \u201eA story in one moment\u201d wraz z opisami\" \/>\n<meta property=\"og:url\" content=\"https:\/\/pb.edu.pl\/sjo\/wydarzenia-sjo\/konkurs-fotograficzno-jezykowy-a-story-in-one-moment\/konkurs-a-story-in-one-moment-glosowanie-na-nagrode-publicznosci\/\" \/>\n<meta property=\"og:site_name\" content=\"Studium J\u0119zyk\u00f3w Obcych\" \/>\n<meta property=\"article:modified_time\" content=\"2026-04-30T07:05:39+00:00\" \/>\n<meta name=\"twitter:label1\" content=\"Szacowany czas czytania\" \/>\n\t<meta name=\"twitter:data1\" content=\"2 minuty\" \/>\n<script type=\"application\/ld+json\" class=\"yoast-schema-graph\">{\"@context\":\"https:\/\/schema.org\",\"@graph\":[{\"@type\":\"WebPage\",\"@id\":\"https:\/\/pb.edu.pl\/sjo\/wydarzenia-sjo\/konkurs-fotograficzno-jezykowy-a-story-in-one-moment\/konkurs-a-story-in-one-moment-glosowanie-na-nagrode-publicznosci\/\",\"url\":\"https:\/\/pb.edu.pl\/sjo\/wydarzenia-sjo\/konkurs-fotograficzno-jezykowy-a-story-in-one-moment\/konkurs-a-story-in-one-moment-glosowanie-na-nagrode-publicznosci\/\",\"name\":\"\u201eA story in one moment\u201d - g\u0142osowanie na Nagrod\u0119 Publiczno\u015bci \/ Public Award vote - Studium J\u0119zyk\u00f3w Obcych\",\"isPartOf\":{\"@id\":\"https:\/\/pb.edu.pl\/sjo\/#website\"},\"datePublished\":\"2026-04-30T07:02:42+00:00\",\"dateModified\":\"2026-04-30T07:05:39+00:00\",\"description\":\"\ud83c\uddf5\ud83c\uddf1 G\u0142osowanie Poni\u017cej prezentujemy wszystkie prace nades\u0142ane do 5. edycji konkursu fotograficzno-j\u0119zykowego \u201eA story in one moment\u201d wraz z opisami\",\"breadcrumb\":{\"@id\":\"https:\/\/pb.edu.pl\/sjo\/wydarzenia-sjo\/konkurs-fotograficzno-jezykowy-a-story-in-one-moment\/konkurs-a-story-in-one-moment-glosowanie-na-nagrode-publicznosci\/#breadcrumb\"},\"inLanguage\":\"pl-PL\",\"potentialAction\":[{\"@type\":\"ReadAction\",\"target\":[\"https:\/\/pb.edu.pl\/sjo\/wydarzenia-sjo\/konkurs-fotograficzno-jezykowy-a-story-in-one-moment\/konkurs-a-story-in-one-moment-glosowanie-na-nagrode-publicznosci\/\"]}]},{\"@type\":\"BreadcrumbList\",\"@id\":\"https:\/\/pb.edu.pl\/sjo\/wydarzenia-sjo\/konkurs-fotograficzno-jezykowy-a-story-in-one-moment\/konkurs-a-story-in-one-moment-glosowanie-na-nagrode-publicznosci\/#breadcrumb\",\"itemListElement\":[{\"@type\":\"ListItem\",\"position\":1,\"name\":\"Home\",\"item\":\"https:\/\/pb.edu.pl\/sjo\/\"},{\"@type\":\"ListItem\",\"position\":2,\"name\":\"Wydarzenia SJO\",\"item\":\"https:\/\/pb.edu.pl\/sjo\/wydarzenia-sjo\/\"},{\"@type\":\"ListItem\",\"position\":3,\"name\":\"Konkurs fotograficzno-j\u0119zykowy 'A story in one moment\u2019\",\"item\":\"https:\/\/pb.edu.pl\/sjo\/wydarzenia-sjo\/konkurs-fotograficzno-jezykowy-a-story-in-one-moment\/\"},{\"@type\":\"ListItem\",\"position\":4,\"name\":\"\u201eA story in one moment\u201d &#8211; g\u0142osowanie na Nagrod\u0119 Publiczno\u015bci \/ Public Award vote\"}]},{\"@type\":\"WebSite\",\"@id\":\"https:\/\/pb.edu.pl\/sjo\/#website\",\"url\":\"https:\/\/pb.edu.pl\/sjo\/\",\"name\":\"Studium J\u0119zyk\u00f3w Obcych\",\"description\":\"\",\"potentialAction\":[{\"@type\":\"SearchAction\",\"target\":{\"@type\":\"EntryPoint\",\"urlTemplate\":\"https:\/\/pb.edu.pl\/sjo\/?s={search_term_string}\"},\"query-input\":{\"@type\":\"PropertyValueSpecification\",\"valueRequired\":true,\"valueName\":\"search_term_string\"}}],\"inLanguage\":\"pl-PL\"}]}<\/script>\n<!-- \/ Yoast SEO plugin. -->","yoast_head_json":{"title":"\u201eA story in one moment\u201d - g\u0142osowanie na Nagrod\u0119 Publiczno\u015bci \/ Public Award vote - Studium J\u0119zyk\u00f3w Obcych","description":"\ud83c\uddf5\ud83c\uddf1 G\u0142osowanie Poni\u017cej prezentujemy wszystkie prace nades\u0142ane do 5. edycji konkursu fotograficzno-j\u0119zykowego \u201eA story in one moment\u201d wraz z opisami","robots":{"index":"index","follow":"follow","max-snippet":"max-snippet:-1","max-image-preview":"max-image-preview:large","max-video-preview":"max-video-preview:-1"},"canonical":"https:\/\/pb.edu.pl\/sjo\/wydarzenia-sjo\/konkurs-fotograficzno-jezykowy-a-story-in-one-moment\/konkurs-a-story-in-one-moment-glosowanie-na-nagrode-publicznosci\/","og_locale":"pl_PL","og_type":"article","og_title":"\u201eA story in one moment\u201d - g\u0142osowanie na Nagrod\u0119 Publiczno\u015bci \/ Public Award vote - Studium J\u0119zyk\u00f3w Obcych","og_description":"\ud83c\uddf5\ud83c\uddf1 G\u0142osowanie Poni\u017cej prezentujemy wszystkie prace nades\u0142ane do 5. edycji konkursu fotograficzno-j\u0119zykowego \u201eA story in one moment\u201d wraz z opisami","og_url":"https:\/\/pb.edu.pl\/sjo\/wydarzenia-sjo\/konkurs-fotograficzno-jezykowy-a-story-in-one-moment\/konkurs-a-story-in-one-moment-glosowanie-na-nagrode-publicznosci\/","og_site_name":"Studium J\u0119zyk\u00f3w Obcych","article_modified_time":"2026-04-30T07:05:39+00:00","twitter_misc":{"Szacowany czas czytania":"2 minuty"},"schema":{"@context":"https:\/\/schema.org","@graph":[{"@type":"WebPage","@id":"https:\/\/pb.edu.pl\/sjo\/wydarzenia-sjo\/konkurs-fotograficzno-jezykowy-a-story-in-one-moment\/konkurs-a-story-in-one-moment-glosowanie-na-nagrode-publicznosci\/","url":"https:\/\/pb.edu.pl\/sjo\/wydarzenia-sjo\/konkurs-fotograficzno-jezykowy-a-story-in-one-moment\/konkurs-a-story-in-one-moment-glosowanie-na-nagrode-publicznosci\/","name":"\u201eA story in one moment\u201d - g\u0142osowanie na Nagrod\u0119 Publiczno\u015bci \/ Public Award vote - Studium J\u0119zyk\u00f3w Obcych","isPartOf":{"@id":"https:\/\/pb.edu.pl\/sjo\/#website"},"datePublished":"2026-04-30T07:02:42+00:00","dateModified":"2026-04-30T07:05:39+00:00","description":"\ud83c\uddf5\ud83c\uddf1 G\u0142osowanie Poni\u017cej prezentujemy wszystkie prace nades\u0142ane do 5. edycji konkursu fotograficzno-j\u0119zykowego \u201eA story in one moment\u201d wraz z opisami","breadcrumb":{"@id":"https:\/\/pb.edu.pl\/sjo\/wydarzenia-sjo\/konkurs-fotograficzno-jezykowy-a-story-in-one-moment\/konkurs-a-story-in-one-moment-glosowanie-na-nagrode-publicznosci\/#breadcrumb"},"inLanguage":"pl-PL","potentialAction":[{"@type":"ReadAction","target":["https:\/\/pb.edu.pl\/sjo\/wydarzenia-sjo\/konkurs-fotograficzno-jezykowy-a-story-in-one-moment\/konkurs-a-story-in-one-moment-glosowanie-na-nagrode-publicznosci\/"]}]},{"@type":"BreadcrumbList","@id":"https:\/\/pb.edu.pl\/sjo\/wydarzenia-sjo\/konkurs-fotograficzno-jezykowy-a-story-in-one-moment\/konkurs-a-story-in-one-moment-glosowanie-na-nagrode-publicznosci\/#breadcrumb","itemListElement":[{"@type":"ListItem","position":1,"name":"Home","item":"https:\/\/pb.edu.pl\/sjo\/"},{"@type":"ListItem","position":2,"name":"Wydarzenia SJO","item":"https:\/\/pb.edu.pl\/sjo\/wydarzenia-sjo\/"},{"@type":"ListItem","position":3,"name":"Konkurs fotograficzno-j\u0119zykowy 'A story in one moment\u2019","item":"https:\/\/pb.edu.pl\/sjo\/wydarzenia-sjo\/konkurs-fotograficzno-jezykowy-a-story-in-one-moment\/"},{"@type":"ListItem","position":4,"name":"\u201eA story in one moment\u201d &#8211; g\u0142osowanie na Nagrod\u0119 Publiczno\u015bci \/ Public Award vote"}]},{"@type":"WebSite","@id":"https:\/\/pb.edu.pl\/sjo\/#website","url":"https:\/\/pb.edu.pl\/sjo\/","name":"Studium J\u0119zyk\u00f3w Obcych","description":"","potentialAction":[{"@type":"SearchAction","target":{"@type":"EntryPoint","urlTemplate":"https:\/\/pb.edu.pl\/sjo\/?s={search_term_string}"},"query-input":{"@type":"PropertyValueSpecification","valueRequired":true,"valueName":"search_term_string"}}],"inLanguage":"pl-PL"}]}},"_links":{"self":[{"href":"https:\/\/pb.edu.pl\/sjo\/wp-json\/wp\/v2\/pages\/31483","targetHints":{"allow":["GET"]}}],"collection":[{"href":"https:\/\/pb.edu.pl\/sjo\/wp-json\/wp\/v2\/pages"}],"about":[{"href":"https:\/\/pb.edu.pl\/sjo\/wp-json\/wp\/v2\/types\/page"}],"author":[{"embeddable":true,"href":"https:\/\/pb.edu.pl\/sjo\/wp-json\/wp\/v2\/users\/132"}],"replies":[{"embeddable":true,"href":"https:\/\/pb.edu.pl\/sjo\/wp-json\/wp\/v2\/comments?post=31483"}],"version-history":[{"count":4,"href":"https:\/\/pb.edu.pl\/sjo\/wp-json\/wp\/v2\/pages\/31483\/revisions"}],"predecessor-version":[{"id":31634,"href":"https:\/\/pb.edu.pl\/sjo\/wp-json\/wp\/v2\/pages\/31483\/revisions\/31634"}],"up":[{"embeddable":true,"href":"https:\/\/pb.edu.pl\/sjo\/wp-json\/wp\/v2\/pages\/31118"}],"wp:attachment":[{"href":"https:\/\/pb.edu.pl\/sjo\/wp-json\/wp\/v2\/media?parent=31483"}],"curies":[{"name":"wp","href":"https:\/\/api.w.org\/{rel}","templated":true}]}}