{"id":25722,"date":"2024-05-02T02:42:25","date_gmt":"2024-05-02T00:42:25","guid":{"rendered":"https:\/\/pb.edu.pl\/sjo\/?page_id=25722"},"modified":"2024-07-10T18:44:10","modified_gmt":"2024-07-10T16:44:10","slug":"konstytucja-trzeciego-maja","status":"publish","type":"page","link":"https:\/\/pb.edu.pl\/sjo\/polish-lab\/czy-wiecie-ze\/konstytucja-trzeciego-maja\/","title":{"rendered":"Konstytucja 3 Maja"},"content":{"rendered":"<p>&nbsp;<\/p>\n<p><span style=\"font-family: verdana, geneva, sans-serif;font-size: 12pt\"><strong><img loading=\"lazy\" decoding=\"async\" class=\"wp-image-25747 alignright\" src=\"https:\/\/pb.edu.pl\/sjo\/wp-content\/uploads\/sites\/9\/2024\/05\/Konstytucji_3_maja_Sala_Senatorska_Zamku_Krolewskiego_w_Warszawie-1-scaled-e1714614944698-300x203.jpeg\" alt=\"\" width=\"336\" height=\"228\" srcset=\"https:\/\/pb.edu.pl\/sjo\/wp-content\/uploads\/sites\/9\/2024\/05\/Konstytucji_3_maja_Sala_Senatorska_Zamku_Krolewskiego_w_Warszawie-1-scaled-e1714614944698-300x203.jpeg 300w, https:\/\/pb.edu.pl\/sjo\/wp-content\/uploads\/sites\/9\/2024\/05\/Konstytucji_3_maja_Sala_Senatorska_Zamku_Krolewskiego_w_Warszawie-1-scaled-e1714614944698-1024x691.jpeg 1024w, https:\/\/pb.edu.pl\/sjo\/wp-content\/uploads\/sites\/9\/2024\/05\/Konstytucji_3_maja_Sala_Senatorska_Zamku_Krolewskiego_w_Warszawie-1-scaled-e1714614944698-768x518.jpeg 768w, https:\/\/pb.edu.pl\/sjo\/wp-content\/uploads\/sites\/9\/2024\/05\/Konstytucji_3_maja_Sala_Senatorska_Zamku_Krolewskiego_w_Warszawie-1-scaled-e1714614944698-1536x1037.jpeg 1536w, https:\/\/pb.edu.pl\/sjo\/wp-content\/uploads\/sites\/9\/2024\/05\/Konstytucji_3_maja_Sala_Senatorska_Zamku_Krolewskiego_w_Warszawie-1-scaled-e1714614944698-2048x1382.jpeg 2048w\" sizes=\"auto, (max-width: 336px) 100vw, 336px\" \/><\/strong>3 maja to wyj\u0105tkowo wa\u017cny dzie\u0144 w kalendarium polskich \u015bwi\u0105t narodowych. To w\u0142a\u015bnie <strong>3 maja 1791 roku&nbsp; zosta\u0142a uchwalona <\/strong><\/span><span style=\"font-family: verdana, geneva, sans-serif;font-size: 12pt\"><strong>Konstytucja<\/strong> &#8211;<\/span><span style=\"font-family: verdana, geneva, sans-serif;font-size: 12pt\">prze\u0142omowy <\/span><span style=\"font-family: verdana, geneva, sans-serif;font-size: 12pt\">akt reguluj\u0105cy ustr\u00f3j prawny Rzeczypospolitej Obojga Narod\u00f3w. By\u0142a to pierwsza konstytucja w Europie i druga na \u015bwiecie. Jej uchwalenie jest dzi\u015b uwa\u017cane za jedno z najwa\u017cniejszych wydarze\u0144 w historii Polski.<\/span><\/p>\n<p><span style=\"font-family: verdana, geneva, sans-serif;font-size: 12pt\">Przyj\u0119ta na Sejmie Wielkim (Czteroletnim) ustawa, by\u0142a niezwykle post\u0119powa; da\u0142a podstaw\u0119 nowoczesnej konstrukcji ustrojowej zawart\u0105 w s\u0142owach: \u201e<em>wszelka w\u0142adza w spo\u0142eczno\u015bci ludzkiej pocz\u0105tek sw\u00f3j bierze z woli narodu<\/em>\u201d.<\/span><\/p>\n<p><span style=\"font-family: verdana, geneva, sans-serif;font-size: 12pt\"><strong>Konstytucja 3 maja, <\/strong>uchwalona \u201e<em>dla dobra powszechnego, dla ugruntowania wolno\u015bci, dla ocalenia Ojczyzny naszej i jej granic<\/em>\u201d, wprowadza\u0142a szereg niebywale nowatorskich \u2014 jak na owe czasy \u2014 rozwi\u0105za\u0144. W jedenastu artyku\u0142ach opisywa\u0142a zasady funkcjonowania spo\u0142ecze\u0144stwa i pa\u0144stwa: ustr\u00f3j monarchii konstytucyjnej z siln\u0105 w\u0142adz\u0105 przedstawicielsk\u0105, tr\u00f3jpodzia\u0142 w\u0142adzy na prawodawcz\u0105, wykonawcz\u0105 i s\u0105downicz\u0105, prze\u0142omowe zmiany w zakresie parlamentaryzmu, w tym przyjmowanie wszelkich uchwa\u0142 zwyk\u0142\u0105 wi\u0119kszo\u015bci\u0105 g\u0142os\u00f3w, a nie jednomy\u015blnie.<\/span><\/p>\n<p><span style=\"font-family: verdana, geneva, sans-serif;font-size: 12pt\">Cho\u0107 <strong>Konstytucja<\/strong> obowi\u0105zywa\u0142a jedynie przez 14 miesi\u0119cy, by\u0142a wielkim osi\u0105gni\u0119ciem narodu polskiego pragn\u0105cego zachowa\u0107 niezale\u017cno\u015b\u0107 pa\u0144stwow\u0105 oraz zapewni\u0107 rozw\u00f3j gospodarczy i polityczny swojego pa\u0144stwa. Pa\u0144stwa bardzo os\u0142abionego politycznie i ekonomicznie, kt\u00f3re w 1772 roku do\u015bwiadczy\u0142o &nbsp;pierwszego rozbioru przeprowadzonego przez Prusy, Austri\u0119 i Rosj\u0119.<\/span><\/p>\n<p><span style=\"font-family: verdana, geneva, sans-serif;font-size: 12pt\">Orygina\u0142 r\u0119kopi\u015bmienny <strong>Konstytucji 3 maja<\/strong> pocz\u0105tkowo by\u0142 przechowywany w Wilanowie w zbiorach zgromadzonych przez Stanis\u0142awa Kostk\u0119 Potockiego, uczestnika obrad Sejmu Czteroletniego, nast\u0119pnie przez d\u0142ugie lata w podkrakowskich Krzeszowicach. Po 1945 roku powr\u00f3ci\u0142 do Warszawy do Archiwum G\u0142\u00f3wnym Akt Dawnych. Od czasu do czasu jest wystawiany do ogl\u0105dania w Pa\u0142acu Prezydenckim lub na Zamku Kr\u00f3lewskim.<br \/>\n<\/span><\/p>\n<p>&nbsp;<\/p>\n<div id='gallery-1' class='gallery galleryid-25722 gallery-columns-3 gallery-size-medium'><figure class='gallery-item'>\n\t\t\t<div class='gallery-icon portrait'>\n\t\t\t\t<a href='https:\/\/pb.edu.pl\/sjo\/polish-lab\/czy-wiecie-ze\/konstytucja-trzeciego-maja\/constitution_of_the_3rd_may_1791-2\/'><img loading=\"lazy\" decoding=\"async\" width=\"199\" height=\"300\" src=\"https:\/\/pb.edu.pl\/sjo\/wp-content\/uploads\/sites\/9\/2024\/05\/Constitution_of_the_3rd_May_1791-1-scaled-e1714615394637-199x300.jpeg\" class=\"attachment-medium size-medium\" alt=\"\" aria-describedby=\"gallery-1-25749\" srcset=\"https:\/\/pb.edu.pl\/sjo\/wp-content\/uploads\/sites\/9\/2024\/05\/Constitution_of_the_3rd_May_1791-1-scaled-e1714615394637-199x300.jpeg 199w, https:\/\/pb.edu.pl\/sjo\/wp-content\/uploads\/sites\/9\/2024\/05\/Constitution_of_the_3rd_May_1791-1-scaled-e1714615394637-679x1024.jpeg 679w, https:\/\/pb.edu.pl\/sjo\/wp-content\/uploads\/sites\/9\/2024\/05\/Constitution_of_the_3rd_May_1791-1-scaled-e1714615394637-768x1159.jpeg 768w, https:\/\/pb.edu.pl\/sjo\/wp-content\/uploads\/sites\/9\/2024\/05\/Constitution_of_the_3rd_May_1791-1-scaled-e1714615394637-1018x1536.jpeg 1018w, https:\/\/pb.edu.pl\/sjo\/wp-content\/uploads\/sites\/9\/2024\/05\/Constitution_of_the_3rd_May_1791-1-scaled-e1714615394637-1357x2048.jpeg 1357w, https:\/\/pb.edu.pl\/sjo\/wp-content\/uploads\/sites\/9\/2024\/05\/Constitution_of_the_3rd_May_1791-1-scaled-e1714615394637.jpeg 1651w\" sizes=\"auto, (max-width: 199px) 100vw, 199px\" \/><\/a>\n\t\t\t<\/div>\n\t\t\t\t<figcaption class='wp-caption-text gallery-caption' id='gallery-1-25749'>\n\t\t\t\tStrona tytu\u0142owa Konstytucji 3 maja\n\t\t\t\t<\/figcaption><\/figure><figure class='gallery-item'>\n\t\t\t<div class='gallery-icon portrait'>\n\t\t\t\t<a href='https:\/\/pb.edu.pl\/sjo\/polish-lab\/czy-wiecie-ze\/konstytucja-trzeciego-maja\/konstytucja_3_maja_rekopis_1111\/'><img loading=\"lazy\" decoding=\"async\" width=\"200\" height=\"300\" src=\"https:\/\/pb.edu.pl\/sjo\/wp-content\/uploads\/sites\/9\/2024\/05\/Konstytucja_3_maja_rekopis_1111-200x300.jpeg\" class=\"attachment-medium size-medium\" alt=\"\" aria-describedby=\"gallery-1-25745\" srcset=\"https:\/\/pb.edu.pl\/sjo\/wp-content\/uploads\/sites\/9\/2024\/05\/Konstytucja_3_maja_rekopis_1111-200x300.jpeg 200w, https:\/\/pb.edu.pl\/sjo\/wp-content\/uploads\/sites\/9\/2024\/05\/Konstytucja_3_maja_rekopis_1111-683x1024.jpeg 683w, https:\/\/pb.edu.pl\/sjo\/wp-content\/uploads\/sites\/9\/2024\/05\/Konstytucja_3_maja_rekopis_1111-768x1152.jpeg 768w, https:\/\/pb.edu.pl\/sjo\/wp-content\/uploads\/sites\/9\/2024\/05\/Konstytucja_3_maja_rekopis_1111.jpeg 892w\" sizes=\"auto, (max-width: 200px) 100vw, 200px\" \/><\/a>\n\t\t\t<\/div>\n\t\t\t\t<figcaption class='wp-caption-text gallery-caption' id='gallery-1-25745'>\n\t\t\t\tPierwsza strona manuskryptu\n\t\t\t\t<\/figcaption><\/figure><figure class='gallery-item'>\n\t\t\t<div class='gallery-icon landscape'>\n\t\t\t\t<a href='https:\/\/pb.edu.pl\/sjo\/polish-lab\/czy-wiecie-ze\/konstytucja-trzeciego-maja\/konsty-medal_commemorating_constitution_of_may_3_1791\/'><img loading=\"lazy\" decoding=\"async\" width=\"220\" height=\"213\" src=\"https:\/\/pb.edu.pl\/sjo\/wp-content\/uploads\/sites\/9\/2024\/05\/Konsty-Medal_commemorating_Constitution_of_May_3_1791.png\" class=\"attachment-medium size-medium\" alt=\"\" aria-describedby=\"gallery-1-25743\" \/><\/a>\n\t\t\t<\/div>\n\t\t\t\t<figcaption class='wp-caption-text gallery-caption' id='gallery-1-25743'>\n\t\t\t\tMedal wybilty na okoloczno\u015b\u0107 uchwalenia wiekopomnej Konstytucji\n\t\t\t\t<\/figcaption><\/figure>\n\t\t<\/div>\n\n<div id='gallery-2' class='gallery galleryid-25722 gallery-columns-1 gallery-size-large'><figure class='gallery-item'>\n\t\t\t<div class='gallery-icon landscape'>\n\t\t\t\t<a href='https:\/\/pb.edu.pl\/sjo\/polish-lab\/czy-wiecie-ze\/konstytucja-trzeciego-maja\/constitution_of_may_3_1791_by_jan_matejko\/'><img loading=\"lazy\" decoding=\"async\" width=\"1024\" height=\"568\" src=\"https:\/\/pb.edu.pl\/sjo\/wp-content\/uploads\/sites\/9\/2024\/05\/Constitution_of_May_3_1791_by_Jan_Matejko-1-1024x568.png\" class=\"attachment-large size-large\" alt=\"\" aria-describedby=\"gallery-2-25739\" srcset=\"https:\/\/pb.edu.pl\/sjo\/wp-content\/uploads\/sites\/9\/2024\/05\/Constitution_of_May_3_1791_by_Jan_Matejko-1-1024x568.png 1024w, https:\/\/pb.edu.pl\/sjo\/wp-content\/uploads\/sites\/9\/2024\/05\/Constitution_of_May_3_1791_by_Jan_Matejko-1-300x166.png 300w, https:\/\/pb.edu.pl\/sjo\/wp-content\/uploads\/sites\/9\/2024\/05\/Constitution_of_May_3_1791_by_Jan_Matejko-1-768x426.png 768w, https:\/\/pb.edu.pl\/sjo\/wp-content\/uploads\/sites\/9\/2024\/05\/Constitution_of_May_3_1791_by_Jan_Matejko-1-1536x852.png 1536w, https:\/\/pb.edu.pl\/sjo\/wp-content\/uploads\/sites\/9\/2024\/05\/Constitution_of_May_3_1791_by_Jan_Matejko-1-2048x1136.png 2048w\" sizes=\"auto, (max-width: 1024px) 100vw, 1024px\" \/><\/a>\n\t\t\t<\/div>\n\t\t\t\t<figcaption class='wp-caption-text gallery-caption' id='gallery-2-25739'>\n\t\t\t\tObraz Jana Matejki ukazuj\u0105cy rado\u015b\u0107 i nadziej\u0119 w dniu uchwalenia Konstytucji 3 maja 1791 r.\n\t\t\t\t<\/figcaption><\/figure>\n\t\t<\/div>\n\n<p>&nbsp;<\/p>\n<p><a href=\"https:\/\/youtu.be\/wCsmTBkxy5I?si=SFVdYqvvZmxoUEd2\">Link do ciekawego materia\u0142u o Konstytucji 3 maja<\/a>:<\/p>\n<p><a title=\"\" href=\"https:\/\/youtu.be\/wCsmTBkxy5I?si=pli28LRNi6Ry9iR5\"><img loading=\"lazy\" decoding=\"async\" class=\"alignnone size-medium wp-image-26164\" src=\"https:\/\/pb.edu.pl\/sjo\/wp-content\/uploads\/sites\/9\/2024\/07\/konstytucja-300x147.jpg\" alt=\"\" width=\"300\" height=\"147\" srcset=\"https:\/\/pb.edu.pl\/sjo\/wp-content\/uploads\/sites\/9\/2024\/07\/konstytucja-300x147.jpg 300w, https:\/\/pb.edu.pl\/sjo\/wp-content\/uploads\/sites\/9\/2024\/07\/konstytucja-1024x501.jpg 1024w, https:\/\/pb.edu.pl\/sjo\/wp-content\/uploads\/sites\/9\/2024\/07\/konstytucja-768x376.jpg 768w, https:\/\/pb.edu.pl\/sjo\/wp-content\/uploads\/sites\/9\/2024\/07\/konstytucja-1536x751.jpg 1536w, https:\/\/pb.edu.pl\/sjo\/wp-content\/uploads\/sites\/9\/2024\/07\/konstytucja.jpg 1901w\" sizes=\"auto, (max-width: 300px) 100vw, 300px\" \/><\/a><\/p>\n","protected":false},"excerpt":{"rendered":"<p>&nbsp; 3 maja to wyj\u0105tkowo wa\u017cny dzie\u0144 w kalendarium polskich \u015bwi\u0105t narodowych. To w\u0142a\u015bnie 3<\/p>\n","protected":false},"author":77,"featured_media":0,"parent":8281,"menu_order":0,"comment_status":"closed","ping_status":"closed","template":"","meta":{"_acf_changed":false,"ngg_post_thumbnail":0,"footnotes":""},"class_list":["post-25722","page","type-page","status-publish","hentry"],"acf":[],"yoast_head":"<!-- This site is optimized with the Yoast SEO plugin v27.0 - https:\/\/yoast.com\/product\/yoast-seo-wordpress\/ -->\n<title>Konstytucja 3 Maja - Studium J\u0119zyk\u00f3w Obcych<\/title>\n<meta name=\"description\" content=\"&nbsp; 3 maja to wyj\u0105tkowo wa\u017cny dzie\u0144 w kalendarium polskich \u015bwi\u0105t narodowych. To w\u0142a\u015bnie 3 maja 1791 roku&nbsp; zosta\u0142a uchwalona Konstytucja\" \/>\n<meta name=\"robots\" content=\"index, follow, max-snippet:-1, max-image-preview:large, max-video-preview:-1\" \/>\n<link rel=\"canonical\" href=\"https:\/\/pb.edu.pl\/sjo\/polish-lab\/czy-wiecie-ze\/konstytucja-trzeciego-maja\/\" \/>\n<meta property=\"og:locale\" content=\"pl_PL\" \/>\n<meta property=\"og:type\" content=\"article\" \/>\n<meta property=\"og:title\" content=\"Konstytucja 3 Maja - Studium J\u0119zyk\u00f3w Obcych\" \/>\n<meta property=\"og:description\" content=\"&nbsp; 3 maja to wyj\u0105tkowo wa\u017cny dzie\u0144 w kalendarium polskich \u015bwi\u0105t narodowych. To w\u0142a\u015bnie 3 maja 1791 roku&nbsp; zosta\u0142a uchwalona Konstytucja\" \/>\n<meta property=\"og:url\" content=\"https:\/\/pb.edu.pl\/sjo\/polish-lab\/czy-wiecie-ze\/konstytucja-trzeciego-maja\/\" \/>\n<meta property=\"og:site_name\" content=\"Studium J\u0119zyk\u00f3w Obcych\" \/>\n<meta property=\"article:modified_time\" content=\"2024-07-10T16:44:10+00:00\" \/>\n<meta property=\"og:image\" content=\"https:\/\/pb.edu.pl\/sjo\/wp-content\/uploads\/sites\/9\/2024\/05\/Constitution_of_the_3rd_May_1791-1-scaled-e1714615394637-199x300.jpeg\" \/>\n<meta name=\"twitter:label1\" content=\"Szacowany czas czytania\" \/>\n\t<meta name=\"twitter:data1\" content=\"2 minuty\" \/>\n<script type=\"application\/ld+json\" class=\"yoast-schema-graph\">{\"@context\":\"https:\/\/schema.org\",\"@graph\":[{\"@type\":\"WebPage\",\"@id\":\"https:\/\/pb.edu.pl\/sjo\/polish-lab\/czy-wiecie-ze\/konstytucja-trzeciego-maja\/\",\"url\":\"https:\/\/pb.edu.pl\/sjo\/polish-lab\/czy-wiecie-ze\/konstytucja-trzeciego-maja\/\",\"name\":\"Konstytucja 3 Maja - Studium J\u0119zyk\u00f3w Obcych\",\"isPartOf\":{\"@id\":\"https:\/\/pb.edu.pl\/sjo\/#website\"},\"primaryImageOfPage\":{\"@id\":\"https:\/\/pb.edu.pl\/sjo\/polish-lab\/czy-wiecie-ze\/konstytucja-trzeciego-maja\/#primaryimage\"},\"image\":{\"@id\":\"https:\/\/pb.edu.pl\/sjo\/polish-lab\/czy-wiecie-ze\/konstytucja-trzeciego-maja\/#primaryimage\"},\"thumbnailUrl\":\"https:\/\/pb.edu.pl\/sjo\/wp-content\/uploads\/sites\/9\/2024\/05\/Konstytucji_3_maja_Sala_Senatorska_Zamku_Krolewskiego_w_Warszawie-1-scaled-e1714614944698-300x203.jpeg\",\"datePublished\":\"2024-05-02T00:42:25+00:00\",\"dateModified\":\"2024-07-10T16:44:10+00:00\",\"description\":\"&nbsp; 3 maja to wyj\u0105tkowo wa\u017cny dzie\u0144 w kalendarium polskich \u015bwi\u0105t narodowych. To w\u0142a\u015bnie 3 maja 1791 roku&nbsp; zosta\u0142a uchwalona Konstytucja\",\"breadcrumb\":{\"@id\":\"https:\/\/pb.edu.pl\/sjo\/polish-lab\/czy-wiecie-ze\/konstytucja-trzeciego-maja\/#breadcrumb\"},\"inLanguage\":\"pl-PL\",\"potentialAction\":[{\"@type\":\"ReadAction\",\"target\":[\"https:\/\/pb.edu.pl\/sjo\/polish-lab\/czy-wiecie-ze\/konstytucja-trzeciego-maja\/\"]}]},{\"@type\":\"ImageObject\",\"inLanguage\":\"pl-PL\",\"@id\":\"https:\/\/pb.edu.pl\/sjo\/polish-lab\/czy-wiecie-ze\/konstytucja-trzeciego-maja\/#primaryimage\",\"url\":\"https:\/\/pb.edu.pl\/sjo\/wp-content\/uploads\/sites\/9\/2024\/05\/Konstytucji_3_maja_Sala_Senatorska_Zamku_Krolewskiego_w_Warszawie-1-scaled-e1714614944698-300x203.jpeg\",\"contentUrl\":\"https:\/\/pb.edu.pl\/sjo\/wp-content\/uploads\/sites\/9\/2024\/05\/Konstytucji_3_maja_Sala_Senatorska_Zamku_Krolewskiego_w_Warszawie-1-scaled-e1714614944698-300x203.jpeg\"},{\"@type\":\"BreadcrumbList\",\"@id\":\"https:\/\/pb.edu.pl\/sjo\/polish-lab\/czy-wiecie-ze\/konstytucja-trzeciego-maja\/#breadcrumb\",\"itemListElement\":[{\"@type\":\"ListItem\",\"position\":1,\"name\":\"Home\",\"item\":\"https:\/\/pb.edu.pl\/sjo\/\"},{\"@type\":\"ListItem\",\"position\":2,\"name\":\"Centrum J\u0119zyka i Kultury Polskiej POLISH LAB\",\"item\":\"https:\/\/pb.edu.pl\/sjo\/polish-lab\/\"},{\"@type\":\"ListItem\",\"position\":3,\"name\":\"O Polsce i Polakach\",\"item\":\"https:\/\/pb.edu.pl\/sjo\/polish-lab\/czy-wiecie-ze\/\"},{\"@type\":\"ListItem\",\"position\":4,\"name\":\"Konstytucja 3 Maja\"}]},{\"@type\":\"WebSite\",\"@id\":\"https:\/\/pb.edu.pl\/sjo\/#website\",\"url\":\"https:\/\/pb.edu.pl\/sjo\/\",\"name\":\"Studium J\u0119zyk\u00f3w Obcych\",\"description\":\"\",\"potentialAction\":[{\"@type\":\"SearchAction\",\"target\":{\"@type\":\"EntryPoint\",\"urlTemplate\":\"https:\/\/pb.edu.pl\/sjo\/?s={search_term_string}\"},\"query-input\":{\"@type\":\"PropertyValueSpecification\",\"valueRequired\":true,\"valueName\":\"search_term_string\"}}],\"inLanguage\":\"pl-PL\"}]}<\/script>\n<!-- \/ Yoast SEO plugin. -->","yoast_head_json":{"title":"Konstytucja 3 Maja - Studium J\u0119zyk\u00f3w Obcych","description":"&nbsp; 3 maja to wyj\u0105tkowo wa\u017cny dzie\u0144 w kalendarium polskich \u015bwi\u0105t narodowych. To w\u0142a\u015bnie 3 maja 1791 roku&nbsp; zosta\u0142a uchwalona Konstytucja","robots":{"index":"index","follow":"follow","max-snippet":"max-snippet:-1","max-image-preview":"max-image-preview:large","max-video-preview":"max-video-preview:-1"},"canonical":"https:\/\/pb.edu.pl\/sjo\/polish-lab\/czy-wiecie-ze\/konstytucja-trzeciego-maja\/","og_locale":"pl_PL","og_type":"article","og_title":"Konstytucja 3 Maja - Studium J\u0119zyk\u00f3w Obcych","og_description":"&nbsp; 3 maja to wyj\u0105tkowo wa\u017cny dzie\u0144 w kalendarium polskich \u015bwi\u0105t narodowych. To w\u0142a\u015bnie 3 maja 1791 roku&nbsp; zosta\u0142a uchwalona Konstytucja","og_url":"https:\/\/pb.edu.pl\/sjo\/polish-lab\/czy-wiecie-ze\/konstytucja-trzeciego-maja\/","og_site_name":"Studium J\u0119zyk\u00f3w Obcych","article_modified_time":"2024-07-10T16:44:10+00:00","og_image":[{"url":"https:\/\/pb.edu.pl\/sjo\/wp-content\/uploads\/sites\/9\/2024\/05\/Constitution_of_the_3rd_May_1791-1-scaled-e1714615394637-199x300.jpeg","type":"","width":"","height":""}],"twitter_misc":{"Szacowany czas czytania":"2 minuty"},"schema":{"@context":"https:\/\/schema.org","@graph":[{"@type":"WebPage","@id":"https:\/\/pb.edu.pl\/sjo\/polish-lab\/czy-wiecie-ze\/konstytucja-trzeciego-maja\/","url":"https:\/\/pb.edu.pl\/sjo\/polish-lab\/czy-wiecie-ze\/konstytucja-trzeciego-maja\/","name":"Konstytucja 3 Maja - Studium J\u0119zyk\u00f3w Obcych","isPartOf":{"@id":"https:\/\/pb.edu.pl\/sjo\/#website"},"primaryImageOfPage":{"@id":"https:\/\/pb.edu.pl\/sjo\/polish-lab\/czy-wiecie-ze\/konstytucja-trzeciego-maja\/#primaryimage"},"image":{"@id":"https:\/\/pb.edu.pl\/sjo\/polish-lab\/czy-wiecie-ze\/konstytucja-trzeciego-maja\/#primaryimage"},"thumbnailUrl":"https:\/\/pb.edu.pl\/sjo\/wp-content\/uploads\/sites\/9\/2024\/05\/Konstytucji_3_maja_Sala_Senatorska_Zamku_Krolewskiego_w_Warszawie-1-scaled-e1714614944698-300x203.jpeg","datePublished":"2024-05-02T00:42:25+00:00","dateModified":"2024-07-10T16:44:10+00:00","description":"&nbsp; 3 maja to wyj\u0105tkowo wa\u017cny dzie\u0144 w kalendarium polskich \u015bwi\u0105t narodowych. To w\u0142a\u015bnie 3 maja 1791 roku&nbsp; zosta\u0142a uchwalona Konstytucja","breadcrumb":{"@id":"https:\/\/pb.edu.pl\/sjo\/polish-lab\/czy-wiecie-ze\/konstytucja-trzeciego-maja\/#breadcrumb"},"inLanguage":"pl-PL","potentialAction":[{"@type":"ReadAction","target":["https:\/\/pb.edu.pl\/sjo\/polish-lab\/czy-wiecie-ze\/konstytucja-trzeciego-maja\/"]}]},{"@type":"ImageObject","inLanguage":"pl-PL","@id":"https:\/\/pb.edu.pl\/sjo\/polish-lab\/czy-wiecie-ze\/konstytucja-trzeciego-maja\/#primaryimage","url":"https:\/\/pb.edu.pl\/sjo\/wp-content\/uploads\/sites\/9\/2024\/05\/Konstytucji_3_maja_Sala_Senatorska_Zamku_Krolewskiego_w_Warszawie-1-scaled-e1714614944698-300x203.jpeg","contentUrl":"https:\/\/pb.edu.pl\/sjo\/wp-content\/uploads\/sites\/9\/2024\/05\/Konstytucji_3_maja_Sala_Senatorska_Zamku_Krolewskiego_w_Warszawie-1-scaled-e1714614944698-300x203.jpeg"},{"@type":"BreadcrumbList","@id":"https:\/\/pb.edu.pl\/sjo\/polish-lab\/czy-wiecie-ze\/konstytucja-trzeciego-maja\/#breadcrumb","itemListElement":[{"@type":"ListItem","position":1,"name":"Home","item":"https:\/\/pb.edu.pl\/sjo\/"},{"@type":"ListItem","position":2,"name":"Centrum J\u0119zyka i Kultury Polskiej POLISH LAB","item":"https:\/\/pb.edu.pl\/sjo\/polish-lab\/"},{"@type":"ListItem","position":3,"name":"O Polsce i Polakach","item":"https:\/\/pb.edu.pl\/sjo\/polish-lab\/czy-wiecie-ze\/"},{"@type":"ListItem","position":4,"name":"Konstytucja 3 Maja"}]},{"@type":"WebSite","@id":"https:\/\/pb.edu.pl\/sjo\/#website","url":"https:\/\/pb.edu.pl\/sjo\/","name":"Studium J\u0119zyk\u00f3w Obcych","description":"","potentialAction":[{"@type":"SearchAction","target":{"@type":"EntryPoint","urlTemplate":"https:\/\/pb.edu.pl\/sjo\/?s={search_term_string}"},"query-input":{"@type":"PropertyValueSpecification","valueRequired":true,"valueName":"search_term_string"}}],"inLanguage":"pl-PL"}]}},"_links":{"self":[{"href":"https:\/\/pb.edu.pl\/sjo\/wp-json\/wp\/v2\/pages\/25722","targetHints":{"allow":["GET"]}}],"collection":[{"href":"https:\/\/pb.edu.pl\/sjo\/wp-json\/wp\/v2\/pages"}],"about":[{"href":"https:\/\/pb.edu.pl\/sjo\/wp-json\/wp\/v2\/types\/page"}],"author":[{"embeddable":true,"href":"https:\/\/pb.edu.pl\/sjo\/wp-json\/wp\/v2\/users\/77"}],"replies":[{"embeddable":true,"href":"https:\/\/pb.edu.pl\/sjo\/wp-json\/wp\/v2\/comments?post=25722"}],"version-history":[{"count":0,"href":"https:\/\/pb.edu.pl\/sjo\/wp-json\/wp\/v2\/pages\/25722\/revisions"}],"up":[{"embeddable":true,"href":"https:\/\/pb.edu.pl\/sjo\/wp-json\/wp\/v2\/pages\/8281"}],"wp:attachment":[{"href":"https:\/\/pb.edu.pl\/sjo\/wp-json\/wp\/v2\/media?parent=25722"}],"curies":[{"name":"wp","href":"https:\/\/api.w.org\/{rel}","templated":true}]}}