{"id":255,"date":"2017-11-27T21:24:43","date_gmt":"2017-11-27T20:24:43","guid":{"rendered":"https:\/\/pb.edu.pl\/sjo\/?page_id=255"},"modified":"2020-12-27T19:28:53","modified_gmt":"2020-12-27T18:28:53","slug":"polilingua-jezyk-niemiecki","status":"publish","type":"page","link":"https:\/\/pb.edu.pl\/sjo\/oferta-sjo\/kursy-jezykowe\/polilingua-jezyk-niemiecki\/","title":{"rendered":"Polilingua &#8211; j\u0119zyk niemiecki"},"content":{"rendered":"<p><span style=\"font-family: verdana, geneva, sans-serif;font-size: 12pt\"><strong>KURSY J\u0118ZYKA NIEMIECKIEGO W ROKU AKADEMICKIM 2020\/2021<\/strong><\/span><\/p>\n<p><span style=\"font-family: verdana, geneva, sans-serif;font-size: 12pt\">Zesp\u00f3\u0142 germanist\u00f3w zaprasza na odp\u0142atne kursy j\u0119zykowe na poziomach A1-B2.<\/span><br \/>\n<span style=\"font-family: verdana, geneva, sans-serif;font-size: 12pt\">Oferujemy nauk\u0119 j\u0119zyka og\u00f3lnego, og\u00f3lnotechnicznego i w \u015brodowisku pracy.<\/span><br \/>\n<span style=\"font-family: verdana, geneva, sans-serif;font-size: 12pt\">Kurs rusza przy zapisanych minimum 12 osobach.<\/span><\/p>\n<p><span style=\"font-family: verdana, geneva, sans-serif;font-size: 12pt\">Kontakt: Janusz Suchocki <i class=\"fa fa-envelope-o\" aria-hidden=\"true\"><\/i> <a href=\"#\" rel=\"nofollow\"  onclick=\"this.href='mailto:' + 'j.suchocki' + '@' + 'pb.edu.pl'\">j.suchocki [at] pb.edu.pl<\/a><\/span><\/p>\n<p>&nbsp;<\/p>\n<p><a style=\"font-family: verdana, geneva, sans-serif;font-size: 12pt\" href=\"https:\/\/www.goethe.de\/de\/spr\/kup\/tsd.html\">Kliknij, aby sprawdzi\u0107 znajomo\u015b\u0107 j\u0119zyka niemieckiego na stronie GI.<\/a><\/p>\n","protected":false},"excerpt":{"rendered":"<p>KURSY J\u0118ZYKA NIEMIECKIEGO W ROKU AKADEMICKIM 2020\/2021 Zesp\u00f3\u0142 germanist\u00f3w zaprasza na odp\u0142atne kursy j\u0119zykowe na<\/p>\n","protected":false},"author":6,"featured_media":0,"parent":20,"menu_order":3,"comment_status":"closed","ping_status":"closed","template":"","meta":{"_acf_changed":false,"ngg_post_thumbnail":0,"footnotes":""},"class_list":["post-255","page","type-page","status-publish","hentry"],"acf":[],"yoast_head":"<!-- This site is optimized with the Yoast SEO plugin v27.0 - https:\/\/yoast.com\/product\/yoast-seo-wordpress\/ -->\n<title>Polilingua - j\u0119zyk niemiecki - Studium J\u0119zyk\u00f3w Obcych<\/title>\n<meta name=\"description\" content=\"KURSY J\u0118ZYKA NIEMIECKIEGO W ROKU AKADEMICKIM 2020\/2021 Zesp\u00f3\u0142 germanist\u00f3w zaprasza na odp\u0142atne kursy j\u0119zykowe na poziomach A1-B2. Oferujemy nauk\u0119 j\u0119zyka\" \/>\n<meta name=\"robots\" content=\"index, follow, max-snippet:-1, max-image-preview:large, max-video-preview:-1\" \/>\n<link rel=\"canonical\" href=\"https:\/\/pb.edu.pl\/sjo\/oferta-sjo\/kursy-jezykowe\/polilingua-jezyk-niemiecki\/\" \/>\n<meta property=\"og:locale\" content=\"pl_PL\" \/>\n<meta property=\"og:type\" content=\"article\" \/>\n<meta property=\"og:title\" content=\"Polilingua - j\u0119zyk niemiecki - Studium J\u0119zyk\u00f3w Obcych\" \/>\n<meta property=\"og:description\" content=\"KURSY J\u0118ZYKA NIEMIECKIEGO W ROKU AKADEMICKIM 2020\/2021 Zesp\u00f3\u0142 germanist\u00f3w zaprasza na odp\u0142atne kursy j\u0119zykowe na poziomach A1-B2. Oferujemy nauk\u0119 j\u0119zyka\" \/>\n<meta property=\"og:url\" content=\"https:\/\/pb.edu.pl\/sjo\/oferta-sjo\/kursy-jezykowe\/polilingua-jezyk-niemiecki\/\" \/>\n<meta property=\"og:site_name\" content=\"Studium J\u0119zyk\u00f3w Obcych\" \/>\n<meta property=\"article:modified_time\" content=\"2020-12-27T18:28:53+00:00\" \/>\n<script type=\"application\/ld+json\" class=\"yoast-schema-graph\">{\"@context\":\"https:\/\/schema.org\",\"@graph\":[{\"@type\":\"WebPage\",\"@id\":\"https:\/\/pb.edu.pl\/sjo\/oferta-sjo\/kursy-jezykowe\/polilingua-jezyk-niemiecki\/\",\"url\":\"https:\/\/pb.edu.pl\/sjo\/oferta-sjo\/kursy-jezykowe\/polilingua-jezyk-niemiecki\/\",\"name\":\"Polilingua - j\u0119zyk niemiecki - Studium J\u0119zyk\u00f3w Obcych\",\"isPartOf\":{\"@id\":\"https:\/\/pb.edu.pl\/sjo\/#website\"},\"datePublished\":\"2017-11-27T20:24:43+00:00\",\"dateModified\":\"2020-12-27T18:28:53+00:00\",\"description\":\"KURSY J\u0118ZYKA NIEMIECKIEGO W ROKU AKADEMICKIM 2020\/2021 Zesp\u00f3\u0142 germanist\u00f3w zaprasza na odp\u0142atne kursy j\u0119zykowe na poziomach A1-B2. Oferujemy nauk\u0119 j\u0119zyka\",\"breadcrumb\":{\"@id\":\"https:\/\/pb.edu.pl\/sjo\/oferta-sjo\/kursy-jezykowe\/polilingua-jezyk-niemiecki\/#breadcrumb\"},\"inLanguage\":\"pl-PL\",\"potentialAction\":[{\"@type\":\"ReadAction\",\"target\":[\"https:\/\/pb.edu.pl\/sjo\/oferta-sjo\/kursy-jezykowe\/polilingua-jezyk-niemiecki\/\"]}]},{\"@type\":\"BreadcrumbList\",\"@id\":\"https:\/\/pb.edu.pl\/sjo\/oferta-sjo\/kursy-jezykowe\/polilingua-jezyk-niemiecki\/#breadcrumb\",\"itemListElement\":[{\"@type\":\"ListItem\",\"position\":1,\"name\":\"Home\",\"item\":\"https:\/\/pb.edu.pl\/sjo\/\"},{\"@type\":\"ListItem\",\"position\":2,\"name\":\"Oferta komercyjna SJO\",\"item\":\"https:\/\/pb.edu.pl\/sjo\/oferta-sjo\/\"},{\"@type\":\"ListItem\",\"position\":3,\"name\":\"Kursy j\u0119zykowe\",\"item\":\"https:\/\/pb.edu.pl\/sjo\/oferta-sjo\/kursy-jezykowe\/\"},{\"@type\":\"ListItem\",\"position\":4,\"name\":\"Polilingua &#8211; j\u0119zyk niemiecki\"}]},{\"@type\":\"WebSite\",\"@id\":\"https:\/\/pb.edu.pl\/sjo\/#website\",\"url\":\"https:\/\/pb.edu.pl\/sjo\/\",\"name\":\"Studium J\u0119zyk\u00f3w Obcych\",\"description\":\"\",\"potentialAction\":[{\"@type\":\"SearchAction\",\"target\":{\"@type\":\"EntryPoint\",\"urlTemplate\":\"https:\/\/pb.edu.pl\/sjo\/?s={search_term_string}\"},\"query-input\":{\"@type\":\"PropertyValueSpecification\",\"valueRequired\":true,\"valueName\":\"search_term_string\"}}],\"inLanguage\":\"pl-PL\"}]}<\/script>\n<!-- \/ Yoast SEO plugin. -->","yoast_head_json":{"title":"Polilingua - j\u0119zyk niemiecki - Studium J\u0119zyk\u00f3w Obcych","description":"KURSY J\u0118ZYKA NIEMIECKIEGO W ROKU AKADEMICKIM 2020\/2021 Zesp\u00f3\u0142 germanist\u00f3w zaprasza na odp\u0142atne kursy j\u0119zykowe na poziomach A1-B2. Oferujemy nauk\u0119 j\u0119zyka","robots":{"index":"index","follow":"follow","max-snippet":"max-snippet:-1","max-image-preview":"max-image-preview:large","max-video-preview":"max-video-preview:-1"},"canonical":"https:\/\/pb.edu.pl\/sjo\/oferta-sjo\/kursy-jezykowe\/polilingua-jezyk-niemiecki\/","og_locale":"pl_PL","og_type":"article","og_title":"Polilingua - j\u0119zyk niemiecki - Studium J\u0119zyk\u00f3w Obcych","og_description":"KURSY J\u0118ZYKA NIEMIECKIEGO W ROKU AKADEMICKIM 2020\/2021 Zesp\u00f3\u0142 germanist\u00f3w zaprasza na odp\u0142atne kursy j\u0119zykowe na poziomach A1-B2. Oferujemy nauk\u0119 j\u0119zyka","og_url":"https:\/\/pb.edu.pl\/sjo\/oferta-sjo\/kursy-jezykowe\/polilingua-jezyk-niemiecki\/","og_site_name":"Studium J\u0119zyk\u00f3w Obcych","article_modified_time":"2020-12-27T18:28:53+00:00","schema":{"@context":"https:\/\/schema.org","@graph":[{"@type":"WebPage","@id":"https:\/\/pb.edu.pl\/sjo\/oferta-sjo\/kursy-jezykowe\/polilingua-jezyk-niemiecki\/","url":"https:\/\/pb.edu.pl\/sjo\/oferta-sjo\/kursy-jezykowe\/polilingua-jezyk-niemiecki\/","name":"Polilingua - j\u0119zyk niemiecki - Studium J\u0119zyk\u00f3w Obcych","isPartOf":{"@id":"https:\/\/pb.edu.pl\/sjo\/#website"},"datePublished":"2017-11-27T20:24:43+00:00","dateModified":"2020-12-27T18:28:53+00:00","description":"KURSY J\u0118ZYKA NIEMIECKIEGO W ROKU AKADEMICKIM 2020\/2021 Zesp\u00f3\u0142 germanist\u00f3w zaprasza na odp\u0142atne kursy j\u0119zykowe na poziomach A1-B2. Oferujemy nauk\u0119 j\u0119zyka","breadcrumb":{"@id":"https:\/\/pb.edu.pl\/sjo\/oferta-sjo\/kursy-jezykowe\/polilingua-jezyk-niemiecki\/#breadcrumb"},"inLanguage":"pl-PL","potentialAction":[{"@type":"ReadAction","target":["https:\/\/pb.edu.pl\/sjo\/oferta-sjo\/kursy-jezykowe\/polilingua-jezyk-niemiecki\/"]}]},{"@type":"BreadcrumbList","@id":"https:\/\/pb.edu.pl\/sjo\/oferta-sjo\/kursy-jezykowe\/polilingua-jezyk-niemiecki\/#breadcrumb","itemListElement":[{"@type":"ListItem","position":1,"name":"Home","item":"https:\/\/pb.edu.pl\/sjo\/"},{"@type":"ListItem","position":2,"name":"Oferta komercyjna SJO","item":"https:\/\/pb.edu.pl\/sjo\/oferta-sjo\/"},{"@type":"ListItem","position":3,"name":"Kursy j\u0119zykowe","item":"https:\/\/pb.edu.pl\/sjo\/oferta-sjo\/kursy-jezykowe\/"},{"@type":"ListItem","position":4,"name":"Polilingua &#8211; j\u0119zyk niemiecki"}]},{"@type":"WebSite","@id":"https:\/\/pb.edu.pl\/sjo\/#website","url":"https:\/\/pb.edu.pl\/sjo\/","name":"Studium J\u0119zyk\u00f3w Obcych","description":"","potentialAction":[{"@type":"SearchAction","target":{"@type":"EntryPoint","urlTemplate":"https:\/\/pb.edu.pl\/sjo\/?s={search_term_string}"},"query-input":{"@type":"PropertyValueSpecification","valueRequired":true,"valueName":"search_term_string"}}],"inLanguage":"pl-PL"}]}},"_links":{"self":[{"href":"https:\/\/pb.edu.pl\/sjo\/wp-json\/wp\/v2\/pages\/255","targetHints":{"allow":["GET"]}}],"collection":[{"href":"https:\/\/pb.edu.pl\/sjo\/wp-json\/wp\/v2\/pages"}],"about":[{"href":"https:\/\/pb.edu.pl\/sjo\/wp-json\/wp\/v2\/types\/page"}],"author":[{"embeddable":true,"href":"https:\/\/pb.edu.pl\/sjo\/wp-json\/wp\/v2\/users\/6"}],"replies":[{"embeddable":true,"href":"https:\/\/pb.edu.pl\/sjo\/wp-json\/wp\/v2\/comments?post=255"}],"version-history":[{"count":0,"href":"https:\/\/pb.edu.pl\/sjo\/wp-json\/wp\/v2\/pages\/255\/revisions"}],"up":[{"embeddable":true,"href":"https:\/\/pb.edu.pl\/sjo\/wp-json\/wp\/v2\/pages\/20"}],"wp:attachment":[{"href":"https:\/\/pb.edu.pl\/sjo\/wp-json\/wp\/v2\/media?parent=255"}],"curies":[{"name":"wp","href":"https:\/\/api.w.org\/{rel}","templated":true}]}}

Polilingua &#8211; język niemiecki

<p><span style="font-family: verdana, geneva, sans-serif;font-size: 12pt"><strong>KURSY JĘZYKA NIEMIECKIEGO W ROKU AKADEMICKIM 2020/2021</strong></span></p>
<p><span style="font-family: verdana, geneva, sans-serif;font-size: 12pt">Zespół germanistów zaprasza na odpłatne kursy językowe na poziomach A1-B2.</span><br />
<span style="font-family: verdana, geneva, sans-serif;font-size: 12pt">Oferujemy naukę języka ogólnego, ogólnotechnicznego i w środowisku pracy.</span><br />
<span style="font-family: verdana, geneva, sans-serif;font-size: 12pt">Kurs rusza przy zapisanych minimum 12 osobach.</span></p>
<p><span style="font-family: verdana, geneva, sans-serif;font-size: 12pt">Kontakt: Janusz Suchocki <i class="fa fa-envelope-o" aria-hidden="true"></i> <a href="#" rel="nofollow"  onclick="this.href='mailto:' + 'j.suchocki' + '@' + 'pb.edu.pl'">j.suchocki [at] pb.edu.pl</a></span></p>
<p>&nbsp;</p>
<p><a style="font-family: verdana, geneva, sans-serif;font-size: 12pt" href="https://www.goethe.de/de/spr/kup/tsd.html">Kliknij, aby sprawdzić znajomość języka niemieckiego na stronie GI.</a></p>

<p>KURSY JĘZYKA NIEMIECKIEGO W ROKU AKADEMICKIM 2020/2021 Zespół germanistów zaprasza na odpłatne kursy językowe na</p>

<!-- This site is optimized with the Yoast SEO plugin v27.0 - https://yoast.com/product/yoast-seo-wordpress/ -->
<title>Polilingua - język niemiecki - Studium Języków Obcych</title>
<meta name="description" content="KURSY JĘZYKA NIEMIECKIEGO W ROKU AKADEMICKIM 2020/2021 Zespół germanistów zaprasza na odpłatne kursy językowe na poziomach A1-B2. Oferujemy naukę języka" />
<meta name="robots" content="index, follow, max-snippet:-1, max-image-preview:large, max-video-preview:-1" />
<link rel="canonical" href="https://pb.edu.pl/sjo/oferta-sjo/kursy-jezykowe/polilingua-jezyk-niemiecki/" />
<meta property="og:locale" content="pl_PL" />
<meta property="og:type" content="article" />
<meta property="og:title" content="Polilingua - język niemiecki - Studium Języków Obcych" />
<meta property="og:description" content="KURSY JĘZYKA NIEMIECKIEGO W ROKU AKADEMICKIM 2020/2021 Zespół germanistów zaprasza na odpłatne kursy językowe na poziomach A1-B2. Oferujemy naukę języka" />
<meta property="og:url" content="https://pb.edu.pl/sjo/oferta-sjo/kursy-jezykowe/polilingua-jezyk-niemiecki/" />
<meta property="og:site_name" content="Studium Języków Obcych" />
<meta property="article:modified_time" content="2020-12-27T18:28:53+00:00" />
<script type="application/ld+json" class="yoast-schema-graph">{"@context":"https://schema.org","@graph":[{"@type":"WebPage","@id":"https://pb.edu.pl/sjo/oferta-sjo/kursy-jezykowe/polilingua-jezyk-niemiecki/","url":"https://pb.edu.pl/sjo/oferta-sjo/kursy-jezykowe/polilingua-jezyk-niemiecki/","name":"Polilingua - język niemiecki - Studium Języków Obcych","isPartOf":{"@id":"https://pb.edu.pl/sjo/#website"},"datePublished":"2017-11-27T20:24:43+00:00","dateModified":"2020-12-27T18:28:53+00:00","description":"KURSY JĘZYKA NIEMIECKIEGO W ROKU AKADEMICKIM 2020/2021 Zespół germanistów zaprasza na odpłatne kursy językowe na poziomach A1-B2. Oferujemy naukę języka","breadcrumb":{"@id":"https://pb.edu.pl/sjo/oferta-sjo/kursy-jezykowe/polilingua-jezyk-niemiecki/#breadcrumb"},"inLanguage":"pl-PL","potentialAction":[{"@type":"ReadAction","target":["https://pb.edu.pl/sjo/oferta-sjo/kursy-jezykowe/polilingua-jezyk-niemiecki/"]}]},{"@type":"BreadcrumbList","@id":"https://pb.edu.pl/sjo/oferta-sjo/kursy-jezykowe/polilingua-jezyk-niemiecki/#breadcrumb","itemListElement":[{"@type":"ListItem","position":1,"name":"Home","item":"https://pb.edu.pl/sjo/"},{"@type":"ListItem","position":2,"name":"Oferta komercyjna SJO","item":"https://pb.edu.pl/sjo/oferta-sjo/"},{"@type":"ListItem","position":3,"name":"Kursy językowe","item":"https://pb.edu.pl/sjo/oferta-sjo/kursy-jezykowe/"},{"@type":"ListItem","position":4,"name":"Polilingua &#8211; język niemiecki"}]},{"@type":"WebSite","@id":"https://pb.edu.pl/sjo/#website","url":"https://pb.edu.pl/sjo/","name":"Studium Języków Obcych","description":"","potentialAction":[{"@type":"SearchAction","target":{"@type":"EntryPoint","urlTemplate":"https://pb.edu.pl/sjo/?s={search_term_string}"},"query-input":{"@type":"PropertyValueSpecification","valueRequired":true,"valueName":"search_term_string"}}],"inLanguage":"pl-PL"}]}</script>
<!-- / Yoast SEO plugin. -->

Polilingua - język niemiecki - Studium Języków Obcych

KURSY JĘZYKA NIEMIECKIEGO W ROKU AKADEMICKIM 2020/2021 Zespół germanistów zaprasza na odpłatne kursy językowe na poziomach A1-B2. Oferujemy naukę języka

Studium Języków Obcych

Kursy językowe
