{"id":25399,"date":"2024-04-20T19:12:33","date_gmt":"2024-04-20T17:12:33","guid":{"rendered":"https:\/\/pb.edu.pl\/sjo\/?page_id=25399"},"modified":"2024-04-22T15:14:01","modified_gmt":"2024-04-22T13:14:01","slug":"xx-podlaski-festiwal-nauki-i-sztuki","status":"publish","type":"page","link":"https:\/\/pb.edu.pl\/sjo\/wydarzenia-sjo\/xx-podlaski-festiwal-nauki-i-sztuki\/","title":{"rendered":"XX Podlaski Festiwal Nauki i Sztuki"},"content":{"rendered":"<h2><img loading=\"lazy\" decoding=\"async\" class=\"alignleft wp-image-25401\" src=\"https:\/\/pb.edu.pl\/sjo\/wp-content\/uploads\/sites\/9\/2024\/04\/2024-03-XX-PFNIS-www-300x188.jpg\" alt=\"\" width=\"350\" height=\"219\" srcset=\"https:\/\/pb.edu.pl\/sjo\/wp-content\/uploads\/sites\/9\/2024\/04\/2024-03-XX-PFNIS-www-300x188.jpg 300w, https:\/\/pb.edu.pl\/sjo\/wp-content\/uploads\/sites\/9\/2024\/04\/2024-03-XX-PFNIS-www-1024x640.jpg 1024w, https:\/\/pb.edu.pl\/sjo\/wp-content\/uploads\/sites\/9\/2024\/04\/2024-03-XX-PFNIS-www-768x480.jpg 768w, https:\/\/pb.edu.pl\/sjo\/wp-content\/uploads\/sites\/9\/2024\/04\/2024-03-XX-PFNIS-www-480x300.jpg 480w, https:\/\/pb.edu.pl\/sjo\/wp-content\/uploads\/sites\/9\/2024\/04\/2024-03-XX-PFNIS-www.jpg 1080w\" sizes=\"auto, (max-width: 350px) 100vw, 350px\" \/>Ju\u017c w maju rusza XX Podlaski Festiwal Nauki i Sztuki. To doskona\u0142a okazja, aby spojrze\u0107 na nauk\u0119 z innej strony! Bawi\u0107 si\u0119 i poznawa\u0107 \u015bwiat jednocze\u015bnie! Prze\u017cy\u0107 niezapomnian\u0105 przygod\u0119!<\/h2>\n<h2><span class=\"ILfuVd\" lang=\"pl\"><span class=\"hgKElc\">Has\u0142o tegorocznego festiwalu to zdanie wypowiedziane przez nasz\u0105 noblistk\u0119 Mari\u0119 Sk\u0142odowsk\u0105-Curie \u201e<b>Niczego w \u017cyciu nie nale\u017cy si\u0119 ba\u0107, nale\u017cy to tylko zrozumie\u0107<\/b>\u201d.<\/span><\/span><\/h2>\n<div style=\"clear: both\">&nbsp;<\/div>\n<p>Politechnika Bia\u0142ostocka zaprasza <strong>13 maja<\/strong> na <a href=\"https:\/\/podlaskifestiwal.pl\/program\/lista-imprez\/?data_imprezy=&amp;sciezka_dydaktyczna=&amp;odbiorca_imprezy=wszyscy+zainteresowani&amp;grupa_docelowa=&amp;organizator=123&amp;title=&amp;rodzaj_imprezy=&amp;miasto_imprezy=&amp;dostepnosc_imprezy=\">szereg ciekawych spotka\u0144<\/a>.<br \/>\nStudium J\u0119zyk\u00f3w Obcych przygotowa\u0142o:<br \/>\n<a href=\"https:\/\/podlaskifestiwal.pl\/imprezy\/test-your-technical-english-online\/\">Test Your Technical English Online<\/a> &#8211; mgr Anna Kalisz<br \/>\n<a href=\"https:\/\/podlaskifestiwal.pl\/imprezy\/pen-pals-laczenie-dzieci-z-polski-i-kalifornii-poprzez-pisanie-listow\/\">Pen Pals \u2013 \u0142\u0105czenie dzieci z Polski i Kalifornii poprzez pisanie list\u00f3w<\/a> &#8211; mgr Aniela Staszewska, mgr Sylwia Dobkowska, Cailyn Stewart<br \/>\n<a href=\"https:\/\/podlaskifestiwal.pl\/imprezy\/polski-spiewajaco-slysze-rozumiem-spiewam-wiem\/\">POLSKI \u015aPIEWAJ\u0104CO \u2013 s\u0142ysz\u0119, rozumiem, \u015bpiewam, wiem<\/a> &#8211; mgr Dorota Szuper-Jakubiuk<br \/>\n&nbsp;<\/p>\n<p><a href=\"https:\/\/pb.edu.pl\/2024\/04\/12\/politechnika-bialostocka-zaprasza-na-xx-podlaski-festiwal-nauki-i-sztuki\/\">XX Podlaski Festiwal Nauki i Sztuki na Politechnice Bia\u0142ostockiej<\/a>.<\/p>\n<p>Wst\u0119p na wszystkie imprezy zaplanowane przez Politechnik\u0119 Bia\u0142ostock\u0105 w ramach XX Podlaskiego Festiwalu Nauki i Sztuki jest bezp\u0142atny.<br \/>\nDzia\u0142ania SJO w ramach Festiwalu koordynuje dr Ma\u0142gorzata Ciereszko.<\/p>\n","protected":false},"excerpt":{"rendered":"<p>Ju\u017c w maju rusza XX Podlaski Festiwal Nauki i Sztuki. To doskona\u0142a okazja, aby spojrze\u0107<\/p>\n","protected":false},"author":38,"featured_media":0,"parent":10915,"menu_order":0,"comment_status":"closed","ping_status":"closed","template":"","meta":{"_acf_changed":false,"ngg_post_thumbnail":0,"footnotes":""},"class_list":["post-25399","page","type-page","status-publish","hentry"],"acf":[],"yoast_head":"<!-- This site is optimized with the Yoast SEO plugin v27.0 - https:\/\/yoast.com\/product\/yoast-seo-wordpress\/ -->\n<title>XX Podlaski Festiwal Nauki i Sztuki - Studium J\u0119zyk\u00f3w Obcych<\/title>\n<meta name=\"description\" content=\"Ju\u017c w maju rusza XX Podlaski Festiwal Nauki i Sztuki. To doskona\u0142a okazja, aby spojrze\u0107 na nauk\u0119 z innej strony! Bawi\u0107 si\u0119 i poznawa\u0107 \u015bwiat jednocze\u015bnie!\" \/>\n<meta name=\"robots\" content=\"index, follow, max-snippet:-1, max-image-preview:large, max-video-preview:-1\" \/>\n<link rel=\"canonical\" href=\"https:\/\/pb.edu.pl\/sjo\/wydarzenia-sjo\/xx-podlaski-festiwal-nauki-i-sztuki\/\" \/>\n<meta property=\"og:locale\" content=\"pl_PL\" \/>\n<meta property=\"og:type\" content=\"article\" \/>\n<meta property=\"og:title\" content=\"XX Podlaski Festiwal Nauki i Sztuki - Studium J\u0119zyk\u00f3w Obcych\" \/>\n<meta property=\"og:description\" content=\"Ju\u017c w maju rusza XX Podlaski Festiwal Nauki i Sztuki. To doskona\u0142a okazja, aby spojrze\u0107 na nauk\u0119 z innej strony! Bawi\u0107 si\u0119 i poznawa\u0107 \u015bwiat jednocze\u015bnie!\" \/>\n<meta property=\"og:url\" content=\"https:\/\/pb.edu.pl\/sjo\/wydarzenia-sjo\/xx-podlaski-festiwal-nauki-i-sztuki\/\" \/>\n<meta property=\"og:site_name\" content=\"Studium J\u0119zyk\u00f3w Obcych\" \/>\n<meta property=\"article:modified_time\" content=\"2024-04-22T13:14:01+00:00\" \/>\n<meta property=\"og:image\" content=\"https:\/\/pb.edu.pl\/sjo\/wp-content\/uploads\/sites\/9\/2024\/04\/2024-03-XX-PFNIS-www-300x188.jpg\" \/>\n<meta name=\"twitter:label1\" content=\"Szacowany czas czytania\" \/>\n\t<meta name=\"twitter:data1\" content=\"2 minuty\" \/>\n<script type=\"application\/ld+json\" class=\"yoast-schema-graph\">{\"@context\":\"https:\/\/schema.org\",\"@graph\":[{\"@type\":\"WebPage\",\"@id\":\"https:\/\/pb.edu.pl\/sjo\/wydarzenia-sjo\/xx-podlaski-festiwal-nauki-i-sztuki\/\",\"url\":\"https:\/\/pb.edu.pl\/sjo\/wydarzenia-sjo\/xx-podlaski-festiwal-nauki-i-sztuki\/\",\"name\":\"XX Podlaski Festiwal Nauki i Sztuki - Studium J\u0119zyk\u00f3w Obcych\",\"isPartOf\":{\"@id\":\"https:\/\/pb.edu.pl\/sjo\/#website\"},\"primaryImageOfPage\":{\"@id\":\"https:\/\/pb.edu.pl\/sjo\/wydarzenia-sjo\/xx-podlaski-festiwal-nauki-i-sztuki\/#primaryimage\"},\"image\":{\"@id\":\"https:\/\/pb.edu.pl\/sjo\/wydarzenia-sjo\/xx-podlaski-festiwal-nauki-i-sztuki\/#primaryimage\"},\"thumbnailUrl\":\"https:\/\/pb.edu.pl\/sjo\/wp-content\/uploads\/sites\/9\/2024\/04\/2024-03-XX-PFNIS-www-300x188.jpg\",\"datePublished\":\"2024-04-20T17:12:33+00:00\",\"dateModified\":\"2024-04-22T13:14:01+00:00\",\"description\":\"Ju\u017c w maju rusza XX Podlaski Festiwal Nauki i Sztuki. To doskona\u0142a okazja, aby spojrze\u0107 na nauk\u0119 z innej strony! Bawi\u0107 si\u0119 i poznawa\u0107 \u015bwiat jednocze\u015bnie!\",\"breadcrumb\":{\"@id\":\"https:\/\/pb.edu.pl\/sjo\/wydarzenia-sjo\/xx-podlaski-festiwal-nauki-i-sztuki\/#breadcrumb\"},\"inLanguage\":\"pl-PL\",\"potentialAction\":[{\"@type\":\"ReadAction\",\"target\":[\"https:\/\/pb.edu.pl\/sjo\/wydarzenia-sjo\/xx-podlaski-festiwal-nauki-i-sztuki\/\"]}]},{\"@type\":\"ImageObject\",\"inLanguage\":\"pl-PL\",\"@id\":\"https:\/\/pb.edu.pl\/sjo\/wydarzenia-sjo\/xx-podlaski-festiwal-nauki-i-sztuki\/#primaryimage\",\"url\":\"https:\/\/pb.edu.pl\/sjo\/wp-content\/uploads\/sites\/9\/2024\/04\/2024-03-XX-PFNIS-www.jpg\",\"contentUrl\":\"https:\/\/pb.edu.pl\/sjo\/wp-content\/uploads\/sites\/9\/2024\/04\/2024-03-XX-PFNIS-www.jpg\",\"width\":1080,\"height\":675},{\"@type\":\"BreadcrumbList\",\"@id\":\"https:\/\/pb.edu.pl\/sjo\/wydarzenia-sjo\/xx-podlaski-festiwal-nauki-i-sztuki\/#breadcrumb\",\"itemListElement\":[{\"@type\":\"ListItem\",\"position\":1,\"name\":\"Home\",\"item\":\"https:\/\/pb.edu.pl\/sjo\/\"},{\"@type\":\"ListItem\",\"position\":2,\"name\":\"Wydarzenia SJO\",\"item\":\"https:\/\/pb.edu.pl\/sjo\/wydarzenia-sjo\/\"},{\"@type\":\"ListItem\",\"position\":3,\"name\":\"XX Podlaski Festiwal Nauki i Sztuki\"}]},{\"@type\":\"WebSite\",\"@id\":\"https:\/\/pb.edu.pl\/sjo\/#website\",\"url\":\"https:\/\/pb.edu.pl\/sjo\/\",\"name\":\"Studium J\u0119zyk\u00f3w Obcych\",\"description\":\"\",\"potentialAction\":[{\"@type\":\"SearchAction\",\"target\":{\"@type\":\"EntryPoint\",\"urlTemplate\":\"https:\/\/pb.edu.pl\/sjo\/?s={search_term_string}\"},\"query-input\":{\"@type\":\"PropertyValueSpecification\",\"valueRequired\":true,\"valueName\":\"search_term_string\"}}],\"inLanguage\":\"pl-PL\"}]}<\/script>\n<!-- \/ Yoast SEO plugin. -->","yoast_head_json":{"title":"XX Podlaski Festiwal Nauki i Sztuki - Studium J\u0119zyk\u00f3w Obcych","description":"Ju\u017c w maju rusza XX Podlaski Festiwal Nauki i Sztuki. To doskona\u0142a okazja, aby spojrze\u0107 na nauk\u0119 z innej strony! Bawi\u0107 si\u0119 i poznawa\u0107 \u015bwiat jednocze\u015bnie!","robots":{"index":"index","follow":"follow","max-snippet":"max-snippet:-1","max-image-preview":"max-image-preview:large","max-video-preview":"max-video-preview:-1"},"canonical":"https:\/\/pb.edu.pl\/sjo\/wydarzenia-sjo\/xx-podlaski-festiwal-nauki-i-sztuki\/","og_locale":"pl_PL","og_type":"article","og_title":"XX Podlaski Festiwal Nauki i Sztuki - Studium J\u0119zyk\u00f3w Obcych","og_description":"Ju\u017c w maju rusza XX Podlaski Festiwal Nauki i Sztuki. To doskona\u0142a okazja, aby spojrze\u0107 na nauk\u0119 z innej strony! Bawi\u0107 si\u0119 i poznawa\u0107 \u015bwiat jednocze\u015bnie!","og_url":"https:\/\/pb.edu.pl\/sjo\/wydarzenia-sjo\/xx-podlaski-festiwal-nauki-i-sztuki\/","og_site_name":"Studium J\u0119zyk\u00f3w Obcych","article_modified_time":"2024-04-22T13:14:01+00:00","og_image":[{"url":"https:\/\/pb.edu.pl\/sjo\/wp-content\/uploads\/sites\/9\/2024\/04\/2024-03-XX-PFNIS-www-300x188.jpg","type":"","width":"","height":""}],"twitter_misc":{"Szacowany czas czytania":"2 minuty"},"schema":{"@context":"https:\/\/schema.org","@graph":[{"@type":"WebPage","@id":"https:\/\/pb.edu.pl\/sjo\/wydarzenia-sjo\/xx-podlaski-festiwal-nauki-i-sztuki\/","url":"https:\/\/pb.edu.pl\/sjo\/wydarzenia-sjo\/xx-podlaski-festiwal-nauki-i-sztuki\/","name":"XX Podlaski Festiwal Nauki i Sztuki - Studium J\u0119zyk\u00f3w Obcych","isPartOf":{"@id":"https:\/\/pb.edu.pl\/sjo\/#website"},"primaryImageOfPage":{"@id":"https:\/\/pb.edu.pl\/sjo\/wydarzenia-sjo\/xx-podlaski-festiwal-nauki-i-sztuki\/#primaryimage"},"image":{"@id":"https:\/\/pb.edu.pl\/sjo\/wydarzenia-sjo\/xx-podlaski-festiwal-nauki-i-sztuki\/#primaryimage"},"thumbnailUrl":"https:\/\/pb.edu.pl\/sjo\/wp-content\/uploads\/sites\/9\/2024\/04\/2024-03-XX-PFNIS-www-300x188.jpg","datePublished":"2024-04-20T17:12:33+00:00","dateModified":"2024-04-22T13:14:01+00:00","description":"Ju\u017c w maju rusza XX Podlaski Festiwal Nauki i Sztuki. To doskona\u0142a okazja, aby spojrze\u0107 na nauk\u0119 z innej strony! Bawi\u0107 si\u0119 i poznawa\u0107 \u015bwiat jednocze\u015bnie!","breadcrumb":{"@id":"https:\/\/pb.edu.pl\/sjo\/wydarzenia-sjo\/xx-podlaski-festiwal-nauki-i-sztuki\/#breadcrumb"},"inLanguage":"pl-PL","potentialAction":[{"@type":"ReadAction","target":["https:\/\/pb.edu.pl\/sjo\/wydarzenia-sjo\/xx-podlaski-festiwal-nauki-i-sztuki\/"]}]},{"@type":"ImageObject","inLanguage":"pl-PL","@id":"https:\/\/pb.edu.pl\/sjo\/wydarzenia-sjo\/xx-podlaski-festiwal-nauki-i-sztuki\/#primaryimage","url":"https:\/\/pb.edu.pl\/sjo\/wp-content\/uploads\/sites\/9\/2024\/04\/2024-03-XX-PFNIS-www.jpg","contentUrl":"https:\/\/pb.edu.pl\/sjo\/wp-content\/uploads\/sites\/9\/2024\/04\/2024-03-XX-PFNIS-www.jpg","width":1080,"height":675},{"@type":"BreadcrumbList","@id":"https:\/\/pb.edu.pl\/sjo\/wydarzenia-sjo\/xx-podlaski-festiwal-nauki-i-sztuki\/#breadcrumb","itemListElement":[{"@type":"ListItem","position":1,"name":"Home","item":"https:\/\/pb.edu.pl\/sjo\/"},{"@type":"ListItem","position":2,"name":"Wydarzenia SJO","item":"https:\/\/pb.edu.pl\/sjo\/wydarzenia-sjo\/"},{"@type":"ListItem","position":3,"name":"XX Podlaski Festiwal Nauki i Sztuki"}]},{"@type":"WebSite","@id":"https:\/\/pb.edu.pl\/sjo\/#website","url":"https:\/\/pb.edu.pl\/sjo\/","name":"Studium J\u0119zyk\u00f3w Obcych","description":"","potentialAction":[{"@type":"SearchAction","target":{"@type":"EntryPoint","urlTemplate":"https:\/\/pb.edu.pl\/sjo\/?s={search_term_string}"},"query-input":{"@type":"PropertyValueSpecification","valueRequired":true,"valueName":"search_term_string"}}],"inLanguage":"pl-PL"}]}},"_links":{"self":[{"href":"https:\/\/pb.edu.pl\/sjo\/wp-json\/wp\/v2\/pages\/25399","targetHints":{"allow":["GET"]}}],"collection":[{"href":"https:\/\/pb.edu.pl\/sjo\/wp-json\/wp\/v2\/pages"}],"about":[{"href":"https:\/\/pb.edu.pl\/sjo\/wp-json\/wp\/v2\/types\/page"}],"author":[{"embeddable":true,"href":"https:\/\/pb.edu.pl\/sjo\/wp-json\/wp\/v2\/users\/38"}],"replies":[{"embeddable":true,"href":"https:\/\/pb.edu.pl\/sjo\/wp-json\/wp\/v2\/comments?post=25399"}],"version-history":[{"count":0,"href":"https:\/\/pb.edu.pl\/sjo\/wp-json\/wp\/v2\/pages\/25399\/revisions"}],"up":[{"embeddable":true,"href":"https:\/\/pb.edu.pl\/sjo\/wp-json\/wp\/v2\/pages\/10915"}],"wp:attachment":[{"href":"https:\/\/pb.edu.pl\/sjo\/wp-json\/wp\/v2\/media?parent=25399"}],"curies":[{"name":"wp","href":"https:\/\/api.w.org\/{rel}","templated":true}]}}