{"id":24225,"date":"2024-02-23T15:45:43","date_gmt":"2024-02-23T14:45:43","guid":{"rendered":"https:\/\/pb.edu.pl\/sjo\/?page_id=24225"},"modified":"2024-04-22T13:02:16","modified_gmt":"2024-04-22T11:02:16","slug":"mural","status":"publish","type":"page","link":"https:\/\/pb.edu.pl\/sjo\/wydarzenia-sjo\/mural\/","title":{"rendered":"Mural"},"content":{"rendered":"<p>Chcemy, by Studium J\u0119zyk\u00f3w Obcych sta\u0142o si\u0119 dla Was miejscem nie tylko obowi\u0105zkowych zaj\u0119\u0107 j\u0119zykowych, ale tak\u017ce <a href=\"https:\/\/pb.edu.pl\/sjo\/2023\/10\/30\/22598\/\">warto\u015bciowych kurs\u00f3w<\/a>, <a href=\"https:\/\/pb.edu.pl\/sjo\/wydarzenia-sjo\/\">wydarze\u0144<\/a>, <a href=\"https:\/\/pb.edu.pl\/sjo\/2023\/05\/11\/bookcrossing-w-sjo\/\">miejscem, gdzie mo\u017cecie przygarn\u0105\u0107 fajn\u0105 ksi\u0105\u017ck\u0119<\/a>, <a href=\"https:\/\/pb.edu.pl\/sjo\/dla-studenta\/egzaminy\/\">zdoby\u0107 cenny certyfikat<\/a>, <a href=\"https:\/\/pb.edu.pl\/sjo\/2023\/10\/11\/kurs-angielskiego-z-native-speakerem-za-darmo\/\">rozgada\u0107 si\u0119<\/a>, <a href=\"https:\/\/pb.edu.pl\/sjo\/projekty-2-2\/baltic-university-programme\/\">rozwija\u0107 si\u0119 naukowo w mi\u0119dzynarodowym \u015brodowisku,<\/a> <a href=\"https:\/\/pb.edu.pl\/sjo\/2023\/10\/27\/22561\/\">porozmawia\u0107 o tym, co w \u017cyciu wa\u017cne i w czym jeste\u015bcie wyj\u0105tkowi<\/a>.&nbsp;<\/p>\n<p>Zale\u017cy nam te\u017c, by miejsca, w kt\u00f3rych na co dzie\u0144 sp\u0119dzacie czas by\u0142y przyjazne, wi\u0119c postanowili\u015bmy sprawi\u0107, by klatka schodowa SJO od\u017cy\u0142a!<\/p>\n<p>W listopadzie 2023 r. og\u0142osili\u015bmy <a href=\"https:\/\/pb.edu.pl\/sjo\/2023\/11\/07\/oglaszamy-konkurs\/\">konkurs na projekt muralu<\/a>. Do konkursu zaprosili\u015bmy student\u00f3w <strong>Wydzia\u0142u Architektury PB<\/strong>. Pod czujnym okiem Prodziekan ds. Studenckich i Kszta\u0142cenia, dr Magdaleny Toczyd\u0142owskiej mieli za zadanie stworzy\u0107 projekt(y) murali reprezentuj\u0105cych j\u0119zyki, kt\u00f3rych uczymy w Studium J\u0119zyk\u00f3w Obcych PB &#8211; <strong>angielski, hiszpa\u0144ski, niemiecki i polski<\/strong>. Projekty mia\u0142y uwzgl\u0119dnia\u0107 charakterystyczne dla danego j\u0119zyka\/ regionu tropy kulturowe.<\/p>\n<div class=\"mixcloud\">\n<div class=\"embed-responsive embed-responsive-16by9\"><iframe loading=\"lazy\" title=\"Konkurs Na Projekt Muralu Do Studium J\u0119zyk\u00f3w Obcych Politechniki Bia\u0142ostockej\" width=\"100%\" height=\"120\" src=\"https:\/\/www.mixcloud.com\/widget\/iframe\/?feed=https%3A%2F%2Fwww.mixcloud.com%2FRADIO_AKADERA_87_7FM%2Fkonkurs-na-projekt-muralu-do-studium-j%25C4%2599zyk%25C3%25B3w-obcych-politechniki-bia%25C5%2582ostockej%2F&amp;hide_cover=1\" frameborder=\"0\" allow=\"encrypted-media; fullscreen; autoplay; idle-detection; speaker-selection; web-share;\"><\/iframe><\/div>\n<\/div>\n<p>W konkursie udzia\u0142 wzi\u0119\u0142o 34 uczestnik\u00f3w z kierunk\u00f3w: Architektura, Architektura wn\u0119trz oraz Grafika.<\/p>\n<p>Komisja wybra\u0142a 4 <strong>projekty p. Weroniki Konopki<\/strong>. Zwyci\u0119skie prace zosta\u0142y zrealizowane w ramach zaj\u0119\u0107 z przedmiotu &#8222;Ilustracja&#8221; prowadzonych przez dr Magdalen\u0119 Toczyd\u0142owsk\u0105 na VII semestrze grafiki.<\/p>\n<p>Zobaczcie zwyci\u0119skie projekty. Gratulujemy p. Weronice!<\/p>\nngg_shortcode_0_placeholder\n<h3>Uroczyste ods\u0142oni\u0119cie murali odb\u0119dzie si\u0119 17.04.2024 r. jako cz\u0119\u015b\u0107 obchod\u00f3w 60-lecia SJO.<\/h3>\n<p>Jednak ju\u017c teraz mo\u017cecie je ogl\u0105da\u0107 id\u0105c na lektoraty. Jak si\u0119 Wam podobaj\u0105?<\/p>\n<p>Na konkurs wp\u0142yn\u0119\u0142o du\u017co naprawd\u0119 \u015bwietnych projekt\u00f3w &#8211; radosnych, kolorowych i dynamicznych.&nbsp; Od nowego semestru b\u0119dziecie mogli je obejrze\u0107 w SJO.<\/p>\n<p>Fundatorem nagr\u00f3d jest <a href=\"https:\/\/sroda.com.pl\/\">Kancelaria \u015aroda<\/a>, a materia\u0142y do wykonania muralu zapewnia firma <a href=\"https:\/\/benmar.com.pl\/\">Benmar<\/a>.<\/p>\n<p>Patronem medialnym konkursu jest <a href=\"https:\/\/akadera.bialystok.pl\/\">Radio Akadera<\/a>.<br \/>\n<a href=\"https:\/\/www.mixcloud.com\/RADIO_AKADERA_87_7FM\/konkurs-na-projekt-muralu-do-studium-j%C4%99zyk%C3%B3w-obcych-politechniki-bia%C5%82ostockej\/\">Pos\u0142uchajcie<\/a> kr\u00f3tkiej rozmowy <span id=\"L1\">mgr Violetty Grabi\u0144skiej, kierownika Studium J\u0119zyk\u00f3w Obcych Politechniki Bia\u0142ostockiej na temat muralu.<\/span><\/p>\n<p><img loading=\"lazy\" decoding=\"async\" class=\"wp-image-22796 size-large aligncenter\" src=\"https:\/\/pb.edu.pl\/sjo\/wp-content\/uploads\/sites\/9\/2023\/11\/mural-pasek-1024x184.png\" alt=\"\" width=\"1024\" height=\"184\" srcset=\"https:\/\/pb.edu.pl\/sjo\/wp-content\/uploads\/sites\/9\/2023\/11\/mural-pasek-1024x184.png 1024w, https:\/\/pb.edu.pl\/sjo\/wp-content\/uploads\/sites\/9\/2023\/11\/mural-pasek-300x54.png 300w, https:\/\/pb.edu.pl\/sjo\/wp-content\/uploads\/sites\/9\/2023\/11\/mural-pasek-768x138.png 768w, https:\/\/pb.edu.pl\/sjo\/wp-content\/uploads\/sites\/9\/2023\/11\/mural-pasek-1536x275.png 1536w, https:\/\/pb.edu.pl\/sjo\/wp-content\/uploads\/sites\/9\/2023\/11\/mural-pasek-2048x367.png 2048w\" sizes=\"auto, (max-width: 1024px) 100vw, 1024px\" \/><\/p>\n\t\t<div class=\"box news-box \">\n\t\t<div class=\"row\">\n\t\t\t\n\t\t\t\n\t\t\t\t\n\t\t\t\t\t\t\t\t\t\t<div class=\"col-sm-3\">\n\t\t\t\t\t\t\t\n<article class=\"format-standard\">\n    <span class=\"date text-right\"><i class=\"fal fa-calendar-alt\"><\/i> 21-04-2024<\/span>\n    <a href=\"https:\/\/pb.edu.pl\/sjo\/2024\/04\/21\/uroczyste-odsloniecie-muralu-sjo\/\">\n      <div class=\"article-image\">\n        <img loading=\"lazy\" decoding=\"async\" width=\"480\" height=\"300\" src=\"https:\/\/pb.edu.pl\/sjo\/wp-content\/uploads\/sites\/9\/2024\/04\/2024-04-17-Jubileusz-SJO-fot-Dariusz-Piekut-65-480x300.jpg\" class=\"attachment-medium-image-16x10 size-medium-image-16x10 wp-post-image\" alt=\"\" srcset=\"https:\/\/pb.edu.pl\/sjo\/wp-content\/uploads\/sites\/9\/2024\/04\/2024-04-17-Jubileusz-SJO-fot-Dariusz-Piekut-65-480x300.jpg 480w, https:\/\/pb.edu.pl\/sjo\/wp-content\/uploads\/sites\/9\/2024\/04\/2024-04-17-Jubileusz-SJO-fot-Dariusz-Piekut-65-300x188.jpg 300w, https:\/\/pb.edu.pl\/sjo\/wp-content\/uploads\/sites\/9\/2024\/04\/2024-04-17-Jubileusz-SJO-fot-Dariusz-Piekut-65-1024x640.jpg 1024w, https:\/\/pb.edu.pl\/sjo\/wp-content\/uploads\/sites\/9\/2024\/04\/2024-04-17-Jubileusz-SJO-fot-Dariusz-Piekut-65-768x480.jpg 768w, https:\/\/pb.edu.pl\/sjo\/wp-content\/uploads\/sites\/9\/2024\/04\/2024-04-17-Jubileusz-SJO-fot-Dariusz-Piekut-65-1536x960.jpg 1536w, https:\/\/pb.edu.pl\/sjo\/wp-content\/uploads\/sites\/9\/2024\/04\/2024-04-17-Jubileusz-SJO-fot-Dariusz-Piekut-65-2048x1280.jpg 2048w\" sizes=\"auto, (max-width: 480px) 100vw, 480px\" \/>      <\/div>\n      <h3>Uroczyste ods\u0142oni\u0119cie muralu SJO<\/h3>\n      Wymarzyli\u015bmy sobie mural w Studium J\u0119zyk\u00f3w Obcych&#8230; We wsp\u00f3\u0142pracy z Wydzia\u0142em    <\/a>\n<\/article>\t\t\t\t\t\t<\/div>\n\t\t\t\t\t\t\t\t\t\t\t<div class=\"col-sm-3\">\n\t\t\t\t\t\t\t\n<article class=\"format-standard\">\n    <span class=\"date text-right\"><i class=\"fal fa-calendar-alt\"><\/i> 08-02-2024<\/span>\n    <a href=\"https:\/\/pb.edu.pl\/sjo\/2024\/02\/08\/wyniki-konkursu-na-projekt-muralu-w-sjo\/\">\n      <div class=\"article-image\">\n        <img loading=\"lazy\" decoding=\"async\" width=\"480\" height=\"300\" src=\"https:\/\/pb.edu.pl\/sjo\/wp-content\/uploads\/sites\/9\/2024\/02\/konkurs-na-mural-w-sjo1-480x300.png\" class=\"attachment-medium-image-16x10 size-medium-image-16x10 wp-post-image\" alt=\"\" srcset=\"https:\/\/pb.edu.pl\/sjo\/wp-content\/uploads\/sites\/9\/2024\/02\/konkurs-na-mural-w-sjo1-480x300.png 480w, https:\/\/pb.edu.pl\/sjo\/wp-content\/uploads\/sites\/9\/2024\/02\/konkurs-na-mural-w-sjo1-300x188.png 300w, https:\/\/pb.edu.pl\/sjo\/wp-content\/uploads\/sites\/9\/2024\/02\/konkurs-na-mural-w-sjo1-1024x640.png 1024w, https:\/\/pb.edu.pl\/sjo\/wp-content\/uploads\/sites\/9\/2024\/02\/konkurs-na-mural-w-sjo1-768x480.png 768w, https:\/\/pb.edu.pl\/sjo\/wp-content\/uploads\/sites\/9\/2024\/02\/konkurs-na-mural-w-sjo1.png 1080w\" sizes=\"auto, (max-width: 480px) 100vw, 480px\" \/>      <\/div>\n      <h3>Wyniki konkursu na projekt muralu w SJO<\/h3>\n      Chcemy, \u017ceby\u015bcie ch\u0119tnie do nas przychodzili. Nie tylko po wiedz\u0119. Zale\u017cy    <\/a>\n<\/article>\t\t\t\t\t\t<\/div>\n\t\t\t\t\t\n\t\t\t\t\n\t\t\t\t\t<\/div>\n\t\t\t\t\t<\/div>\n\n","protected":false},"excerpt":{"rendered":"<p>Chcemy, by Studium J\u0119zyk\u00f3w Obcych sta\u0142o si\u0119 dla Was miejscem nie tylko obowi\u0105zkowych zaj\u0119\u0107 j\u0119zykowych,<\/p>\n","protected":false},"author":6,"featured_media":0,"parent":10915,"menu_order":0,"comment_status":"closed","ping_status":"closed","template":"","meta":{"_acf_changed":false,"ngg_post_thumbnail":0,"footnotes":""},"class_list":["post-24225","page","type-page","status-publish","hentry"],"acf":[],"yoast_head":"<!-- This site is optimized with the Yoast SEO plugin v27.0 - https:\/\/yoast.com\/product\/yoast-seo-wordpress\/ -->\n<title>Mural - Studium J\u0119zyk\u00f3w Obcych<\/title>\n<meta name=\"description\" content=\"Chcemy, by Studium J\u0119zyk\u00f3w Obcych sta\u0142o si\u0119 dla Was miejscem nie tylko obowi\u0105zkowych zaj\u0119\u0107 j\u0119zykowych, ale tak\u017ce warto\u015bciowych kurs\u00f3w, wydarze\u0144, miejscem,\" \/>\n<meta name=\"robots\" content=\"index, follow, max-snippet:-1, max-image-preview:large, max-video-preview:-1\" \/>\n<link rel=\"canonical\" href=\"https:\/\/pb.edu.pl\/sjo\/wydarzenia-sjo\/mural\/\" \/>\n<meta property=\"og:locale\" content=\"pl_PL\" \/>\n<meta property=\"og:type\" content=\"article\" \/>\n<meta property=\"og:title\" content=\"Mural - Studium J\u0119zyk\u00f3w Obcych\" \/>\n<meta property=\"og:description\" content=\"Chcemy, by Studium J\u0119zyk\u00f3w Obcych sta\u0142o si\u0119 dla Was miejscem nie tylko obowi\u0105zkowych zaj\u0119\u0107 j\u0119zykowych, ale tak\u017ce warto\u015bciowych kurs\u00f3w, wydarze\u0144, miejscem,\" \/>\n<meta property=\"og:url\" content=\"https:\/\/pb.edu.pl\/sjo\/wydarzenia-sjo\/mural\/\" \/>\n<meta property=\"og:site_name\" content=\"Studium J\u0119zyk\u00f3w Obcych\" \/>\n<meta property=\"article:modified_time\" content=\"2024-04-22T11:02:16+00:00\" \/>\n<meta property=\"og:image\" content=\"https:\/\/pb.edu.pl\/sjo\/wp-content\/uploads\/sites\/9\/2023\/11\/mural-pasek-1024x184.png\" \/>\n<meta name=\"twitter:label1\" content=\"Szacowany czas czytania\" \/>\n\t<meta name=\"twitter:data1\" content=\"2 minuty\" \/>\n<script type=\"application\/ld+json\" class=\"yoast-schema-graph\">{\"@context\":\"https:\/\/schema.org\",\"@graph\":[{\"@type\":\"WebPage\",\"@id\":\"https:\/\/pb.edu.pl\/sjo\/wydarzenia-sjo\/mural\/\",\"url\":\"https:\/\/pb.edu.pl\/sjo\/wydarzenia-sjo\/mural\/\",\"name\":\"Mural - Studium J\u0119zyk\u00f3w Obcych\",\"isPartOf\":{\"@id\":\"https:\/\/pb.edu.pl\/sjo\/#website\"},\"primaryImageOfPage\":{\"@id\":\"https:\/\/pb.edu.pl\/sjo\/wydarzenia-sjo\/mural\/#primaryimage\"},\"image\":{\"@id\":\"https:\/\/pb.edu.pl\/sjo\/wydarzenia-sjo\/mural\/#primaryimage\"},\"thumbnailUrl\":\"https:\/\/pb.edu.pl\/sjo\/wp-content\/uploads\/sites\/9\/2023\/11\/mural-pasek-1024x184.png\",\"datePublished\":\"2024-02-23T14:45:43+00:00\",\"dateModified\":\"2024-04-22T11:02:16+00:00\",\"description\":\"Chcemy, by Studium J\u0119zyk\u00f3w Obcych sta\u0142o si\u0119 dla Was miejscem nie tylko obowi\u0105zkowych zaj\u0119\u0107 j\u0119zykowych, ale tak\u017ce warto\u015bciowych kurs\u00f3w, wydarze\u0144, miejscem,\",\"breadcrumb\":{\"@id\":\"https:\/\/pb.edu.pl\/sjo\/wydarzenia-sjo\/mural\/#breadcrumb\"},\"inLanguage\":\"pl-PL\",\"potentialAction\":[{\"@type\":\"ReadAction\",\"target\":[\"https:\/\/pb.edu.pl\/sjo\/wydarzenia-sjo\/mural\/\"]}]},{\"@type\":\"ImageObject\",\"inLanguage\":\"pl-PL\",\"@id\":\"https:\/\/pb.edu.pl\/sjo\/wydarzenia-sjo\/mural\/#primaryimage\",\"url\":\"https:\/\/pb.edu.pl\/sjo\/wp-content\/uploads\/sites\/9\/2023\/11\/mural-pasek.png\",\"contentUrl\":\"https:\/\/pb.edu.pl\/sjo\/wp-content\/uploads\/sites\/9\/2023\/11\/mural-pasek.png\",\"width\":4535,\"height\":813},{\"@type\":\"BreadcrumbList\",\"@id\":\"https:\/\/pb.edu.pl\/sjo\/wydarzenia-sjo\/mural\/#breadcrumb\",\"itemListElement\":[{\"@type\":\"ListItem\",\"position\":1,\"name\":\"Home\",\"item\":\"https:\/\/pb.edu.pl\/sjo\/\"},{\"@type\":\"ListItem\",\"position\":2,\"name\":\"Wydarzenia SJO\",\"item\":\"https:\/\/pb.edu.pl\/sjo\/wydarzenia-sjo\/\"},{\"@type\":\"ListItem\",\"position\":3,\"name\":\"Mural\"}]},{\"@type\":\"WebSite\",\"@id\":\"https:\/\/pb.edu.pl\/sjo\/#website\",\"url\":\"https:\/\/pb.edu.pl\/sjo\/\",\"name\":\"Studium J\u0119zyk\u00f3w Obcych\",\"description\":\"\",\"potentialAction\":[{\"@type\":\"SearchAction\",\"target\":{\"@type\":\"EntryPoint\",\"urlTemplate\":\"https:\/\/pb.edu.pl\/sjo\/?s={search_term_string}\"},\"query-input\":{\"@type\":\"PropertyValueSpecification\",\"valueRequired\":true,\"valueName\":\"search_term_string\"}}],\"inLanguage\":\"pl-PL\"}]}<\/script>\n<!-- \/ Yoast SEO plugin. -->","yoast_head_json":{"title":"Mural - Studium J\u0119zyk\u00f3w Obcych","description":"Chcemy, by Studium J\u0119zyk\u00f3w Obcych sta\u0142o si\u0119 dla Was miejscem nie tylko obowi\u0105zkowych zaj\u0119\u0107 j\u0119zykowych, ale tak\u017ce warto\u015bciowych kurs\u00f3w, wydarze\u0144, miejscem,","robots":{"index":"index","follow":"follow","max-snippet":"max-snippet:-1","max-image-preview":"max-image-preview:large","max-video-preview":"max-video-preview:-1"},"canonical":"https:\/\/pb.edu.pl\/sjo\/wydarzenia-sjo\/mural\/","og_locale":"pl_PL","og_type":"article","og_title":"Mural - Studium J\u0119zyk\u00f3w Obcych","og_description":"Chcemy, by Studium J\u0119zyk\u00f3w Obcych sta\u0142o si\u0119 dla Was miejscem nie tylko obowi\u0105zkowych zaj\u0119\u0107 j\u0119zykowych, ale tak\u017ce warto\u015bciowych kurs\u00f3w, wydarze\u0144, miejscem,","og_url":"https:\/\/pb.edu.pl\/sjo\/wydarzenia-sjo\/mural\/","og_site_name":"Studium J\u0119zyk\u00f3w Obcych","article_modified_time":"2024-04-22T11:02:16+00:00","og_image":[{"url":"https:\/\/pb.edu.pl\/sjo\/wp-content\/uploads\/sites\/9\/2023\/11\/mural-pasek-1024x184.png","type":"","width":"","height":""}],"twitter_misc":{"Szacowany czas czytania":"2 minuty"},"schema":{"@context":"https:\/\/schema.org","@graph":[{"@type":"WebPage","@id":"https:\/\/pb.edu.pl\/sjo\/wydarzenia-sjo\/mural\/","url":"https:\/\/pb.edu.pl\/sjo\/wydarzenia-sjo\/mural\/","name":"Mural - Studium J\u0119zyk\u00f3w Obcych","isPartOf":{"@id":"https:\/\/pb.edu.pl\/sjo\/#website"},"primaryImageOfPage":{"@id":"https:\/\/pb.edu.pl\/sjo\/wydarzenia-sjo\/mural\/#primaryimage"},"image":{"@id":"https:\/\/pb.edu.pl\/sjo\/wydarzenia-sjo\/mural\/#primaryimage"},"thumbnailUrl":"https:\/\/pb.edu.pl\/sjo\/wp-content\/uploads\/sites\/9\/2023\/11\/mural-pasek-1024x184.png","datePublished":"2024-02-23T14:45:43+00:00","dateModified":"2024-04-22T11:02:16+00:00","description":"Chcemy, by Studium J\u0119zyk\u00f3w Obcych sta\u0142o si\u0119 dla Was miejscem nie tylko obowi\u0105zkowych zaj\u0119\u0107 j\u0119zykowych, ale tak\u017ce warto\u015bciowych kurs\u00f3w, wydarze\u0144, miejscem,","breadcrumb":{"@id":"https:\/\/pb.edu.pl\/sjo\/wydarzenia-sjo\/mural\/#breadcrumb"},"inLanguage":"pl-PL","potentialAction":[{"@type":"ReadAction","target":["https:\/\/pb.edu.pl\/sjo\/wydarzenia-sjo\/mural\/"]}]},{"@type":"ImageObject","inLanguage":"pl-PL","@id":"https:\/\/pb.edu.pl\/sjo\/wydarzenia-sjo\/mural\/#primaryimage","url":"https:\/\/pb.edu.pl\/sjo\/wp-content\/uploads\/sites\/9\/2023\/11\/mural-pasek.png","contentUrl":"https:\/\/pb.edu.pl\/sjo\/wp-content\/uploads\/sites\/9\/2023\/11\/mural-pasek.png","width":4535,"height":813},{"@type":"BreadcrumbList","@id":"https:\/\/pb.edu.pl\/sjo\/wydarzenia-sjo\/mural\/#breadcrumb","itemListElement":[{"@type":"ListItem","position":1,"name":"Home","item":"https:\/\/pb.edu.pl\/sjo\/"},{"@type":"ListItem","position":2,"name":"Wydarzenia SJO","item":"https:\/\/pb.edu.pl\/sjo\/wydarzenia-sjo\/"},{"@type":"ListItem","position":3,"name":"Mural"}]},{"@type":"WebSite","@id":"https:\/\/pb.edu.pl\/sjo\/#website","url":"https:\/\/pb.edu.pl\/sjo\/","name":"Studium J\u0119zyk\u00f3w Obcych","description":"","potentialAction":[{"@type":"SearchAction","target":{"@type":"EntryPoint","urlTemplate":"https:\/\/pb.edu.pl\/sjo\/?s={search_term_string}"},"query-input":{"@type":"PropertyValueSpecification","valueRequired":true,"valueName":"search_term_string"}}],"inLanguage":"pl-PL"}]}},"_links":{"self":[{"href":"https:\/\/pb.edu.pl\/sjo\/wp-json\/wp\/v2\/pages\/24225","targetHints":{"allow":["GET"]}}],"collection":[{"href":"https:\/\/pb.edu.pl\/sjo\/wp-json\/wp\/v2\/pages"}],"about":[{"href":"https:\/\/pb.edu.pl\/sjo\/wp-json\/wp\/v2\/types\/page"}],"author":[{"embeddable":true,"href":"https:\/\/pb.edu.pl\/sjo\/wp-json\/wp\/v2\/users\/6"}],"replies":[{"embeddable":true,"href":"https:\/\/pb.edu.pl\/sjo\/wp-json\/wp\/v2\/comments?post=24225"}],"version-history":[{"count":0,"href":"https:\/\/pb.edu.pl\/sjo\/wp-json\/wp\/v2\/pages\/24225\/revisions"}],"up":[{"embeddable":true,"href":"https:\/\/pb.edu.pl\/sjo\/wp-json\/wp\/v2\/pages\/10915"}],"wp:attachment":[{"href":"https:\/\/pb.edu.pl\/sjo\/wp-json\/wp\/v2\/media?parent=24225"}],"curies":[{"name":"wp","href":"https:\/\/api.w.org\/{rel}","templated":true}]}}