{"id":24223,"date":"2024-02-23T15:44:25","date_gmt":"2024-02-23T14:44:25","guid":{"rendered":"https:\/\/pb.edu.pl\/sjo\/?page_id=24223"},"modified":"2024-04-19T11:21:48","modified_gmt":"2024-04-19T09:21:48","slug":"sponsorzy","status":"publish","type":"page","link":"https:\/\/pb.edu.pl\/sjo\/wydarzenia-sjo\/jubileusz-60-lecia-sjo\/sponsorzy\/","title":{"rendered":"Sponsorzy"},"content":{"rendered":"<div class=\"row\">\n<div class=\"col-sm-4\"><img loading=\"lazy\" decoding=\"async\" class=\"wp-image-20035 size-full alignleft\" src=\"https:\/\/pb.edu.pl\/sjo\/wp-content\/uploads\/sites\/9\/2024\/02\/Bez-tytulu-500-x-250-px.png\" alt=\"\" width=\"300\" height=\"200\"><\/div>\n<div class=\"col-sm-8\">Zesp\u00f3\u0142 t\u0142umaczy i korektor\u00f3w zajmuj\u0105cy si\u0119 r\u00f3\u017cnymi j\u0119zykami europejskimi i nie tylko.<br \/>\n<a href=\"https:\/\/sroda.com.pl\/\">https:\/\/sroda.com.pl\/<\/a><\/div>\n<\/div>\n<hr>\n<div class=\"row\">\n<div class=\"col-sm-4\"><img loading=\"lazy\" decoding=\"async\" class=\"wp-image-20035 size-full alignleft\" src=\"https:\/\/pb.edu.pl\/sjo\/wp-content\/uploads\/sites\/9\/2024\/03\/benmar_jubileusz.png\" alt=\"\" width=\"300\" height=\"200\"><\/div>\n<div class=\"col-sm-8\">Firma dzia\u0142aj\u0105ca na rynku materia\u0142\u00f3w budowlanych i wyko\u0144czeniowych.<br \/>\n<a href=\"https:\/\/benmar.com.pl\/\">https:\/\/benmar.com.pl\/<\/a><\/div>\n<\/div>\n<hr>\n<div class=\"row\">\n<div class=\"col-sm-4\"><img loading=\"lazy\" decoding=\"async\" class=\"wp-image-20035 size-full alignleft\" src=\"https:\/\/pb.edu.pl\/sjo\/wp-content\/uploads\/sites\/9\/2024\/03\/yuniversal_jubileusz.png\" alt=\"\" width=\"300\" height=\"200\"><\/div>\n<div class=\"col-sm-8\">Firma developerska z wieloletnim do\u015bwiadczeniem.<br \/>\n<a href=\"https:\/\/www.yuniversalpodlaski.pl\/\">https:\/\/www.yuniversalpodlaski.pl\/<\/a><\/div>\n<\/div>\n<hr>\n<div class=\"row\">\n<div class=\"col-sm-4\"><img loading=\"lazy\" decoding=\"async\" class=\"wp-image-20035 size-full alignleft\" src=\"https:\/\/pb.edu.pl\/sjo\/wp-content\/uploads\/sites\/9\/2024\/03\/Bez-tytulu-500-x-250-px1.png\" alt=\"\" width=\"300\" height=\"200\"><\/div>\n<div class=\"col-sm-8\">Profesjonalny salon urody z ponad 20letnim do\u015bwiadczeniem.<br \/>\n<a href=\"https:\/\/zelazna5.pl\/\">https:\/\/zelazna5.pl\/<\/a><\/div>\n<\/div>\n<hr>\n<div class=\"row\">\n<div class=\"col-sm-4\"><img loading=\"lazy\" decoding=\"async\" class=\"wp-image-20035 size-full alignleft\" src=\"https:\/\/pb.edu.pl\/sjo\/wp-content\/uploads\/sites\/9\/2024\/03\/bali_jubileusz.png\" alt=\"\" width=\"300\" height=\"200\"><\/div>\n<div class=\"col-sm-8\">Salon masa\u017cu balijskiego.<br \/>\n<a href=\"http:\/\/balimasazbialystok.pl\/\">http:\/\/balimasazbialystok.pl\/<\/a><\/div>\n<\/div>\n<hr>\n<div class=\"row\">\n<div class=\"col-sm-4\"><img loading=\"lazy\" decoding=\"async\" class=\"wp-image-20035 size-full alignleft\" src=\"https:\/\/pb.edu.pl\/sjo\/wp-content\/uploads\/sites\/9\/2024\/03\/zubrowisko_jubileusz.png\" alt=\"\" width=\"300\" height=\"200\"><\/div>\n<div class=\"col-sm-8\">Pyszna restauracja w centrum Bia\u0142egostoku.<br \/>\n<a href=\"https:\/\/zubrowisko.com.pl\/\">https:\/\/zubrowisko.com.pl\/<\/a><\/div>\n<\/div>\n<hr>\n<div class=\"row\">\n<div class=\"col-sm-4\"><img loading=\"lazy\" decoding=\"async\" class=\"wp-image-20035 size-full alignleft\" src=\"https:\/\/pb.edu.pl\/sjo\/wp-content\/uploads\/sites\/9\/2024\/03\/mydlarnia_jubileusz.png\" alt=\"\" width=\"300\" height=\"200\"><\/div>\n<div class=\"col-sm-8\">Pracownia kosmetyk\u00f3w naturalnych na bazie pszczelich produkt\u00f3w.<br \/>\n<a href=\"https:\/\/miodowamydlarnia.pl\/\">https:\/\/miodowamydlarnia.pl\/<\/a><\/div>\n<\/div>\n<hr>\n<div class=\"row\">\n<div class=\"col-sm-4\"><img loading=\"lazy\" decoding=\"async\" class=\"wp-image-20035 size-full alignleft\" src=\"https:\/\/pb.edu.pl\/sjo\/wp-content\/uploads\/sites\/9\/2024\/03\/danwood_jubileusz.png\" alt=\"\" width=\"300\" height=\"200\"><\/div>\n<div class=\"col-sm-8\">Dostawca prefabrykowanych dom\u00f3w o drewnianej konstrukcji.<br \/>\n<a href=\"https:\/\/www.danwood.pl\/pl\">https:\/\/www.danwood.pl\/pl<\/a><\/div>\n<\/div>\n<hr>\n<div class=\"row\">\n<div class=\"col-sm-4\"><img loading=\"lazy\" decoding=\"async\" class=\"wp-image-20035 size-full alignleft\" src=\"https:\/\/pb.edu.pl\/sjo\/wp-content\/uploads\/sites\/9\/2024\/03\/nordpartner_jubileusz.png\" alt=\"\" width=\"300\" height=\"200\"><\/div>\n<div class=\"col-sm-8\">Jedno z najbardziej cenionych przedsi\u0119biorstw na rynku brokerskim.<br \/>\n<a href=\"https:\/\/www.nordpartner.pl\/\">https:\/\/www.nordpartner.pl\/<\/a><\/div>\n<\/div>\n<hr>\n<div class=\"row\">\n<div class=\"col-sm-4\"><img loading=\"lazy\" decoding=\"async\" class=\"wp-image-20035 size-full alignleft\" src=\"https:\/\/pb.edu.pl\/sjo\/wp-content\/uploads\/sites\/9\/2024\/03\/multicco_group.jpg\" alt=\"\" width=\"300\" height=\"200\"><\/div>\n<div class=\"col-sm-8\">Logistyka, spedycja, transport, magazynowanie.<br \/>\n<a href=\"https:\/\/multiccobi.pl\/\">https:\/\/multiccobi.pl\/<\/a><\/div>\n<\/div>\n<hr>\n<div class=\"row\">\n<div class=\"col-sm-4\"><img loading=\"lazy\" decoding=\"async\" class=\"wp-image-20035 size-full alignleft\" src=\"https:\/\/pb.edu.pl\/sjo\/wp-content\/uploads\/sites\/9\/2024\/03\/bookland-logo-full-PNG-zmniejszone-na-www-retina.png\" alt=\"\" width=\"300\" height=\"200\"><\/div>\n<div class=\"col-sm-8\">Ksi\u0119garnia j\u0119zykowa w Bia\u0142ymstoku przy ul. Legionowej 30\/4.<br \/>\n<a href=\"https:\/\/bookland.com.pl\/\">https:\/\/bookland.com.pl\/<\/a><\/div>\n<\/div>\n<hr>\n<div class=\"row\">\n<div class=\"col-sm-4\"><img loading=\"lazy\" decoding=\"async\" class=\"wp-image-20035 size-full alignleft\" src=\"https:\/\/pb.edu.pl\/sjo\/wp-content\/uploads\/sites\/9\/2024\/03\/2560px-Pearson_logo.svg_.png\" alt=\"\" width=\"300\" height=\"200\"><\/div>\n<div class=\"col-sm-8\">\u015awiatowy lider dzia\u0142aj\u0105cy w bran\u017cy edukacyjnej od ponad 250 lat. Dostarcza nowoczesne i prze\u0142omowe rozwi\u0105zania do nauki j\u0119zyk\u00f3w, w tym platformy, aplikacje i egzaminy wspierane przez zaawansowane mechanizmy AI.<br \/>\n<a href=\"https:\/\/www.pearson.pl\/\">https:\/\/www.pearson.pl\/<\/a><\/div>\n<\/div>\n<hr>\n<div class=\"row\">\n<div class=\"col-sm-4\"><img loading=\"lazy\" decoding=\"async\" class=\"wp-image-20035 size-full alignleft\" src=\"https:\/\/pb.edu.pl\/sjo\/wp-content\/uploads\/sites\/9\/2024\/03\/Fulbright_Poland_logo_blue-1024x273-1.png\" alt=\"\" width=\"300\" height=\"200\"><\/div>\n<div class=\"col-sm-8\">Polsko-Ameryka\u0144ska Komisja Fulbrighta prowadzi program wymiany naukowej i kulturowej Stan\u00f3w Zjednoczonych, oferuje stypendia dla ludzi pe\u0142nych pasji, na r\u00f3\u017cnych etapach edukacji i kariery, reprezentuj\u0105cych wszystkie dziedziny nauki i sztuki oraz r\u00f3\u017cnorodne \u015brodowiska.<br \/>\n<a href=\"https:\/\/fulbright.edu.pl\/\">https:\/\/fulbright.edu.pl\/<\/a><\/div>\n<\/div>\n<hr>\n<div class=\"row\">\n<div class=\"col-sm-4\"><img loading=\"lazy\" decoding=\"async\" class=\"wp-image-20035 size-full alignleft\" src=\"https:\/\/pb.edu.pl\/sjo\/wp-content\/uploads\/sites\/9\/2024\/03\/SIENKO-I-SYN-LOGO-NOWE-8.jpg\" alt=\"\" width=\"300\" height=\"200\"><\/div>\n<div class=\"col-sm-8\">Autoryzowany dealer Volkswagen i Audi. Rodzinna firma z ponad 30-letnim do\u015bwiadczeniem na rynku.<br \/>\n<a href=\"https:\/\/sienkoisyn.com.pl\/\">https:\/\/sienkoisyn.com.pl\/<\/a><\/div>\n<\/div>\n<hr>\n<div class=\"row\">\n<div class=\"col-sm-4\"><img loading=\"lazy\" decoding=\"async\" class=\"wp-image-20035 size-full alignleft\" src=\"https:\/\/pb.edu.pl\/sjo\/wp-content\/uploads\/sites\/9\/2024\/03\/logo_pan_pani.png\" alt=\"\" width=\"300\" height=\"200\"><\/div>\n<div class=\"col-sm-8\">Bia\u0142ostocki klub fitness.<br \/>\n<a href=\"https:\/\/panipanifit-bialystok.cms.efitness.com.pl\/\">https:\/\/panipanifit-bialystok.cms.efitness.com.pl\/<\/a><\/div>\n<\/div>\n<hr>\n<div class=\"row\">\n<div class=\"col-sm-4\"><img loading=\"lazy\" decoding=\"async\" class=\"wp-image-20035 size-full alignleft\" src=\"https:\/\/pb.edu.pl\/sjo\/wp-content\/uploads\/sites\/9\/2024\/04\/biale-logo-na-czerwonym-tle.pdf.png\" alt=\"\" width=\"300\" height=\"200\"><\/div>\n<div class=\"col-sm-8\">Kryj\u0105cy tajemnice przedwojennego Bia\u0142egostoku, inspirowany tradycj\u0105 dawnego obiektu Ritz jest obietnic\u0105 prawdziwego luksusu. Hotel Branicki**** to pierwszy w regionie butikowy obiekt.<br \/>\n<a href=\"https:\/\/www.hotelbranicki.com.pl\/\">https:\/\/www.hotelbranicki.com.pl\/<\/a><\/div>\n<\/div>\n<hr>\n<div class=\"row\">\n<div class=\"col-sm-4\"><img loading=\"lazy\" decoding=\"async\" class=\"wp-image-20035 size-full alignleft\" src=\"https:\/\/pb.edu.pl\/sjo\/wp-content\/uploads\/sites\/9\/2024\/04\/LOGO-KWADRAT.png\" alt=\"\" width=\"300\" height=\"200\"><\/div>\n<div class=\"col-sm-8\">Bia\u0142ostocka pijalnia czekolady E.Wedel.<br \/>\n<a href=\"https:\/\/www.facebook.com\/people\/Pijalnia-Czekolady-EWedel-Bia%C5%82ystok\/100047370050658\/\">https:\/\/wedelpijalnie.pl\/<\/a><\/div>\n<\/div>\n<hr>\n<div class=\"row\">\n<div class=\"col-sm-4\"><img loading=\"lazy\" decoding=\"async\" class=\"wp-image-20035 size-full alignleft\" src=\"https:\/\/pb.edu.pl\/sjo\/wp-content\/uploads\/sites\/9\/2024\/04\/logo-z-www.jpg\" alt=\"\" width=\"300\" height=\"200\"><\/div>\n<div class=\"col-sm-8\">Od ponad 25 lat realizujemy inwestycje mieszkaniowe i komercyjne.<br \/>\n<a href=\"https:\/\/jaz-bud.pl\/\">https:\/\/jaz-bud.pl\/<\/a><\/div>\n<\/div>\n<hr>\n<div class=\"row\">\n<div class=\"col-sm-4\"><img loading=\"lazy\" decoding=\"async\" class=\"wp-image-20035 size-full alignleft\" src=\"https:\/\/pb.edu.pl\/sjo\/wp-content\/uploads\/sites\/9\/2024\/04\/LOGO-1200x1200-1.png\" alt=\"\" width=\"300\" height=\"200\"><\/div>\n<div class=\"col-sm-8\">DrTusz.pl to nie tylko sklep z tonerami czy sklep z tuszami do drukarek.<br \/>\n<a href=\"https:\/\/www.drtusz.pl\/\">https:\/\/www.drtusz.pl\/<\/a><\/div>\n<\/div>\n<hr>\n<div class=\"row\">\n<div class=\"col-sm-4\"><img loading=\"lazy\" decoding=\"async\" class=\"wp-image-20035 size-full alignleft\" src=\"https:\/\/pb.edu.pl\/sjo\/wp-content\/uploads\/sites\/9\/2024\/04\/logo_helios_wer.podstawowa_DRUK.png\" alt=\"\" width=\"300\" height=\"200\"><\/div>\n<div class=\"col-sm-8\">Helios S.A. to najwi\u0119ksza sie\u0107 kin w Polsce pod wzgl\u0119dem liczby obiekt\u00f3w.<br \/>\n<a href=\"https:\/\/helios.pl\/\">https:\/\/helios.pl\/<\/a><\/div>\n<\/div>\n<hr>\n<div class=\"row\">\n<div class=\"col-sm-4\"><img loading=\"lazy\" decoding=\"async\" class=\"wp-image-20035 size-full alignleft\" src=\"https:\/\/pb.edu.pl\/sjo\/wp-content\/uploads\/sites\/9\/2024\/04\/logo-panik.jpg\" alt=\"\" width=\"300\" height=\"200\"><\/div>\n<div class=\"col-sm-8\">Cukiernia Pani K.<br \/>\n<a href=\"https:\/\/www.panik.com.pl\/\">https:\/\/www.panik.com.pl\/<\/a><\/div>\n<\/div>\n<hr>\n<div class=\"row\">\n<div class=\"col-sm-4\"><img loading=\"lazy\" decoding=\"async\" class=\"wp-image-20035 size-full alignleft\" src=\"https:\/\/pb.edu.pl\/sjo\/wp-content\/uploads\/sites\/9\/2024\/04\/logo-yogashala.png\" alt=\"\" width=\"300\" height=\"200\"><\/div>\n<div class=\"col-sm-8\">YOGA SHALA to bia\u0142ostocka szko\u0142a jogi oferuj\u0105ca szereg zaj\u0119\u0107, warsztat\u00f3w i wydarze\u0144.<br \/>\n<a href=\"https:\/\/yogashala.pl\/\">https:\/\/yogashala.pl\/<\/a><\/div>\n<\/div>\n<hr>\n","protected":false},"excerpt":{"rendered":"<p>Zesp\u00f3\u0142 t\u0142umaczy i korektor\u00f3w zajmuj\u0105cy si\u0119 r\u00f3\u017cnymi j\u0119zykami europejskimi i nie tylko. https:\/\/sroda.com.pl\/ Firma dzia\u0142aj\u0105ca<\/p>\n","protected":false},"author":6,"featured_media":0,"parent":23718,"menu_order":0,"comment_status":"closed","ping_status":"closed","template":"","meta":{"_acf_changed":false,"ngg_post_thumbnail":0,"footnotes":""},"class_list":["post-24223","page","type-page","status-publish","hentry"],"acf":[],"yoast_head":"<!-- This site is optimized with the Yoast SEO plugin v27.0 - https:\/\/yoast.com\/product\/yoast-seo-wordpress\/ -->\n<title>Sponsorzy - Studium J\u0119zyk\u00f3w Obcych<\/title>\n<meta name=\"description\" content=\"Zesp\u00f3\u0142 t\u0142umaczy i korektor\u00f3w zajmuj\u0105cy si\u0119 r\u00f3\u017cnymi j\u0119zykami europejskimi i nie tylko. https:\/\/sroda.com.pl\/ Firma dzia\u0142aj\u0105ca na rynku materia\u0142\u00f3w\" \/>\n<meta name=\"robots\" content=\"index, follow, max-snippet:-1, max-image-preview:large, max-video-preview:-1\" \/>\n<link rel=\"canonical\" href=\"https:\/\/pb.edu.pl\/sjo\/wydarzenia-sjo\/jubileusz-60-lecia-sjo\/sponsorzy\/\" \/>\n<meta property=\"og:locale\" content=\"pl_PL\" \/>\n<meta property=\"og:type\" content=\"article\" \/>\n<meta property=\"og:title\" content=\"Sponsorzy - Studium J\u0119zyk\u00f3w Obcych\" \/>\n<meta property=\"og:description\" content=\"Zesp\u00f3\u0142 t\u0142umaczy i korektor\u00f3w zajmuj\u0105cy si\u0119 r\u00f3\u017cnymi j\u0119zykami europejskimi i nie tylko. https:\/\/sroda.com.pl\/ Firma dzia\u0142aj\u0105ca na rynku materia\u0142\u00f3w\" \/>\n<meta property=\"og:url\" content=\"https:\/\/pb.edu.pl\/sjo\/wydarzenia-sjo\/jubileusz-60-lecia-sjo\/sponsorzy\/\" \/>\n<meta property=\"og:site_name\" content=\"Studium J\u0119zyk\u00f3w Obcych\" \/>\n<meta property=\"article:modified_time\" content=\"2024-04-19T09:21:48+00:00\" \/>\n<meta property=\"og:image\" content=\"https:\/\/pb.edu.pl\/sjo\/wp-content\/uploads\/sites\/9\/2024\/02\/Bez-tytulu-500-x-250-px.png\" \/>\n<meta name=\"twitter:label1\" content=\"Szacowany czas czytania\" \/>\n\t<meta name=\"twitter:data1\" content=\"6 minut\" \/>\n<script type=\"application\/ld+json\" class=\"yoast-schema-graph\">{\"@context\":\"https:\/\/schema.org\",\"@graph\":[{\"@type\":\"WebPage\",\"@id\":\"https:\/\/pb.edu.pl\/sjo\/wydarzenia-sjo\/jubileusz-60-lecia-sjo\/sponsorzy\/\",\"url\":\"https:\/\/pb.edu.pl\/sjo\/wydarzenia-sjo\/jubileusz-60-lecia-sjo\/sponsorzy\/\",\"name\":\"Sponsorzy - Studium J\u0119zyk\u00f3w Obcych\",\"isPartOf\":{\"@id\":\"https:\/\/pb.edu.pl\/sjo\/#website\"},\"primaryImageOfPage\":{\"@id\":\"https:\/\/pb.edu.pl\/sjo\/wydarzenia-sjo\/jubileusz-60-lecia-sjo\/sponsorzy\/#primaryimage\"},\"image\":{\"@id\":\"https:\/\/pb.edu.pl\/sjo\/wydarzenia-sjo\/jubileusz-60-lecia-sjo\/sponsorzy\/#primaryimage\"},\"thumbnailUrl\":\"https:\/\/pb.edu.pl\/sjo\/wp-content\/uploads\/sites\/9\/2024\/02\/Bez-tytulu-500-x-250-px.png\",\"datePublished\":\"2024-02-23T14:44:25+00:00\",\"dateModified\":\"2024-04-19T09:21:48+00:00\",\"description\":\"Zesp\u00f3\u0142 t\u0142umaczy i korektor\u00f3w zajmuj\u0105cy si\u0119 r\u00f3\u017cnymi j\u0119zykami europejskimi i nie tylko. https:\/\/sroda.com.pl\/ Firma dzia\u0142aj\u0105ca na rynku materia\u0142\u00f3w\",\"breadcrumb\":{\"@id\":\"https:\/\/pb.edu.pl\/sjo\/wydarzenia-sjo\/jubileusz-60-lecia-sjo\/sponsorzy\/#breadcrumb\"},\"inLanguage\":\"pl-PL\",\"potentialAction\":[{\"@type\":\"ReadAction\",\"target\":[\"https:\/\/pb.edu.pl\/sjo\/wydarzenia-sjo\/jubileusz-60-lecia-sjo\/sponsorzy\/\"]}]},{\"@type\":\"ImageObject\",\"inLanguage\":\"pl-PL\",\"@id\":\"https:\/\/pb.edu.pl\/sjo\/wydarzenia-sjo\/jubileusz-60-lecia-sjo\/sponsorzy\/#primaryimage\",\"url\":\"https:\/\/pb.edu.pl\/sjo\/wp-content\/uploads\/sites\/9\/2023\/04\/4.png\",\"contentUrl\":\"https:\/\/pb.edu.pl\/sjo\/wp-content\/uploads\/sites\/9\/2023\/04\/4.png\",\"width\":400,\"height\":320},{\"@type\":\"BreadcrumbList\",\"@id\":\"https:\/\/pb.edu.pl\/sjo\/wydarzenia-sjo\/jubileusz-60-lecia-sjo\/sponsorzy\/#breadcrumb\",\"itemListElement\":[{\"@type\":\"ListItem\",\"position\":1,\"name\":\"Home\",\"item\":\"https:\/\/pb.edu.pl\/sjo\/\"},{\"@type\":\"ListItem\",\"position\":2,\"name\":\"Wydarzenia SJO\",\"item\":\"https:\/\/pb.edu.pl\/sjo\/wydarzenia-sjo\/\"},{\"@type\":\"ListItem\",\"position\":3,\"name\":\"Jubileusz 60-lecia SJO\",\"item\":\"https:\/\/pb.edu.pl\/sjo\/wydarzenia-sjo\/jubileusz-60-lecia-sjo\/\"},{\"@type\":\"ListItem\",\"position\":4,\"name\":\"Sponsorzy\"}]},{\"@type\":\"WebSite\",\"@id\":\"https:\/\/pb.edu.pl\/sjo\/#website\",\"url\":\"https:\/\/pb.edu.pl\/sjo\/\",\"name\":\"Studium J\u0119zyk\u00f3w Obcych\",\"description\":\"\",\"potentialAction\":[{\"@type\":\"SearchAction\",\"target\":{\"@type\":\"EntryPoint\",\"urlTemplate\":\"https:\/\/pb.edu.pl\/sjo\/?s={search_term_string}\"},\"query-input\":{\"@type\":\"PropertyValueSpecification\",\"valueRequired\":true,\"valueName\":\"search_term_string\"}}],\"inLanguage\":\"pl-PL\"}]}<\/script>\n<!-- \/ Yoast SEO plugin. -->","yoast_head_json":{"title":"Sponsorzy - Studium J\u0119zyk\u00f3w Obcych","description":"Zesp\u00f3\u0142 t\u0142umaczy i korektor\u00f3w zajmuj\u0105cy si\u0119 r\u00f3\u017cnymi j\u0119zykami europejskimi i nie tylko. https:\/\/sroda.com.pl\/ Firma dzia\u0142aj\u0105ca na rynku materia\u0142\u00f3w","robots":{"index":"index","follow":"follow","max-snippet":"max-snippet:-1","max-image-preview":"max-image-preview:large","max-video-preview":"max-video-preview:-1"},"canonical":"https:\/\/pb.edu.pl\/sjo\/wydarzenia-sjo\/jubileusz-60-lecia-sjo\/sponsorzy\/","og_locale":"pl_PL","og_type":"article","og_title":"Sponsorzy - Studium J\u0119zyk\u00f3w Obcych","og_description":"Zesp\u00f3\u0142 t\u0142umaczy i korektor\u00f3w zajmuj\u0105cy si\u0119 r\u00f3\u017cnymi j\u0119zykami europejskimi i nie tylko. https:\/\/sroda.com.pl\/ Firma dzia\u0142aj\u0105ca na rynku materia\u0142\u00f3w","og_url":"https:\/\/pb.edu.pl\/sjo\/wydarzenia-sjo\/jubileusz-60-lecia-sjo\/sponsorzy\/","og_site_name":"Studium J\u0119zyk\u00f3w Obcych","article_modified_time":"2024-04-19T09:21:48+00:00","og_image":[{"url":"https:\/\/pb.edu.pl\/sjo\/wp-content\/uploads\/sites\/9\/2024\/02\/Bez-tytulu-500-x-250-px.png","type":"","width":"","height":""}],"twitter_misc":{"Szacowany czas czytania":"6 minut"},"schema":{"@context":"https:\/\/schema.org","@graph":[{"@type":"WebPage","@id":"https:\/\/pb.edu.pl\/sjo\/wydarzenia-sjo\/jubileusz-60-lecia-sjo\/sponsorzy\/","url":"https:\/\/pb.edu.pl\/sjo\/wydarzenia-sjo\/jubileusz-60-lecia-sjo\/sponsorzy\/","name":"Sponsorzy - Studium J\u0119zyk\u00f3w Obcych","isPartOf":{"@id":"https:\/\/pb.edu.pl\/sjo\/#website"},"primaryImageOfPage":{"@id":"https:\/\/pb.edu.pl\/sjo\/wydarzenia-sjo\/jubileusz-60-lecia-sjo\/sponsorzy\/#primaryimage"},"image":{"@id":"https:\/\/pb.edu.pl\/sjo\/wydarzenia-sjo\/jubileusz-60-lecia-sjo\/sponsorzy\/#primaryimage"},"thumbnailUrl":"https:\/\/pb.edu.pl\/sjo\/wp-content\/uploads\/sites\/9\/2024\/02\/Bez-tytulu-500-x-250-px.png","datePublished":"2024-02-23T14:44:25+00:00","dateModified":"2024-04-19T09:21:48+00:00","description":"Zesp\u00f3\u0142 t\u0142umaczy i korektor\u00f3w zajmuj\u0105cy si\u0119 r\u00f3\u017cnymi j\u0119zykami europejskimi i nie tylko. https:\/\/sroda.com.pl\/ Firma dzia\u0142aj\u0105ca na rynku materia\u0142\u00f3w","breadcrumb":{"@id":"https:\/\/pb.edu.pl\/sjo\/wydarzenia-sjo\/jubileusz-60-lecia-sjo\/sponsorzy\/#breadcrumb"},"inLanguage":"pl-PL","potentialAction":[{"@type":"ReadAction","target":["https:\/\/pb.edu.pl\/sjo\/wydarzenia-sjo\/jubileusz-60-lecia-sjo\/sponsorzy\/"]}]},{"@type":"ImageObject","inLanguage":"pl-PL","@id":"https:\/\/pb.edu.pl\/sjo\/wydarzenia-sjo\/jubileusz-60-lecia-sjo\/sponsorzy\/#primaryimage","url":"https:\/\/pb.edu.pl\/sjo\/wp-content\/uploads\/sites\/9\/2023\/04\/4.png","contentUrl":"https:\/\/pb.edu.pl\/sjo\/wp-content\/uploads\/sites\/9\/2023\/04\/4.png","width":400,"height":320},{"@type":"BreadcrumbList","@id":"https:\/\/pb.edu.pl\/sjo\/wydarzenia-sjo\/jubileusz-60-lecia-sjo\/sponsorzy\/#breadcrumb","itemListElement":[{"@type":"ListItem","position":1,"name":"Home","item":"https:\/\/pb.edu.pl\/sjo\/"},{"@type":"ListItem","position":2,"name":"Wydarzenia SJO","item":"https:\/\/pb.edu.pl\/sjo\/wydarzenia-sjo\/"},{"@type":"ListItem","position":3,"name":"Jubileusz 60-lecia SJO","item":"https:\/\/pb.edu.pl\/sjo\/wydarzenia-sjo\/jubileusz-60-lecia-sjo\/"},{"@type":"ListItem","position":4,"name":"Sponsorzy"}]},{"@type":"WebSite","@id":"https:\/\/pb.edu.pl\/sjo\/#website","url":"https:\/\/pb.edu.pl\/sjo\/","name":"Studium J\u0119zyk\u00f3w Obcych","description":"","potentialAction":[{"@type":"SearchAction","target":{"@type":"EntryPoint","urlTemplate":"https:\/\/pb.edu.pl\/sjo\/?s={search_term_string}"},"query-input":{"@type":"PropertyValueSpecification","valueRequired":true,"valueName":"search_term_string"}}],"inLanguage":"pl-PL"}]}},"_links":{"self":[{"href":"https:\/\/pb.edu.pl\/sjo\/wp-json\/wp\/v2\/pages\/24223","targetHints":{"allow":["GET"]}}],"collection":[{"href":"https:\/\/pb.edu.pl\/sjo\/wp-json\/wp\/v2\/pages"}],"about":[{"href":"https:\/\/pb.edu.pl\/sjo\/wp-json\/wp\/v2\/types\/page"}],"author":[{"embeddable":true,"href":"https:\/\/pb.edu.pl\/sjo\/wp-json\/wp\/v2\/users\/6"}],"replies":[{"embeddable":true,"href":"https:\/\/pb.edu.pl\/sjo\/wp-json\/wp\/v2\/comments?post=24223"}],"version-history":[{"count":0,"href":"https:\/\/pb.edu.pl\/sjo\/wp-json\/wp\/v2\/pages\/24223\/revisions"}],"up":[{"embeddable":true,"href":"https:\/\/pb.edu.pl\/sjo\/wp-json\/wp\/v2\/pages\/23718"}],"wp:attachment":[{"href":"https:\/\/pb.edu.pl\/sjo\/wp-json\/wp\/v2\/media?parent=24223"}],"curies":[{"name":"wp","href":"https:\/\/api.w.org\/{rel}","templated":true}]}}