{"id":24221,"date":"2024-02-23T15:43:07","date_gmt":"2024-02-23T14:43:07","guid":{"rendered":"https:\/\/pb.edu.pl\/sjo\/?page_id=24221"},"modified":"2024-04-19T11:43:48","modified_gmt":"2024-04-19T09:43:48","slug":"program","status":"publish","type":"page","link":"https:\/\/pb.edu.pl\/sjo\/wydarzenia-sjo\/jubileusz-60-lecia-sjo\/program\/","title":{"rendered":"Program"},"content":{"rendered":"<div class=\"col-md-12\">\n<div class=\"image\"><a href=\"https:\/\/pb.edu.pl\/sjo\/wydarzenia-sjo\/jubileusz-60-lecia-sjo\/\" target=\"_blank\" rel=\"noopener noreferrer\"><img decoding=\"async\" class=\"alignleft\" src=\"https:\/\/pb.edu.pl\/sjo\/wp-content\/uploads\/sites\/9\/2024\/02\/to-musisz-wiedziec-1140-x-65-px3.png\" alt=\"\"><\/a><\/div>\n<div id=\"aktualnosci\" class=\"href\">&nbsp;<\/div>\n<\/div>\n<strong>Ramowy program wydarzenia<\/strong><\/p>\n<table style=\"border-collapse: collapse;width: 100%;height: 352px\">\n<tbody>\n<tr style=\"height: 22px\">\n<td style=\"width: 17.3181%;height: 22px;text-align: right\">08.30 &#8211; 09.00<\/td>\n<td style=\"width: 2.3639%;height: 22px\">&nbsp;<\/td>\n<td style=\"width: 80.318%;height: 22px\"><strong>Rejestracja uczestnik\u00f3w<\/strong><\/td>\n<\/tr>\n<tr style=\"height: 22px\">\n<td style=\"width: 11.3181%;height: 22px;text-align: right\">09.00 &#8211; 09.20<\/td>\n<td style=\"width: 2.3639%;height: 22px\">&nbsp;<\/td>\n<td style=\"width: 86.318%;height: 22px\">Wyst\u0105pienie JM Rektor PB, Kierownictwa SJO PB oraz Wojewody Podlaskiego. Podzi\u0119kowania dla sponsor\u00f3w.<\/td>\n<\/tr>\n<tr style=\"height: 22px\">\n<td style=\"width: 11.3181%;height: 22px;text-align: right\">09.20 &#8211; 09.40<\/td>\n<td style=\"width: 2.3639%;height: 22px\">&nbsp;<\/td>\n<td style=\"width: 86.318%;height: 22px\">Uroczyste ods\u0142oni\u0119cie muralu<\/td>\n<\/tr>\n<tr style=\"height: 22px\">\n<td style=\"width: 11.3181%;height: 22px;text-align: right\">&nbsp; 09.40 &#8211; 11.30<\/td>\n<td style=\"width: 2.3639%;height: 22px\"><strong>&nbsp;<\/strong><\/td>\n<td style=\"width: 86.318%;height: 22px\"><strong>Panel Studium J\u0119zyk\u00f3w Obcych \u2013 dobre praktyki<\/strong><\/td>\n<\/tr>\n<tr style=\"height: 22px\">\n<td style=\"width: 11.3181%;height: 22px;text-align: right\">&nbsp;09.45 &#8211; 10.00<\/td>\n<td style=\"width: 2.3639%;height: 22px\">&nbsp;<\/td>\n<td style=\"width: 86.318%;height: 22px\">SJO dla student\u00f3w &#8211; nie tylko lektoraty, mgr Sylwia Dobkowska<\/td>\n<\/tr>\n<tr style=\"height: 22px\">\n<td style=\"width: 11.3181%;height: 22px;text-align: right\">10.00 &#8211; 10.30<\/td>\n<td style=\"width: 2.3639%;height: 22px\">&nbsp;<\/td>\n<td style=\"width: 86.318%;height: 22px\">Tutoring \u2013 relacja, rozw\u00f3j, sukces, mgr Ma\u0142gorzata Komarewska<\/td>\n<\/tr>\n<tr style=\"height: 22px\">\n<td style=\"width: 11.3181%;height: 22px;text-align: right\">10.30 &#8211; 11.00<\/td>\n<td style=\"width: 2.3639%;height: 22px\">&nbsp;<\/td>\n<td style=\"width: 86.318%;height: 22px\">Jasna komunikacja &#8211; 5 wskaz\u00f3wek, mgr Monika \u015aleszy\u0144ska<\/td>\n<\/tr>\n<tr style=\"height: 22px\">\n<td style=\"width: 11.3181%;height: 22px;text-align: right\">11.00 &#8211; 11.30<\/td>\n<td style=\"width: 2.3639%;height: 22px\">&nbsp;<\/td>\n<td style=\"width: 86.318%;height: 22px\">Centrum J\u0119zyka i Kultury Polskiej POLISH LAB &#8211; polski nie taki ju\u017c obcy, mgr Alina Jab\u0142o\u0144ska Domurat<\/td>\n<\/tr>\n<tr style=\"height: 22px\">\n<td style=\"width: 11.3181%;height: 22px;text-align: right\">11.30 &#8211; 12.00<\/td>\n<td style=\"width: 2.3639%;height: 22px\">&nbsp;<\/td>\n<td style=\"width: 86.318%;height: 22px\">Przerwa kawowa<\/td>\n<\/tr>\n<tr style=\"height: 22px\">\n<td style=\"width: 11.3181%;height: 22px;text-align: right\">12.00 &#8211; 13.30<\/td>\n<td style=\"width: 2.3639%;height: 22px\"><strong>&nbsp;<\/strong><\/td>\n<td style=\"width: 86.318%;height: 22px\"><strong>Panel Studium J\u0119zyk\u00f3w Obcych &#8211; wsp\u00f3\u0142praca mi\u0119dzynarodowa<\/strong><\/td>\n<\/tr>\n<tr style=\"height: 22px\">\n<td style=\"width: 11.3181%;height: 22px;text-align: right\">12.00 &#8211; 12.30<\/td>\n<td style=\"width: 2.3639%;height: 22px\">&nbsp;<\/td>\n<td style=\"width: 86.318%;height: 22px\">Program Fulbrighta &#8211; wsp\u00f3\u0142praca z USA, Cailyn Stewart&nbsp;<\/td>\n<\/tr>\n<tr style=\"height: 22px\">\n<td style=\"width: 11.3181%;height: 22px;text-align: right\">12.30 &#8211; 13.00<\/td>\n<td style=\"width: 2.3639%;height: 22px\">&nbsp;<\/td>\n<td style=\"width: 86.318%;height: 22px\">Zr\u00f3wnowa\u017cony rozw\u00f3j na uczelni &#8211; dzia\u0142ania w ramach Baltic University Programme, mgr Aniela Staszewska&nbsp;<\/td>\n<\/tr>\n<tr style=\"height: 22px\">\n<td style=\"width: 11.3181%;height: 22px;text-align: right\">13.00 &#8211; 13.30<\/td>\n<td style=\"width: 2.3639%;height: 22px\">&nbsp;<\/td>\n<td style=\"width: 86.318%;height: 22px\">Horyzont Europa w pigu\u0142ce, Justyna Chlabicz &#8211; Ekspert Horyzontalnego Punktu Kontaktowego Polska Wschodnia<\/td>\n<\/tr>\n<tr style=\"height: 22px\">\n<td style=\"width: 11.3181%;height: 22px;text-align: right\">13.30 &#8211; 14.00<\/td>\n<td style=\"width: 2.3639%;height: 22px\">&nbsp;<\/td>\n<td style=\"width: 86.318%;height: 22px\">Uroczyste wr\u0119czenie przez JM Rektor PB nagr\u00f3d w Konkursie na Projekt Muralu oraz Konkursie Fotograficznym<\/td>\n<\/tr>\n<tr style=\"height: 22px\">\n<td style=\"width: 11.3181%;height: 22px;text-align: right\">14.00 &#8211; 15.00<\/td>\n<td style=\"width: 2.3639%;height: 22px\">&nbsp;<\/td>\n<td style=\"width: 86.318%;height: 22px\">Lunch<\/td>\n<\/tr>\n<tr style=\"height: 22px\">\n<td style=\"width: 11.3181%;height: 22px;text-align: right\">15.00 &#8211; 18.00<\/td>\n<td style=\"width: 2.3639%;height: 22px\">&nbsp;<\/td>\n<td style=\"width: 86.318%;height: 22px\"><strong>Konkurs Piosenki<\/strong> <strong>Obcoj\u0119zycznej<\/strong> <strong>Sing it!<\/strong> (Gwint)<\/td>\n<\/tr>\n<\/tbody>\n<\/table>\n<p>&nbsp;<\/p>\n<p><strong>Miejsce wydarzenia<\/strong>: Centrum Nowoczesnego Kszta\u0142cenia przy ul. Zwierzynieckiej 16 w Bia\u0142ymstoku oraz Klub Studencki Gwint.<\/p>\n","protected":false},"excerpt":{"rendered":"<p>Ramowy program wydarzenia 08.30 &#8211; 09.00 &nbsp; Rejestracja uczestnik\u00f3w 09.00 &#8211; 09.20 &nbsp; Wyst\u0105pienie JM<\/p>\n","protected":false},"author":6,"featured_media":0,"parent":23718,"menu_order":0,"comment_status":"closed","ping_status":"closed","template":"","meta":{"_acf_changed":false,"ngg_post_thumbnail":0,"footnotes":""},"class_list":["post-24221","page","type-page","status-publish","hentry"],"acf":[],"yoast_head":"<!-- This site is optimized with the Yoast SEO plugin v27.0 - https:\/\/yoast.com\/product\/yoast-seo-wordpress\/ -->\n<title>Program - Studium J\u0119zyk\u00f3w Obcych<\/title>\n<meta name=\"description\" content=\"Ramowy program wydarzenia 08.30 - 09.00 &nbsp; Rejestracja uczestnik\u00f3w 09.00 - 09.20 &nbsp; Wyst\u0105pienie JM Rektor PB, Kierownictwa SJO PB oraz Wojewody\" \/>\n<meta name=\"robots\" content=\"index, follow, max-snippet:-1, max-image-preview:large, max-video-preview:-1\" \/>\n<link rel=\"canonical\" href=\"https:\/\/pb.edu.pl\/sjo\/wydarzenia-sjo\/jubileusz-60-lecia-sjo\/program\/\" \/>\n<meta property=\"og:locale\" content=\"pl_PL\" \/>\n<meta property=\"og:type\" content=\"article\" \/>\n<meta property=\"og:title\" content=\"Program - Studium J\u0119zyk\u00f3w Obcych\" \/>\n<meta property=\"og:description\" content=\"Ramowy program wydarzenia 08.30 - 09.00 &nbsp; Rejestracja uczestnik\u00f3w 09.00 - 09.20 &nbsp; Wyst\u0105pienie JM Rektor PB, Kierownictwa SJO PB oraz Wojewody\" \/>\n<meta property=\"og:url\" content=\"https:\/\/pb.edu.pl\/sjo\/wydarzenia-sjo\/jubileusz-60-lecia-sjo\/program\/\" \/>\n<meta property=\"og:site_name\" content=\"Studium J\u0119zyk\u00f3w Obcych\" \/>\n<meta property=\"article:modified_time\" content=\"2024-04-19T09:43:48+00:00\" \/>\n<meta property=\"og:image\" content=\"https:\/\/pb.edu.pl\/sjo\/wp-content\/uploads\/sites\/9\/2024\/02\/to-musisz-wiedziec-1140-x-65-px3.png\" \/>\n<meta name=\"twitter:label1\" content=\"Szacowany czas czytania\" \/>\n\t<meta name=\"twitter:data1\" content=\"2 minuty\" \/>\n<script type=\"application\/ld+json\" class=\"yoast-schema-graph\">{\"@context\":\"https:\/\/schema.org\",\"@graph\":[{\"@type\":\"WebPage\",\"@id\":\"https:\/\/pb.edu.pl\/sjo\/wydarzenia-sjo\/jubileusz-60-lecia-sjo\/program\/\",\"url\":\"https:\/\/pb.edu.pl\/sjo\/wydarzenia-sjo\/jubileusz-60-lecia-sjo\/program\/\",\"name\":\"Program - Studium J\u0119zyk\u00f3w Obcych\",\"isPartOf\":{\"@id\":\"https:\/\/pb.edu.pl\/sjo\/#website\"},\"primaryImageOfPage\":{\"@id\":\"https:\/\/pb.edu.pl\/sjo\/wydarzenia-sjo\/jubileusz-60-lecia-sjo\/program\/#primaryimage\"},\"image\":{\"@id\":\"https:\/\/pb.edu.pl\/sjo\/wydarzenia-sjo\/jubileusz-60-lecia-sjo\/program\/#primaryimage\"},\"thumbnailUrl\":\"https:\/\/pb.edu.pl\/sjo\/wp-content\/uploads\/sites\/9\/2024\/02\/to-musisz-wiedziec-1140-x-65-px3.png\",\"datePublished\":\"2024-02-23T14:43:07+00:00\",\"dateModified\":\"2024-04-19T09:43:48+00:00\",\"description\":\"Ramowy program wydarzenia 08.30 - 09.00 &nbsp; Rejestracja uczestnik\u00f3w 09.00 - 09.20 &nbsp; Wyst\u0105pienie JM Rektor PB, Kierownictwa SJO PB oraz Wojewody\",\"breadcrumb\":{\"@id\":\"https:\/\/pb.edu.pl\/sjo\/wydarzenia-sjo\/jubileusz-60-lecia-sjo\/program\/#breadcrumb\"},\"inLanguage\":\"pl-PL\",\"potentialAction\":[{\"@type\":\"ReadAction\",\"target\":[\"https:\/\/pb.edu.pl\/sjo\/wydarzenia-sjo\/jubileusz-60-lecia-sjo\/program\/\"]}]},{\"@type\":\"ImageObject\",\"inLanguage\":\"pl-PL\",\"@id\":\"https:\/\/pb.edu.pl\/sjo\/wydarzenia-sjo\/jubileusz-60-lecia-sjo\/program\/#primaryimage\",\"url\":\"https:\/\/pb.edu.pl\/sjo\/wp-content\/uploads\/sites\/9\/2024\/02\/to-musisz-wiedziec-1140-x-65-px3.png\",\"contentUrl\":\"https:\/\/pb.edu.pl\/sjo\/wp-content\/uploads\/sites\/9\/2024\/02\/to-musisz-wiedziec-1140-x-65-px3.png\",\"width\":1140,\"height\":65},{\"@type\":\"BreadcrumbList\",\"@id\":\"https:\/\/pb.edu.pl\/sjo\/wydarzenia-sjo\/jubileusz-60-lecia-sjo\/program\/#breadcrumb\",\"itemListElement\":[{\"@type\":\"ListItem\",\"position\":1,\"name\":\"Home\",\"item\":\"https:\/\/pb.edu.pl\/sjo\/\"},{\"@type\":\"ListItem\",\"position\":2,\"name\":\"Wydarzenia SJO\",\"item\":\"https:\/\/pb.edu.pl\/sjo\/wydarzenia-sjo\/\"},{\"@type\":\"ListItem\",\"position\":3,\"name\":\"Jubileusz 60-lecia SJO\",\"item\":\"https:\/\/pb.edu.pl\/sjo\/wydarzenia-sjo\/jubileusz-60-lecia-sjo\/\"},{\"@type\":\"ListItem\",\"position\":4,\"name\":\"Program\"}]},{\"@type\":\"WebSite\",\"@id\":\"https:\/\/pb.edu.pl\/sjo\/#website\",\"url\":\"https:\/\/pb.edu.pl\/sjo\/\",\"name\":\"Studium J\u0119zyk\u00f3w Obcych\",\"description\":\"\",\"potentialAction\":[{\"@type\":\"SearchAction\",\"target\":{\"@type\":\"EntryPoint\",\"urlTemplate\":\"https:\/\/pb.edu.pl\/sjo\/?s={search_term_string}\"},\"query-input\":{\"@type\":\"PropertyValueSpecification\",\"valueRequired\":true,\"valueName\":\"search_term_string\"}}],\"inLanguage\":\"pl-PL\"}]}<\/script>\n<!-- \/ Yoast SEO plugin. -->","yoast_head_json":{"title":"Program - Studium J\u0119zyk\u00f3w Obcych","description":"Ramowy program wydarzenia 08.30 - 09.00 &nbsp; Rejestracja uczestnik\u00f3w 09.00 - 09.20 &nbsp; Wyst\u0105pienie JM Rektor PB, Kierownictwa SJO PB oraz Wojewody","robots":{"index":"index","follow":"follow","max-snippet":"max-snippet:-1","max-image-preview":"max-image-preview:large","max-video-preview":"max-video-preview:-1"},"canonical":"https:\/\/pb.edu.pl\/sjo\/wydarzenia-sjo\/jubileusz-60-lecia-sjo\/program\/","og_locale":"pl_PL","og_type":"article","og_title":"Program - Studium J\u0119zyk\u00f3w Obcych","og_description":"Ramowy program wydarzenia 08.30 - 09.00 &nbsp; Rejestracja uczestnik\u00f3w 09.00 - 09.20 &nbsp; Wyst\u0105pienie JM Rektor PB, Kierownictwa SJO PB oraz Wojewody","og_url":"https:\/\/pb.edu.pl\/sjo\/wydarzenia-sjo\/jubileusz-60-lecia-sjo\/program\/","og_site_name":"Studium J\u0119zyk\u00f3w Obcych","article_modified_time":"2024-04-19T09:43:48+00:00","og_image":[{"url":"https:\/\/pb.edu.pl\/sjo\/wp-content\/uploads\/sites\/9\/2024\/02\/to-musisz-wiedziec-1140-x-65-px3.png","type":"","width":"","height":""}],"twitter_misc":{"Szacowany czas czytania":"2 minuty"},"schema":{"@context":"https:\/\/schema.org","@graph":[{"@type":"WebPage","@id":"https:\/\/pb.edu.pl\/sjo\/wydarzenia-sjo\/jubileusz-60-lecia-sjo\/program\/","url":"https:\/\/pb.edu.pl\/sjo\/wydarzenia-sjo\/jubileusz-60-lecia-sjo\/program\/","name":"Program - Studium J\u0119zyk\u00f3w Obcych","isPartOf":{"@id":"https:\/\/pb.edu.pl\/sjo\/#website"},"primaryImageOfPage":{"@id":"https:\/\/pb.edu.pl\/sjo\/wydarzenia-sjo\/jubileusz-60-lecia-sjo\/program\/#primaryimage"},"image":{"@id":"https:\/\/pb.edu.pl\/sjo\/wydarzenia-sjo\/jubileusz-60-lecia-sjo\/program\/#primaryimage"},"thumbnailUrl":"https:\/\/pb.edu.pl\/sjo\/wp-content\/uploads\/sites\/9\/2024\/02\/to-musisz-wiedziec-1140-x-65-px3.png","datePublished":"2024-02-23T14:43:07+00:00","dateModified":"2024-04-19T09:43:48+00:00","description":"Ramowy program wydarzenia 08.30 - 09.00 &nbsp; Rejestracja uczestnik\u00f3w 09.00 - 09.20 &nbsp; Wyst\u0105pienie JM Rektor PB, Kierownictwa SJO PB oraz Wojewody","breadcrumb":{"@id":"https:\/\/pb.edu.pl\/sjo\/wydarzenia-sjo\/jubileusz-60-lecia-sjo\/program\/#breadcrumb"},"inLanguage":"pl-PL","potentialAction":[{"@type":"ReadAction","target":["https:\/\/pb.edu.pl\/sjo\/wydarzenia-sjo\/jubileusz-60-lecia-sjo\/program\/"]}]},{"@type":"ImageObject","inLanguage":"pl-PL","@id":"https:\/\/pb.edu.pl\/sjo\/wydarzenia-sjo\/jubileusz-60-lecia-sjo\/program\/#primaryimage","url":"https:\/\/pb.edu.pl\/sjo\/wp-content\/uploads\/sites\/9\/2024\/02\/to-musisz-wiedziec-1140-x-65-px3.png","contentUrl":"https:\/\/pb.edu.pl\/sjo\/wp-content\/uploads\/sites\/9\/2024\/02\/to-musisz-wiedziec-1140-x-65-px3.png","width":1140,"height":65},{"@type":"BreadcrumbList","@id":"https:\/\/pb.edu.pl\/sjo\/wydarzenia-sjo\/jubileusz-60-lecia-sjo\/program\/#breadcrumb","itemListElement":[{"@type":"ListItem","position":1,"name":"Home","item":"https:\/\/pb.edu.pl\/sjo\/"},{"@type":"ListItem","position":2,"name":"Wydarzenia SJO","item":"https:\/\/pb.edu.pl\/sjo\/wydarzenia-sjo\/"},{"@type":"ListItem","position":3,"name":"Jubileusz 60-lecia SJO","item":"https:\/\/pb.edu.pl\/sjo\/wydarzenia-sjo\/jubileusz-60-lecia-sjo\/"},{"@type":"ListItem","position":4,"name":"Program"}]},{"@type":"WebSite","@id":"https:\/\/pb.edu.pl\/sjo\/#website","url":"https:\/\/pb.edu.pl\/sjo\/","name":"Studium J\u0119zyk\u00f3w Obcych","description":"","potentialAction":[{"@type":"SearchAction","target":{"@type":"EntryPoint","urlTemplate":"https:\/\/pb.edu.pl\/sjo\/?s={search_term_string}"},"query-input":{"@type":"PropertyValueSpecification","valueRequired":true,"valueName":"search_term_string"}}],"inLanguage":"pl-PL"}]}},"_links":{"self":[{"href":"https:\/\/pb.edu.pl\/sjo\/wp-json\/wp\/v2\/pages\/24221","targetHints":{"allow":["GET"]}}],"collection":[{"href":"https:\/\/pb.edu.pl\/sjo\/wp-json\/wp\/v2\/pages"}],"about":[{"href":"https:\/\/pb.edu.pl\/sjo\/wp-json\/wp\/v2\/types\/page"}],"author":[{"embeddable":true,"href":"https:\/\/pb.edu.pl\/sjo\/wp-json\/wp\/v2\/users\/6"}],"replies":[{"embeddable":true,"href":"https:\/\/pb.edu.pl\/sjo\/wp-json\/wp\/v2\/comments?post=24221"}],"version-history":[{"count":0,"href":"https:\/\/pb.edu.pl\/sjo\/wp-json\/wp\/v2\/pages\/24221\/revisions"}],"up":[{"embeddable":true,"href":"https:\/\/pb.edu.pl\/sjo\/wp-json\/wp\/v2\/pages\/23718"}],"wp:attachment":[{"href":"https:\/\/pb.edu.pl\/sjo\/wp-json\/wp\/v2\/media?parent=24221"}],"curies":[{"name":"wp","href":"https:\/\/api.w.org\/{rel}","templated":true}]}}