{"id":24054,"date":"2024-02-14T13:16:46","date_gmt":"2024-02-14T12:16:46","guid":{"rendered":"https:\/\/pb.edu.pl\/sjo\/?page_id=24054"},"modified":"2026-04-02T14:00:22","modified_gmt":"2026-04-02T12:00:22","slug":"egzaminy-z-jezyka-angielskiego-zestawienie-2","status":"publish","type":"page","link":"https:\/\/pb.edu.pl\/sjo\/jestem-spoza-uczelni\/egzaminy\/egzaminy-z-jezyka-angielskiego-zestawienie-2\/","title":{"rendered":"Egzaminy z j\u0119zyka angielskiego &#8211; zestawienie"},"content":{"rendered":"<div class=\"table-responsive\">\n<table class=\"table table-striped table borderless\" style=\"height: 305px;width: 100%;border-style: solid;border-color: #fafafa;background-color: #ffde4a\">\n<tbody>\n<tr style=\"height: 38px\">\n<td style=\"width: 20%;height: 77px;background-color: #ffde4a;border-style: solid;border-color: #ffffff;text-align: center;vertical-align: middle\"><strong>EGZAMIN<br \/>\n<\/strong><\/td>\n<td style=\"width: 20%;height: 77px;background-color: #ffde4a;border-style: solid;border-color: #ffffff;text-align: center;vertical-align: middle\"><strong>KOSZT<\/strong><\/td>\n<td style=\"width: 20%;height: 77px;background-color: #ffde4a;border-style: solid;border-color: #ffffff;text-align: center;vertical-align: middle\"><strong>CERTYFIKAT<\/strong><\/td>\n<td style=\"width: 10%;height: 77px;background-color: #ffde4a;border-style: solid;border-color: #ffffff;text-align: center;vertical-align: middle\"><strong>POZIOM<\/strong><\/td>\n<td style=\"width: 30%;height: 77px;background-color: #ffde4a;border-style: solid;border-color: #ffffff;text-align: center;vertical-align: middle\"><strong>TERMINARZ<\/strong><\/td>\n<\/tr>\n<tr style=\"height: 38px\">\n<td style=\"width: 20%;background-color: #ffde4a;height: 38px;border-style: solid;border-color: #ffffff;text-align: center;vertical-align: middle\"><strong>TEC &#8211; TECHNICAL ENGLISH CERTYFICATE<\/strong><\/p>\n<p><strong>angielski<\/strong><\/td>\n<td style=\"width: 20%;background-color: #ed9111;height: 38px;border-style: solid;border-color: #ffffff;text-align: center;vertical-align: middle\"><strong>245 PLN<\/strong><\/td>\n<td style=\"width: 20%;background-color: #ed9111;height: 38px;border-style: solid;border-color: #ffffff;text-align: center;vertical-align: middle\"><strong>PO OK. 2 TYGODNIACH<\/strong><\/td>\n<td style=\"width: 10%;background-color: #ed9111;height: 38px;border-style: solid;border-color: #ffffff;text-align: center;vertical-align: middle\"><strong>B2<\/strong><\/td>\n<td style=\"width: 30%;background-color: #ed9111;height: 38px;border-style: solid;border-color: #ffffff;text-align: center;vertical-align: middle\"><strong>indywidualna decyzja kandydata<\/strong><\/td>\n<\/tr>\n<tr style=\"height: 38px\">\n<td style=\"width: 20%;background-color: #ffde4a;height: 38px;border-style: solid;border-color: #ffffff;text-align: center;vertical-align: middle\"><strong>UCJ &#8211; UCZELNIANY CERTYFIKAT J\u0118ZYKOWY<br \/>\no profilu og\u00f3lnym<br \/>\n<\/strong><strong>angielski<br \/>\nniemiecki<\/strong><br \/>\n<strong>rosyjski<\/strong><br \/>\n<strong>ukrai\u0144ski<\/strong><\/td>\n<td style=\"width: 20%;background-color: #ed9111;height: 38px;border-style: solid;border-color: #ffffff;text-align: center;vertical-align: middle\"><strong>122 PLN<\/strong><\/td>\n<td style=\"width: 20%;background-color: #ed9111;height: 38px;border-style: solid;border-color: #ffffff;text-align: center;vertical-align: middle\"><strong>PO OK. 2 TYGODNIACH<\/strong><\/td>\n<td style=\"width: 10%;background-color: #ed9111;height: 38px;border-style: solid;border-color: #ffffff;text-align: center;vertical-align: middle\"><strong>B2<\/strong><\/td>\n<td style=\"width: 30%;background-color: #ed9111;height: 38px;border-style: solid;border-color: #ffffff;text-align: center;vertical-align: middle\"><strong>indywidualna decyzja kandydata<\/strong><\/td>\n<\/tr>\n<tr style=\"height: 38px\">\n<td style=\"width: 20%;background-color: #ffde4a;height: 38px;border-style: solid;border-color: #ffffff;text-align: center;vertical-align: middle\"><strong>UCJ &#8211; UCZELNIANY CERTYFIKAT J\u0118ZYKOWY<br \/>\no profilu biznesowym<\/strong><strong>angielski<\/strong><\/td>\n<td style=\"width: 20%;background-color: #ed9111;height: 38px;border-style: solid;border-color: #ffffff;text-align: center;vertical-align: middle\"><strong>122 PLN<\/strong><\/td>\n<td style=\"width: 20%;background-color: #ed9111;height: 38px;border-style: solid;border-color: #ffffff;text-align: center;vertical-align: middle\"><strong>PO OK. 2 TYGODNIACH<\/strong><\/td>\n<td style=\"width: 10%;background-color: #ed9111;height: 38px;border-style: solid;border-color: #ffffff;text-align: center;vertical-align: middle\"><strong>B2<\/strong><\/td>\n<td style=\"width: 30%;background-color: #ed9111;height: 38px;border-style: solid;border-color: #ffffff;text-align: center;vertical-align: middle\"><strong>indywidualna decyzja kandydata<\/strong><\/td>\n<\/tr>\n<tr style=\"height: 38px\">\n<td style=\"width: 20%;background-color: #ffde4a;height: 38px;border-style: solid;border-color: #ffffff;text-align: center;vertical-align: middle\"><strong>TOEIC<\/strong><br \/>\n<strong>LISTENING&amp;READING <\/strong><strong>angielski<\/strong><\/td>\n<td style=\"width: 20%;background-color: #ed9111;height: 38px;border-style: solid;border-color: #ffffff;text-align: center;vertical-align: middle\"><strong>470 PLN<\/strong><strong><br \/>\n<\/strong><\/td>\n<td style=\"width: 20%;background-color: #ed9111;height: 38px;border-style: solid;border-color: #ffffff;text-align: center;vertical-align: middle\"><strong>PO OK. 2 TYGODNIACH<\/strong><\/td>\n<td style=\"width: 10%;background-color: #ed9111;height: 38px;border-style: solid;border-color: #ffffff;text-align: center;vertical-align: middle\"><strong>A1 &#8211; C1<\/strong><\/td>\n<td style=\"width: 30%;background-color: #ed9111;height: 38px;border-style: solid;border-color: #ffffff;text-align: center;vertical-align: middle\"><strong>24 czerwica br. godz. 10:00<\/strong><\/td>\n<\/tr>\n<tr style=\"height: 38px\">\n<td style=\"width: 20%;background-color: #ffde4a;height: 38px;border-style: solid;border-color: #ffffff;text-align: center;vertical-align: middle\"><strong>ONLINE LANGUAGE CERT<\/strong><\/p>\n<p><strong>angielski<\/strong><\/td>\n<td style=\"width: 20%;background-color: #ed9111;height: 38px;border-style: solid;border-color: #ffffff;text-align: center;vertical-align: middle\"><strong>101,25 \u20ac<\/strong><br \/>\n<strong>Z KODEM<\/strong><\/td>\n<td style=\"width: 20%;background-color: #ed9111;height: 38px;border-style: solid;border-color: #ffffff;text-align: center;vertical-align: middle\"><strong>PO 1-2 TYGODNIACH<\/strong><\/td>\n<td style=\"width: 10%;background-color: #ed9111;height: 38px;border-style: solid;border-color: #ffffff;text-align: center;vertical-align: middle\"><strong>A1 &#8211; C2<\/strong><\/td>\n<td style=\"width: 30%;background-color: #ed9111;height: 38px;border-style: solid;border-color: #ffffff;text-align: center;vertical-align: middle\"><strong>indywidualna decyzja kandydata<\/strong><\/td>\n<\/tr>\n<tr style=\"height: 38px\">\n<td style=\"width: 20%;background-color: #ffde4a;height: 38px;border-style: solid;border-color: #ffffff;text-align: center;vertical-align: middle\"><strong>ONLINE ENGLISH SCORE<\/strong><\/p>\n<p><strong>angielski<\/strong><\/td>\n<td style=\"width: 20%;background-color: #ed9111;height: 38px;border-style: solid;border-color: #ffffff;text-align: center;vertical-align: middle\"><strong>19,99 $ wersja cyfrowa<\/strong><br \/>\n<strong>49,99 $ wersja papierowa<\/strong><\/td>\n<td style=\"width: 20%;background-color: #ed9111;height: 38px;border-style: solid;border-color: #ffffff;text-align: center;vertical-align: middle\"><strong>DO 72h<\/strong><\/td>\n<td style=\"width: 10%;background-color: #ed9111;height: 38px;border-style: solid;border-color: #ffffff;text-align: center;vertical-align: middle\"><strong>A2 &#8211; C1<\/strong><\/td>\n<td style=\"width: 30%;background-color: #ed9111;height: 38px;border-style: solid;border-color: #ffffff;text-align: center;vertical-align: middle\"><strong>indywidualna decyzja kandydata<\/strong><\/td>\n<\/tr>\n<\/tbody>\n<\/table>\n<p>Dowiedz si\u0119 wi\u0119cej o:<\/p>\n<ul style=\"list-style-type: circle\">\n<li><a href=\"https:\/\/pb.edu.pl\/sjo\/jestem-spoza-uczelni\/egzaminy\/egzamin-na-uczelniany-certyfikat-jezykowy-o-profilu-ogolnym\/\">Egzamin na Uczelniany Certyfikat J\u0119zykowy o profilu og\u00f3lnym<\/a><\/li>\n<li><a href=\"https:\/\/pb.edu.pl\/sjo\/jestem-spoza-uczelni\/egzaminy\/ucj-o-profilu-biznesowym\/\">Egzamin na Uczelniany Certyfikat J\u0119zykowy o profilu biznesowym<\/a><\/li>\n<li><a href=\"https:\/\/pb.edu.pl\/sjo\/jestem-spoza-uczelni\/egzaminy\/technical-english-certificate\/\">Technical English Certificate<\/a><\/li>\n<li><a href=\"https:\/\/pb.edu.pl\/sjo\/jestem-spoza-uczelni\/egzaminy\/toeic\/\">TOEIC Listening and Reading test<\/a><\/li>\n<li><a href=\"https:\/\/pb.edu.pl\/sjo\/dla-studenta\/egzaminy\/languagecert\/\">Language CERT<\/a><\/li>\n<li><a href=\"https:\/\/pb.edu.pl\/sjo\/dla-studenta\/egzaminy\/englishscore\/\">EnglishScore<\/a><\/li>\n<\/ul>\n<\/div>\n","protected":false},"excerpt":{"rendered":"<p>EGZAMIN KOSZT CERTYFIKAT POZIOM TERMINARZ TEC &#8211; TECHNICAL ENGLISH CERTYFICATE angielski 245 PLN PO OK.<\/p>\n","protected":false},"author":6,"featured_media":0,"parent":11429,"menu_order":0,"comment_status":"closed","ping_status":"closed","template":"templates\/dzial.php","meta":{"_acf_changed":false,"ngg_post_thumbnail":0,"footnotes":""},"class_list":["post-24054","page","type-page","status-publish","hentry"],"acf":[],"yoast_head":"<!-- This site is optimized with the Yoast SEO plugin v27.0 - https:\/\/yoast.com\/product\/yoast-seo-wordpress\/ -->\n<title>Egzaminy z j\u0119zyka angielskiego - zestawienie - Studium J\u0119zyk\u00f3w Obcych<\/title>\n<meta name=\"description\" content=\"EGZAMIN KOSZT CERTYFIKAT POZIOM TERMINARZ TEC - TECHNICAL ENGLISH CERTYFICATE angielski 245 PLN PO OK. 2 TYGODNIACH B2 indywidualna decyzja kandydata UCJ\" \/>\n<meta name=\"robots\" content=\"index, follow, max-snippet:-1, max-image-preview:large, max-video-preview:-1\" \/>\n<link rel=\"canonical\" href=\"https:\/\/pb.edu.pl\/sjo\/jestem-spoza-uczelni\/egzaminy\/egzaminy-z-jezyka-angielskiego-zestawienie-2\/\" \/>\n<meta property=\"og:locale\" content=\"pl_PL\" \/>\n<meta property=\"og:type\" content=\"article\" \/>\n<meta property=\"og:title\" content=\"Egzaminy z j\u0119zyka angielskiego - zestawienie - Studium J\u0119zyk\u00f3w Obcych\" \/>\n<meta property=\"og:description\" content=\"EGZAMIN KOSZT CERTYFIKAT POZIOM TERMINARZ TEC - TECHNICAL ENGLISH CERTYFICATE angielski 245 PLN PO OK. 2 TYGODNIACH B2 indywidualna decyzja kandydata UCJ\" \/>\n<meta property=\"og:url\" content=\"https:\/\/pb.edu.pl\/sjo\/jestem-spoza-uczelni\/egzaminy\/egzaminy-z-jezyka-angielskiego-zestawienie-2\/\" \/>\n<meta property=\"og:site_name\" content=\"Studium J\u0119zyk\u00f3w Obcych\" \/>\n<meta property=\"article:modified_time\" content=\"2026-04-02T12:00:22+00:00\" \/>\n<meta name=\"twitter:label1\" content=\"Szacowany czas czytania\" \/>\n\t<meta name=\"twitter:data1\" content=\"1 minuta\" \/>\n<script type=\"application\/ld+json\" class=\"yoast-schema-graph\">{\"@context\":\"https:\/\/schema.org\",\"@graph\":[{\"@type\":\"WebPage\",\"@id\":\"https:\/\/pb.edu.pl\/sjo\/jestem-spoza-uczelni\/egzaminy\/egzaminy-z-jezyka-angielskiego-zestawienie-2\/\",\"url\":\"https:\/\/pb.edu.pl\/sjo\/jestem-spoza-uczelni\/egzaminy\/egzaminy-z-jezyka-angielskiego-zestawienie-2\/\",\"name\":\"Egzaminy z j\u0119zyka angielskiego - zestawienie - Studium J\u0119zyk\u00f3w Obcych\",\"isPartOf\":{\"@id\":\"https:\/\/pb.edu.pl\/sjo\/#website\"},\"datePublished\":\"2024-02-14T12:16:46+00:00\",\"dateModified\":\"2026-04-02T12:00:22+00:00\",\"description\":\"EGZAMIN KOSZT CERTYFIKAT POZIOM TERMINARZ TEC - TECHNICAL ENGLISH CERTYFICATE angielski 245 PLN PO OK. 2 TYGODNIACH B2 indywidualna decyzja kandydata UCJ\",\"breadcrumb\":{\"@id\":\"https:\/\/pb.edu.pl\/sjo\/jestem-spoza-uczelni\/egzaminy\/egzaminy-z-jezyka-angielskiego-zestawienie-2\/#breadcrumb\"},\"inLanguage\":\"pl-PL\",\"potentialAction\":[{\"@type\":\"ReadAction\",\"target\":[\"https:\/\/pb.edu.pl\/sjo\/jestem-spoza-uczelni\/egzaminy\/egzaminy-z-jezyka-angielskiego-zestawienie-2\/\"]}]},{\"@type\":\"BreadcrumbList\",\"@id\":\"https:\/\/pb.edu.pl\/sjo\/jestem-spoza-uczelni\/egzaminy\/egzaminy-z-jezyka-angielskiego-zestawienie-2\/#breadcrumb\",\"itemListElement\":[{\"@type\":\"ListItem\",\"position\":1,\"name\":\"Home\",\"item\":\"https:\/\/pb.edu.pl\/sjo\/\"},{\"@type\":\"ListItem\",\"position\":2,\"name\":\"Jestem spoza PB\",\"item\":\"https:\/\/pb.edu.pl\/sjo\/jestem-spoza-uczelni\/\"},{\"@type\":\"ListItem\",\"position\":3,\"name\":\"Egzaminy\",\"item\":\"https:\/\/pb.edu.pl\/sjo\/jestem-spoza-uczelni\/egzaminy\/\"},{\"@type\":\"ListItem\",\"position\":4,\"name\":\"Egzaminy z j\u0119zyka angielskiego &#8211; zestawienie\"}]},{\"@type\":\"WebSite\",\"@id\":\"https:\/\/pb.edu.pl\/sjo\/#website\",\"url\":\"https:\/\/pb.edu.pl\/sjo\/\",\"name\":\"Studium J\u0119zyk\u00f3w Obcych\",\"description\":\"\",\"potentialAction\":[{\"@type\":\"SearchAction\",\"target\":{\"@type\":\"EntryPoint\",\"urlTemplate\":\"https:\/\/pb.edu.pl\/sjo\/?s={search_term_string}\"},\"query-input\":{\"@type\":\"PropertyValueSpecification\",\"valueRequired\":true,\"valueName\":\"search_term_string\"}}],\"inLanguage\":\"pl-PL\"}]}<\/script>\n<!-- \/ Yoast SEO plugin. -->","yoast_head_json":{"title":"Egzaminy z j\u0119zyka angielskiego - zestawienie - Studium J\u0119zyk\u00f3w Obcych","description":"EGZAMIN KOSZT CERTYFIKAT POZIOM TERMINARZ TEC - TECHNICAL ENGLISH CERTYFICATE angielski 245 PLN PO OK. 2 TYGODNIACH B2 indywidualna decyzja kandydata UCJ","robots":{"index":"index","follow":"follow","max-snippet":"max-snippet:-1","max-image-preview":"max-image-preview:large","max-video-preview":"max-video-preview:-1"},"canonical":"https:\/\/pb.edu.pl\/sjo\/jestem-spoza-uczelni\/egzaminy\/egzaminy-z-jezyka-angielskiego-zestawienie-2\/","og_locale":"pl_PL","og_type":"article","og_title":"Egzaminy z j\u0119zyka angielskiego - zestawienie - Studium J\u0119zyk\u00f3w Obcych","og_description":"EGZAMIN KOSZT CERTYFIKAT POZIOM TERMINARZ TEC - TECHNICAL ENGLISH CERTYFICATE angielski 245 PLN PO OK. 2 TYGODNIACH B2 indywidualna decyzja kandydata UCJ","og_url":"https:\/\/pb.edu.pl\/sjo\/jestem-spoza-uczelni\/egzaminy\/egzaminy-z-jezyka-angielskiego-zestawienie-2\/","og_site_name":"Studium J\u0119zyk\u00f3w Obcych","article_modified_time":"2026-04-02T12:00:22+00:00","twitter_misc":{"Szacowany czas czytania":"1 minuta"},"schema":{"@context":"https:\/\/schema.org","@graph":[{"@type":"WebPage","@id":"https:\/\/pb.edu.pl\/sjo\/jestem-spoza-uczelni\/egzaminy\/egzaminy-z-jezyka-angielskiego-zestawienie-2\/","url":"https:\/\/pb.edu.pl\/sjo\/jestem-spoza-uczelni\/egzaminy\/egzaminy-z-jezyka-angielskiego-zestawienie-2\/","name":"Egzaminy z j\u0119zyka angielskiego - zestawienie - Studium J\u0119zyk\u00f3w Obcych","isPartOf":{"@id":"https:\/\/pb.edu.pl\/sjo\/#website"},"datePublished":"2024-02-14T12:16:46+00:00","dateModified":"2026-04-02T12:00:22+00:00","description":"EGZAMIN KOSZT CERTYFIKAT POZIOM TERMINARZ TEC - TECHNICAL ENGLISH CERTYFICATE angielski 245 PLN PO OK. 2 TYGODNIACH B2 indywidualna decyzja kandydata UCJ","breadcrumb":{"@id":"https:\/\/pb.edu.pl\/sjo\/jestem-spoza-uczelni\/egzaminy\/egzaminy-z-jezyka-angielskiego-zestawienie-2\/#breadcrumb"},"inLanguage":"pl-PL","potentialAction":[{"@type":"ReadAction","target":["https:\/\/pb.edu.pl\/sjo\/jestem-spoza-uczelni\/egzaminy\/egzaminy-z-jezyka-angielskiego-zestawienie-2\/"]}]},{"@type":"BreadcrumbList","@id":"https:\/\/pb.edu.pl\/sjo\/jestem-spoza-uczelni\/egzaminy\/egzaminy-z-jezyka-angielskiego-zestawienie-2\/#breadcrumb","itemListElement":[{"@type":"ListItem","position":1,"name":"Home","item":"https:\/\/pb.edu.pl\/sjo\/"},{"@type":"ListItem","position":2,"name":"Jestem spoza PB","item":"https:\/\/pb.edu.pl\/sjo\/jestem-spoza-uczelni\/"},{"@type":"ListItem","position":3,"name":"Egzaminy","item":"https:\/\/pb.edu.pl\/sjo\/jestem-spoza-uczelni\/egzaminy\/"},{"@type":"ListItem","position":4,"name":"Egzaminy z j\u0119zyka angielskiego &#8211; zestawienie"}]},{"@type":"WebSite","@id":"https:\/\/pb.edu.pl\/sjo\/#website","url":"https:\/\/pb.edu.pl\/sjo\/","name":"Studium J\u0119zyk\u00f3w Obcych","description":"","potentialAction":[{"@type":"SearchAction","target":{"@type":"EntryPoint","urlTemplate":"https:\/\/pb.edu.pl\/sjo\/?s={search_term_string}"},"query-input":{"@type":"PropertyValueSpecification","valueRequired":true,"valueName":"search_term_string"}}],"inLanguage":"pl-PL"}]}},"_links":{"self":[{"href":"https:\/\/pb.edu.pl\/sjo\/wp-json\/wp\/v2\/pages\/24054","targetHints":{"allow":["GET"]}}],"collection":[{"href":"https:\/\/pb.edu.pl\/sjo\/wp-json\/wp\/v2\/pages"}],"about":[{"href":"https:\/\/pb.edu.pl\/sjo\/wp-json\/wp\/v2\/types\/page"}],"author":[{"embeddable":true,"href":"https:\/\/pb.edu.pl\/sjo\/wp-json\/wp\/v2\/users\/6"}],"replies":[{"embeddable":true,"href":"https:\/\/pb.edu.pl\/sjo\/wp-json\/wp\/v2\/comments?post=24054"}],"version-history":[{"count":5,"href":"https:\/\/pb.edu.pl\/sjo\/wp-json\/wp\/v2\/pages\/24054\/revisions"}],"predecessor-version":[{"id":31266,"href":"https:\/\/pb.edu.pl\/sjo\/wp-json\/wp\/v2\/pages\/24054\/revisions\/31266"}],"up":[{"embeddable":true,"href":"https:\/\/pb.edu.pl\/sjo\/wp-json\/wp\/v2\/pages\/11429"}],"wp:attachment":[{"href":"https:\/\/pb.edu.pl\/sjo\/wp-json\/wp\/v2\/media?parent=24054"}],"curies":[{"name":"wp","href":"https:\/\/api.w.org\/{rel}","templated":true}]}}